{"id":21850,"date":"2026-07-07T13:21:42","date_gmt":"2026-07-07T12:21:42","guid":{"rendered":"https:\/\/museudoporto.pt\/?page_id=21850"},"modified":"2026-09-03T17:14:31","modified_gmt":"2026-09-03T16:14:31","slug":"malha","status":"publish","type":"page","link":"https:\/\/museudoporto.pt\/en\/malha\/","title":{"rendered":"MALHA"},"content":{"rendered":"","protected":false},"excerpt":{"rendered":"","protected":false},"author":16,"featured_media":21859,"parent":0,"menu_order":0,"comment_status":"closed","ping_status":"closed","template":"page-public-platforms.php","meta":{"_acf_changed":false,"footnotes":""},"class_list":["post-21850","page","type-page","status-publish","has-post-thumbnail","hentry"],"acf":{"ambient_sound":false,"breadcrumb":false,"intro_text":"<p><img loading=\"lazy\" decoding=\"async\" class=\"alignnone wp-image-21859 size-large\" src=\"https:\/\/museudoporto.pt\/wp-content\/uploads\/2026\/07\/IMG-20260202-WA0003-1-1-1024x576.jpg\" alt=\"\" width=\"640\" height=\"360\" srcset=\"https:\/\/museudoporto.pt\/wp-content\/uploads\/2026\/07\/IMG-20260202-WA0003-1-1-1024x576.jpg 1024w, https:\/\/museudoporto.pt\/wp-content\/uploads\/2026\/07\/IMG-20260202-WA0003-1-1-300x169.jpg 300w, https:\/\/museudoporto.pt\/wp-content\/uploads\/2026\/07\/IMG-20260202-WA0003-1-1-768x432.jpg 768w, https:\/\/museudoporto.pt\/wp-content\/uploads\/2026\/07\/IMG-20260202-WA0003-1-1-1536x864.jpg 1536w, https:\/\/museudoporto.pt\/wp-content\/uploads\/2026\/07\/IMG-20260202-WA0003-1-1.jpg 1600w\" sizes=\"auto, (max-width: 640px) 100vw, 640px\" \/><\/p>\n<p>A 5 de dezembro de 1996, em M\u00e9rida, no M\u00e9xico, o Centro Hist\u00f3rico do Porto foi classificado como Patrim\u00f3nio Mundial pela UNESCO, reconhecimento que consagrou o seu \u00abValor Excecional Universal\u00bb e refor\u00e7ou o compromisso da cidade com a preserva\u00e7\u00e3o do seu patrim\u00f3nio.<\/p>\n<p>Hoje, o Centro Hist\u00f3rico do Porto mant\u00e9m o car\u00e1ter vivo e pulsante de porto aberto ao mundo, territ\u00f3rio de liga\u00e7\u00f5es, entre passado e futuro, de mem\u00f3ria, diversidade e cont\u00ednua transforma\u00e7\u00e3o, onde o seu patrim\u00f3nio maior \u00e9 de carne e osso.<\/p>\n<p>Entre 2026 e 2027, o Porto assinala as tr\u00eas d\u00e9cadas sobre a distin\u00e7\u00e3o da UNESCO com um programa participativo que envolver\u00e1 a sua geografia \u2013 f\u00edsica e social \u2013 para viver, descobrir e interrogar os futuros poss\u00edveis do seu cora\u00e7\u00e3o antigo. \u00abMALHA. Porto, Patrim\u00f3nio de Pessoas\u00bb d\u00e1 mote a uma programa\u00e7\u00e3o plural, que juntar\u00e1 as vontades de cidad\u00e3os, institui\u00e7\u00f5es e coletividades, abrindo espa\u00e7o ao reencontro, ao di\u00e1logo e \u00e0 cria\u00e7\u00e3o, num vaiv\u00e9m sobre legados culturais e propostas de modos de habitar e viver a cidade.<\/p>\n<p>Assente em cinco eixos program\u00e1ticos, que cruzam pensamento cr\u00edtico sobre o territ\u00f3rio, narrativas identit\u00e1rias, express\u00e3o art\u00edstica, interven\u00e7\u00e3o e reimagina\u00e7\u00e3o do espa\u00e7o p\u00fablico, e participa\u00e7\u00e3o comunit\u00e1ria, \u00abMALHA\u00bb prop\u00f5e-se reunir cidad\u00e3os, institui\u00e7\u00f5es e coletividades, abrindo espa\u00e7o ao reencontro, ao di\u00e1logo e \u00e0 cria\u00e7\u00e3o, num vaiv\u00e9m cont\u00ednuo entre legados culturais e novas propostas de habitar e viver a cidade.<\/p>\n<p><strong>Programa completo:<\/strong> <a title=\"URL original: http:\/\/www.malha.porto.pt\/. Clique ou toque se confiar nesta liga\u00e7\u00e3o.\" href=\"http:\/\/www.malha.porto.pt\" target=\"_blank\" rel=\"noopener noreferrer\" data-auth=\"NotApplicable\" data-linkindex=\"2\" data-olk-copy-source=\"MessageBody\">malha.porto.pt<\/a> | <strong>+info:<\/strong> <a title=\"mailto:malha@cm-porto.pt\" href=\"mailto:malha@cm-porto.pt\" data-linkindex=\"3\" data-olk-copy-source=\"MessageBody\">malha@cm-porto.pt<\/a><\/p>\n","public_platforms":[{"ID":21854,"post_author":"16","post_date":"2026-07-07 14:22:31","post_date_gmt":"2026-07-07 13:22:31","post_content":"","post_title":"#EXPOSI\u00c7\u00d5ES","post_excerpt":"","post_status":"publish","comment_status":"closed","ping_status":"closed","post_password":"","post_name":"exposicoes","to_ping":"","pinged":"","post_modified":"2026-08-26 09:24:34","post_modified_gmt":"2026-08-26 08:24:34","post_content_filtered":"","post_parent":0,"guid":"https:\/\/museudoporto.pt\/?post_type=public_platform&#038;p=21854","menu_order":0,"post_type":"public_platform","post_mime_type":"","comment_count":"0","filter":"raw"},{"ID":21852,"post_author":"16","post_date":"2026-07-07 13:25:43","post_date_gmt":"2026-07-07 12:25:43","post_content":"","post_title":"#OFICINAS","post_excerpt":"","post_status":"publish","comment_status":"closed","ping_status":"closed","post_password":"","post_name":"oficinas-2","to_ping":"","pinged":"","post_modified":"2026-07-07 14:36:41","post_modified_gmt":"2026-07-07 13:36:41","post_content_filtered":"","post_parent":0,"guid":"https:\/\/museudoporto.pt\/?post_type=public_platform&#038;p=21852","menu_order":0,"post_type":"public_platform","post_mime_type":"","comment_count":"0","filter":"raw"},{"ID":21873,"post_author":"16","post_date":"2026-07-08 11:45:15","post_date_gmt":"2026-07-08 10:45:15","post_content":"","post_title":"#M\u00daSICA","post_excerpt":"","post_status":"publish","comment_status":"closed","ping_status":"closed","post_password":"","post_name":"musica","to_ping":"","pinged":"","post_modified":"2026-09-04 11:52:58","post_modified_gmt":"2026-09-04 10:52:58","post_content_filtered":"","post_parent":0,"guid":"https:\/\/museudoporto.pt\/?post_type=public_platform&#038;p=21873","menu_order":0,"post_type":"public_platform","post_mime_type":"","comment_count":"0","filter":"raw"},{"ID":22186,"post_author":"16","post_date":"2026-09-03 17:00:43","post_date_gmt":"2026-09-03 16:00:43","post_content":"","post_title":"#CONVERSAS","post_excerpt":"","post_status":"publish","comment_status":"closed","ping_status":"closed","post_password":"","post_name":"conversas-2","to_ping":"","pinged":"","post_modified":"2026-09-03 17:16:08","post_modified_gmt":"2026-09-03 16:16:08","post_content_filtered":"","post_parent":0,"guid":"https:\/\/museudoporto.pt\/?post_type=public_platform&#038;p=22186","menu_order":0,"post_type":"public_platform","post_mime_type":"","comment_count":"0","filter":"raw"},{"ID":22187,"post_author":"16","post_date":"2026-09-03 17:00:55","post_date_gmt":"2026-09-03 16:00:55","post_content":"","post_title":"#VISITAS","post_excerpt":"","post_status":"publish","comment_status":"closed","ping_status":"closed","post_password":"","post_name":"visitas","to_ping":"","pinged":"","post_modified":"2026-09-03 17:06:26","post_modified_gmt":"2026-09-03 16:06:26","post_content_filtered":"","post_parent":0,"guid":"https:\/\/museudoporto.pt\/?post_type=public_platform&#038;p=22187","menu_order":0,"post_type":"public_platform","post_mime_type":"","comment_count":"0","filter":"raw"}]},"_links":{"self":[{"href":"https:\/\/museudoporto.pt\/en\/wp-json\/wp\/v2\/pages\/21850","targetHints":{"allow":["GET"]}}],"collection":[{"href":"https:\/\/museudoporto.pt\/en\/wp-json\/wp\/v2\/pages"}],"about":[{"href":"https:\/\/museudoporto.pt\/en\/wp-json\/wp\/v2\/types\/page"}],"author":[{"embeddable":true,"href":"https:\/\/museudoporto.pt\/en\/wp-json\/wp\/v2\/users\/16"}],"replies":[{"embeddable":true,"href":"https:\/\/museudoporto.pt\/en\/wp-json\/wp\/v2\/comments?post=21850"}],"version-history":[{"count":6,"href":"https:\/\/museudoporto.pt\/en\/wp-json\/wp\/v2\/pages\/21850\/revisions"}],"predecessor-version":[{"id":22188,"href":"https:\/\/museudoporto.pt\/en\/wp-json\/wp\/v2\/pages\/21850\/revisions\/22188"}],"wp:featuredmedia":[{"embeddable":true,"href":"https:\/\/museudoporto.pt\/en\/wp-json\/wp\/v2\/media\/21859"}],"wp:attachment":[{"href":"https:\/\/museudoporto.pt\/en\/wp-json\/wp\/v2\/media?parent=21850"}],"curies":[{"name":"wp","href":"https:\/\/api.w.org\/{rel}","templated":true}]}}

<p><img loading="lazy" decoding="async" class="alignnone wp-image-21859 size-large" src="https://museudoporto.pt/wp-content/uploads/2026/07/IMG-20260202-WA0003-1-1-1024x576.jpg" alt="" width="640" height="360" srcset="https://museudoporto.pt/wp-content/uploads/2026/07/IMG-20260202-WA0003-1-1-1024x576.jpg 1024w, https://museudoporto.pt/wp-content/uploads/2026/07/IMG-20260202-WA0003-1-1-300x169.jpg 300w, https://museudoporto.pt/wp-content/uploads/2026/07/IMG-20260202-WA0003-1-1-768x432.jpg 768w, https://museudoporto.pt/wp-content/uploads/2026/07/IMG-20260202-WA0003-1-1-1536x864.jpg 1536w, https://museudoporto.pt/wp-content/uploads/2026/07/IMG-20260202-WA0003-1-1.jpg 1600w" sizes="auto, (max-width: 640px) 100vw, 640px" /></p>
<p>A 5 de dezembro de 1996, em Mérida, no México, o Centro Histórico do Porto foi classificado como Património Mundial pela UNESCO, reconhecimento que consagrou o seu «Valor Excecional Universal» e reforçou o compromisso da cidade com a preservação do seu património.</p>
<p>Hoje, o Centro Histórico do Porto mantém o caráter vivo e pulsante de porto aberto ao mundo, território de ligações, entre passado e futuro, de memória, diversidade e contínua transformação, onde o seu património maior é de carne e osso.</p>
<p>Entre 2026 e 2027, o Porto assinala as três décadas sobre a distinção da UNESCO com um programa participativo que envolverá a sua geografia – física e social – para viver, descobrir e interrogar os futuros possíveis do seu coração antigo. «MALHA. Porto, Património de Pessoas» dá mote a uma programação plural, que juntará as vontades de cidadãos, instituições e coletividades, abrindo espaço ao reencontro, ao diálogo e à criação, num vaivém sobre legados culturais e propostas de modos de habitar e viver a cidade.</p>
<p>Assente em cinco eixos programáticos, que cruzam pensamento crítico sobre o território, narrativas identitárias, expressão artística, intervenção e reimaginação do espaço público, e participação comunitária, «MALHA» propõe-se reunir cidadãos, instituições e coletividades, abrindo espaço ao reencontro, ao diálogo e à criação, num vaivém contínuo entre legados culturais e novas propostas de habitar e viver a cidade.</p>
<p><strong>Programa completo:</strong> <a title="URL original: http://www.malha.porto.pt/. Clique ou toque se confiar nesta ligação." href="http://www.malha.porto.pt" target="_blank" rel="noopener noreferrer" data-auth="NotApplicable" data-linkindex="2" data-olk-copy-source="MessageBody">malha.porto.pt</a> | <strong>+info:</strong> <a title="mailto:malha@cm-porto.pt" href="mailto:malha@cm-porto.pt" data-linkindex="3" data-olk-copy-source="MessageBody">malha@cm-porto.pt</a></p>

#EXPOSIÇÕES

#MÚSICA
