{"id":22200,"date":"2026-09-04T12:52:40","date_gmt":"2026-09-04T11:52:40","guid":{"rendered":"https:\/\/museudoporto.pt\/?page_id=22200"},"modified":"2026-09-04T13:03:00","modified_gmt":"2026-09-04T12:03:00","slug":"jornadas-europeiras-do-patrimonio-2026","status":"publish","type":"page","link":"https:\/\/museudoporto.pt\/en\/jornadas-europeiras-do-patrimonio-2026\/","title":{"rendered":"JORNADAS EUROPEIAS DO PATRIM\u00d3NIO 2026"},"content":{"rendered":"","protected":false},"excerpt":{"rendered":"","protected":false},"author":16,"featured_media":22202,"parent":0,"menu_order":0,"comment_status":"closed","ping_status":"closed","template":"page-public-platforms.php","meta":{"_acf_changed":false,"footnotes":""},"class_list":["post-22200","page","type-page","status-publish","has-post-thumbnail","hentry"],"acf":{"ambient_sound":false,"breadcrumb":[{"page":"SEX 18\u2014DOM 27 SET"}],"intro_text":"<p>Perante um mundo em r\u00e1pida transforma\u00e7\u00e3o, que patrim\u00f3nio queremos preservar e que patrim\u00f3nio queremos deixar \u00e0s gera\u00e7\u00f5es futuras?<\/p>\n<p>Com o tema \u00abReviver, Resistir, Reinventar\u00bb, as Jornadas Europeias do Patrim\u00f3nio 2026 convidam-nos a olhar para o Porto como uma cidade em permanente transforma\u00e7\u00e3o, feita de sucessivas camadas de tempo, de paisagens moldadas pela a\u00e7\u00e3o humana e de mem\u00f3rias que continuam a ganhar novos significados.<\/p>\n<p>Este ano, procuramos aproximar o p\u00fablico dos bastidores da transforma\u00e7\u00e3o da cidade, dando a conhecer o trabalho t\u00e9cnico e interdisciplinar que sustenta a salvaguarda e valoriza\u00e7\u00e3o do Patrim\u00f3nio Cultural. Entre visitas a reservas e a escava\u00e7\u00f5es arqueol\u00f3gicas, e outras atividades, propomos descobrir como diferentes formas de conhecimento contribuem para compreender, cuidar e reinventar a cidade.<\/p>\n<p>Ser\u00e1 tamb\u00e9m uma oportunidade para olhar para o patrim\u00f3nio n\u00e3o apenas como aquilo que recebemos do passado, mas como um legado que estamos continuamente a construir e que, atrav\u00e9s das escolhas que fazemos hoje, deixaremos \u00e0s gera\u00e7\u00f5es futuras. \u00c9 esta a reflex\u00e3o que gostar\u00edamos de partilhar: o que hoje decidimos preservar, transformar ou criar ser\u00e1, um dia, parte da heran\u00e7a cultural das gera\u00e7\u00f5es futuras.<\/p>\n<p>&nbsp;<\/p>\n","public_platforms":[{"ID":22208,"post_author":"16","post_date":"2026-09-04 12:57:50","post_date_gmt":"2026-09-04 11:57:50","post_content":"","post_title":"\/ M\u00daSICA","post_excerpt":"","post_status":"publish","comment_status":"closed","ping_status":"closed","post_password":"","post_name":"musica-2","to_ping":"","pinged":"","post_modified":"2026-09-04 13:01:32","post_modified_gmt":"2026-09-04 12:01:32","post_content_filtered":"","post_parent":0,"guid":"https:\/\/museudoporto.pt\/?post_type=public_platform&#038;p=22208","menu_order":0,"post_type":"public_platform","post_mime_type":"","comment_count":"0","filter":"raw"},{"ID":22212,"post_author":"16","post_date":"2026-09-04 12:59:44","post_date_gmt":"2026-09-04 11:59:44","post_content":"","post_title":"\/ JOGOS","post_excerpt":"","post_status":"publish","comment_status":"closed","ping_status":"closed","post_password":"","post_name":"jogos","to_ping":"","pinged":"","post_modified":"2026-09-04 12:59:44","post_modified_gmt":"2026-09-04 11:59:44","post_content_filtered":"","post_parent":0,"guid":"https:\/\/museudoporto.pt\/?post_type=public_platform&#038;p=22212","menu_order":0,"post_type":"public_platform","post_mime_type":"","comment_count":"0","filter":"raw"},{"ID":22209,"post_author":"16","post_date":"2026-09-04 12:58:11","post_date_gmt":"2026-09-04 11:58:11","post_content":"","post_title":"\/ OFICINAS","post_excerpt":"","post_status":"publish","comment_status":"closed","ping_status":"closed","post_password":"","post_name":"oficinas-3","to_ping":"","pinged":"","post_modified":"2026-09-04 12:58:11","post_modified_gmt":"2026-09-04 11:58:11","post_content_filtered":"","post_parent":0,"guid":"https:\/\/museudoporto.pt\/?post_type=public_platform&#038;p=22209","menu_order":0,"post_type":"public_platform","post_mime_type":"","comment_count":"0","filter":"raw"},{"ID":22205,"post_author":"16","post_date":"2026-09-04 12:55:51","post_date_gmt":"2026-09-04 11:55:51","post_content":"","post_title":"\/ VISITAS","post_excerpt":"","post_status":"publish","comment_status":"closed","ping_status":"closed","post_password":"","post_name":"visitas-2","to_ping":"","pinged":"","post_modified":"2026-09-04 12:57:12","post_modified_gmt":"2026-09-04 11:57:12","post_content_filtered":"","post_parent":0,"guid":"https:\/\/museudoporto.pt\/?post_type=public_platform&#038;p=22205","menu_order":0,"post_type":"public_platform","post_mime_type":"","comment_count":"0","filter":"raw"}]},"_links":{"self":[{"href":"https:\/\/museudoporto.pt\/en\/wp-json\/wp\/v2\/pages\/22200","targetHints":{"allow":["GET"]}}],"collection":[{"href":"https:\/\/museudoporto.pt\/en\/wp-json\/wp\/v2\/pages"}],"about":[{"href":"https:\/\/museudoporto.pt\/en\/wp-json\/wp\/v2\/types\/page"}],"author":[{"embeddable":true,"href":"https:\/\/museudoporto.pt\/en\/wp-json\/wp\/v2\/users\/16"}],"replies":[{"embeddable":true,"href":"https:\/\/museudoporto.pt\/en\/wp-json\/wp\/v2\/comments?post=22200"}],"version-history":[{"count":6,"href":"https:\/\/museudoporto.pt\/en\/wp-json\/wp\/v2\/pages\/22200\/revisions"}],"predecessor-version":[{"id":22215,"href":"https:\/\/museudoporto.pt\/en\/wp-json\/wp\/v2\/pages\/22200\/revisions\/22215"}],"wp:featuredmedia":[{"embeddable":true,"href":"https:\/\/museudoporto.pt\/en\/wp-json\/wp\/v2\/media\/22202"}],"wp:attachment":[{"href":"https:\/\/museudoporto.pt\/en\/wp-json\/wp\/v2\/media?parent=22200"}],"curies":[{"name":"wp","href":"https:\/\/api.w.org\/{rel}","templated":true}]}}

JORNADAS EUROPEIAS DO PATRIMÓNIO 2026

<p>Perante um mundo em rápida transformação, que património queremos preservar e que património queremos deixar às gerações futuras?</p>
<p>Com o tema «Reviver, Resistir, Reinventar», as Jornadas Europeias do Património 2026 convidam-nos a olhar para o Porto como uma cidade em permanente transformação, feita de sucessivas camadas de tempo, de paisagens moldadas pela ação humana e de memórias que continuam a ganhar novos significados.</p>
<p>Este ano, procuramos aproximar o público dos bastidores da transformação da cidade, dando a conhecer o trabalho técnico e interdisciplinar que sustenta a salvaguarda e valorização do Património Cultural. Entre visitas a reservas e a escavações arqueológicas, e outras atividades, propomos descobrir como diferentes formas de conhecimento contribuem para compreender, cuidar e reinventar a cidade.</p>
<p>Será também uma oportunidade para olhar para o património não apenas como aquilo que recebemos do passado, mas como um legado que estamos continuamente a construir e que, através das escolhas que fazemos hoje, deixaremos às gerações futuras. É esta a reflexão que gostaríamos de partilhar: o que hoje decidimos preservar, transformar ou criar será, um dia, parte da herança cultural das gerações futuras.</p>
<p>&nbsp;</p>

/ MÚSICA
