{"id":22186,"date":"2026-09-03T17:00:43","date_gmt":"2026-09-03T16:00:43","guid":{"rendered":"https:\/\/museudoporto.pt\/?post_type=public_platform&#038;p=22186"},"modified":"2026-09-03T17:16:08","modified_gmt":"2026-09-03T16:16:08","slug":"conversas-2","status":"publish","type":"public_platform","link":"https:\/\/museudoporto.pt\/en\/public_platform\/conversas-2\/","title":{"rendered":"#CONVERSAS"},"content":{"rendered":"","protected":false},"featured_media":0,"template":"","class_list":["post-22186","public_platform","type-public_platform","status-publish","hentry"],"acf":{"ambient_sound":false,"breadcrumb":false,"events":[{"number":"","event":{"ID":22138,"post_author":"16","post_date":"2026-08-27 14:57:44","post_date_gmt":"2026-08-27 13:57:44","post_content":"","post_title":"CONVERSA \u2014 O QUE FICA DO QUE PASSA\u2026 E O QUE EST\u00c1 PARA VIR \u2014 AS CEC PORTUGUESAS 1994, 2001, 2012 E 2027","post_excerpt":"","post_status":"publish","comment_status":"closed","ping_status":"closed","post_password":"","post_name":"conversa-o-que-fica-do-que-passa-e-o-que-esta-para-vir-as-cec-portuguesas-1994-2001-2012-e-2027","to_ping":"","pinged":"","post_modified":"2026-08-28 10:31:35","post_modified_gmt":"2026-08-28 09:31:35","post_content_filtered":"","post_parent":0,"guid":"https:\/\/museudoporto.pt\/?post_type=resource&#038;p=22138","menu_order":0,"post_type":"resource","post_mime_type":"","comment_count":"0","filter":"raw"}},{"number":"","event":{"ID":22150,"post_author":"16","post_date":"2026-08-28 10:37:04","post_date_gmt":"2026-08-28 09:37:04","post_content":"","post_title":"CONVERSA \u2014 REGRESSO AO FUTURO DA BAIXA (ESPA\u00c7OS CULTURAIS, ESPA\u00c7O P\u00daBLICO, HABITAR)","post_excerpt":"","post_status":"publish","comment_status":"closed","ping_status":"closed","post_password":"","post_name":"conversa-regresso-ao-futuro-da-baixa-espacos-culturais-espaco-publico-habitar","to_ping":"","pinged":"","post_modified":"2026-08-28 10:57:23","post_modified_gmt":"2026-08-28 09:57:23","post_content_filtered":"","post_parent":0,"guid":"https:\/\/museudoporto.pt\/?post_type=resource&#038;p=22150","menu_order":0,"post_type":"resource","post_mime_type":"","comment_count":"0","filter":"raw"}},{"number":"","event":{"ID":22143,"post_author":"16","post_date":"2026-08-27 15:04:06","post_date_gmt":"2026-08-27 14:04:06","post_content":"","post_title":"CONVERSA \u2014 PONTES DE 2001","post_excerpt":"","post_status":"publish","comment_status":"closed","ping_status":"closed","post_password":"","post_name":"conversa-pontes-de-2001","to_ping":"","pinged":"","post_modified":"2026-08-28 10:31:20","post_modified_gmt":"2026-08-28 09:31:20","post_content_filtered":"","post_parent":0,"guid":"https:\/\/museudoporto.pt\/?post_type=resource&#038;p=22143","menu_order":0,"post_type":"resource","post_mime_type":"","comment_count":"0","filter":"raw"}},{"number":"","event":{"ID":22151,"post_author":"16","post_date":"2026-08-28 10:56:02","post_date_gmt":"2026-08-28 09:56:02","post_content":"","post_title":"CONVERSA \u2014 REGRESSO AO FUTURO DA BAIXA (AV. DA PONTE, CAMINHOS DO ROM\u00c2NTICO, CASA DA M\u00daSICA, PASSEIO MAR\u00cdTIMO)","post_excerpt":"","post_status":"publish","comment_status":"closed","ping_status":"closed","post_password":"","post_name":"conversa-regresso-ao-futuro-da-baixa-av-da-ponte-caminhos-do-romantico-casa-da-musica-passeio-maritimo","to_ping":"","pinged":"","post_modified":"2026-08-28 10:56:02","post_modified_gmt":"2026-08-28 09:56:02","post_content_filtered":"","post_parent":0,"guid":"https:\/\/museudoporto.pt\/?post_type=resource&#038;p=22151","menu_order":0,"post_type":"resource","post_mime_type":"","comment_count":"0","filter":"raw"}},{"number":"","event":{"ID":22146,"post_author":"16","post_date":"2026-08-27 15:09:39","post_date_gmt":"2026-08-27 14:09:39","post_content":"","post_title":"CONVERSA \u2014 A MUDAR (A IMAGEM DE) UMA CIDADE","post_excerpt":"","post_status":"publish","comment_status":"closed","ping_status":"closed","post_password":"","post_name":"conversa-a-mudar-a-imagem-de-uma-cidade","to_ping":"","pinged":"","post_modified":"2026-08-28 10:31:04","post_modified_gmt":"2026-08-28 09:31:04","post_content_filtered":"","post_parent":0,"guid":"https:\/\/museudoporto.pt\/?post_type=resource&#038;p=22146","menu_order":0,"post_type":"resource","post_mime_type":"","comment_count":"0","filter":"raw"}}]},"_links":{"self":[{"href":"https:\/\/museudoporto.pt\/en\/wp-json\/wp\/v2\/public_platform\/22186","targetHints":{"allow":["GET"]}}],"collection":[{"href":"https:\/\/museudoporto.pt\/en\/wp-json\/wp\/v2\/public_platform"}],"about":[{"href":"https:\/\/museudoporto.pt\/en\/wp-json\/wp\/v2\/types\/public_platform"}],"wp:attachment":[{"href":"https:\/\/museudoporto.pt\/en\/wp-json\/wp\/v2\/media?parent=22186"}],"curies":[{"name":"wp","href":"https:\/\/api.w.org\/{rel}","templated":true}]}}

CONVERSA — O QUE FICA DO QUE PASSA… E O QUE ESTÁ PARA VIR — AS CEC PORTUGUESAS 1994, 2001, 2012 E 2027

CONVERSA — REGRESSO AO FUTURO DA BAIXA (ESPAÇOS CULTURAIS, ESPAÇO PÚBLICO, HABITAR)

CONVERSA — REGRESSO AO FUTURO DA BAIXA (AV. DA PONTE, CAMINHOS DO ROMÂNTICO, CASA DA MÚSICA, PASSEIO MARÍTIMO)
