{"id":22208,"date":"2026-09-04T12:57:50","date_gmt":"2026-09-04T11:57:50","guid":{"rendered":"https:\/\/museudoporto.pt\/?post_type=public_platform&#038;p=22208"},"modified":"2026-09-04T13:01:32","modified_gmt":"2026-09-04T12:01:32","slug":"musica-2","status":"publish","type":"public_platform","link":"https:\/\/museudoporto.pt\/en\/public_platform\/musica-2\/","title":{"rendered":"\/ M\u00daSICA"},"content":{"rendered":"","protected":false},"featured_media":0,"template":"","class_list":["post-22208","public_platform","type-public_platform","status-publish","hentry"],"acf":{"ambient_sound":false,"breadcrumb":false,"events":[{"number":"","event":{"ID":22190,"post_author":"16","post_date":"2026-09-04 11:44:52","post_date_gmt":"2026-09-04 10:44:52","post_content":"","post_title":"A M\u00daSICA E O \u00d3RG\u00c3O IB\u00c9RICO \u2014 CICLO DE CONCERTOS NO CENTRO HIST\u00d3RICO DO PORTO EM 3 ATOS: CONJUN\u00c7\u00d5ES IB\u00c9RICAS IV \u2014 \u00d3RG\u00c3O E CANTO","post_excerpt":"","post_status":"publish","comment_status":"closed","ping_status":"closed","post_password":"","post_name":"a-musica-e-o-orgao-iberico-ciclo-de-concertos-no-centro-historico-do-porto-em-3-atos-conjuncoes-ibericas-iv-orgao-e-canto","to_ping":"","pinged":"","post_modified":"2026-09-04 11:52:25","post_modified_gmt":"2026-09-04 10:52:25","post_content_filtered":"","post_parent":0,"guid":"https:\/\/museudoporto.pt\/?post_type=resource&#038;p=22190","menu_order":0,"post_type":"resource","post_mime_type":"","comment_count":"0","filter":"raw"}}]},"_links":{"self":[{"href":"https:\/\/museudoporto.pt\/en\/wp-json\/wp\/v2\/public_platform\/22208","targetHints":{"allow":["GET"]}}],"collection":[{"href":"https:\/\/museudoporto.pt\/en\/wp-json\/wp\/v2\/public_platform"}],"about":[{"href":"https:\/\/museudoporto.pt\/en\/wp-json\/wp\/v2\/types\/public_platform"}],"wp:attachment":[{"href":"https:\/\/museudoporto.pt\/en\/wp-json\/wp\/v2\/media?parent=22208"}],"curies":[{"name":"wp","href":"https:\/\/api.w.org\/{rel}","templated":true}]}}

/ MÚSICA

A MÚSICA E O ÓRGÃO IBÉRICO — CICLO DE CONCERTOS NO CENTRO HISTÓRICO DO PORTO EM 3 ATOS: CONJUNÇÕES IBÉRICAS IV — ÓRGÃO E CANTO
