{"id":10781,"date":"2022-09-08T17:02:16","date_gmt":"2022-09-08T16:02:16","guid":{"rendered":"https:\/\/museudoporto.pt\/?post_type=resource&#038;p=10781"},"modified":"2022-09-08T21:31:22","modified_gmt":"2022-09-08T20:31:22","slug":"conversa-a-tempestade","status":"publish","type":"resource","link":"https:\/\/museudoporto.pt\/en\/recurso\/conversa-a-tempestade\/","title":{"rendered":"CONVERSA \u2014 A Tempestade"},"content":{"rendered":"","protected":false},"featured_media":10788,"template":"","resource_category":[20],"class_list":["post-10781","resource","type-resource","status-publish","has-post-thumbnail","hentry","resource_category-atividades"],"acf":{"ambient_sound":false,"breadcrumb":[{"page":"Agenda"}],"file":false,"content":[{"acf_fc_layout":"event","display_title":"CONVERSA \u2014 A Tempestade","subtitle":"<p>Com Andr\u00e9 Cepeda<\/p>\n<p>Modera\u00e7\u00e3o de Nicol\u00e1s Combarro<\/p>\n","date":{"show_time":true,"type":"range","date":null,"start_date":"14\/09\/2022 21:00","end_date":"14\/09\/2022 22:30"},"sessions":null,"location":{"type":"other","station":false,"location":"Audit\u00f3rio da Biblioteca Municipal Almeida Garrett"},"media":{"type":false,"image":{"ID":10789,"id":10789,"title":"Retrato Andre\u0301 Cepeda","filename":"Retrato-Andre\u0301-Cepeda.jpg","filesize":835644,"url":"https:\/\/museudoporto.pt\/wp-content\/uploads\/2022\/09\/Retrato-Andre\u0301-Cepeda.jpg","link":"https:\/\/museudoporto.pt\/en\/retrato-andre-cepeda-2\/","alt":"","author":"11","description":"","caption":"","name":"retrato-andre-cepeda-2","status":"inherit","uploaded_to":0,"date":"2022-09-08 20:30:34","modified":"2022-09-15 09:58:36","menu_order":0,"mime_type":"image\/jpeg","type":"image","subtype":"jpeg","icon":"https:\/\/museudoporto.pt\/wp-includes\/images\/media\/default.png","width":1600,"height":1200,"sizes":{"thumbnail":"https:\/\/museudoporto.pt\/wp-content\/uploads\/2022\/09\/Retrato-Andre\u0301-Cepeda-150x150.jpg","thumbnail-width":150,"thumbnail-height":150,"medium":"https:\/\/museudoporto.pt\/wp-content\/uploads\/2022\/09\/Retrato-Andre\u0301-Cepeda-300x225.jpg","medium-width":300,"medium-height":225,"medium_large":"https:\/\/museudoporto.pt\/wp-content\/uploads\/2022\/09\/Retrato-Andre\u0301-Cepeda-768x576.jpg","medium_large-width":640,"medium_large-height":480,"large":"https:\/\/museudoporto.pt\/wp-content\/uploads\/2022\/09\/Retrato-Andre\u0301-Cepeda-1024x768.jpg","large-width":640,"large-height":480,"ufg_200_200":"https:\/\/museudoporto.pt\/wp-content\/uploads\/2022\/09\/Retrato-Andre\u0301-Cepeda.jpg","ufg_200_200-width":200,"ufg_200_200-height":150,"ufg_300_300":"https:\/\/museudoporto.pt\/wp-content\/uploads\/2022\/09\/Retrato-Andre\u0301-Cepeda.jpg","ufg_300_300-width":300,"ufg_300_300-height":225,"ufg_400_400":"https:\/\/museudoporto.pt\/wp-content\/uploads\/2022\/09\/Retrato-Andre\u0301-Cepeda.jpg","ufg_400_400-width":400,"ufg_400_400-height":300,"1536x1536":"https:\/\/museudoporto.pt\/wp-content\/uploads\/2022\/09\/Retrato-Andre\u0301-Cepeda-1536x1152.jpg","1536x1536-width":1536,"1536x1536-height":1152,"2048x2048":"https:\/\/museudoporto.pt\/wp-content\/uploads\/2022\/09\/Retrato-Andre\u0301-Cepeda.jpg","2048x2048-width":1600,"2048x2048-height":1200}},"gallery":false},"excerpt":"<p>Conversa com o artista Andr\u00e9 Cepeda sobre o filme desenvolvido para a exposi\u00e7\u00e3o\u00a0<em>Percorrer o Tempo. Vis\u00f5es Contempor\u00e2neas do Caminho.<\/em><\/p>\n","content":"<p>Conversa com o artista Andr\u00e9 Cepeda sobre o filme desenvolvido para a exposi\u00e7\u00e3o\u00a0<em>Percorrer o Tempo. Vis\u00f5es Contempor\u00e2neas do Caminho.<\/em><\/p>\n<p>&nbsp;<\/p>\n<p>Comissariada pelo artista Nicol\u00e1s Combarro, a exposi\u00e7\u00e3o itinerante <em>Percorrer o Tempo. Vis\u00f5es Contempor\u00e2neas do Caminho <\/em>percorreu o territ\u00f3rio galego, apresentando-se agora na cidade do Porto. A partir de obras de v\u00eddeo e fotografia de 10 artistas, este projeto prop\u00f5e uma vis\u00e3o multifacetada e contempor\u00e2nea do Caminho de Santiago.<\/p>\n<p>Exposic\u0327a\u0303o enquadrada na colaborac\u0327a\u0303o da Fundac\u0327a\u0303o \u201dla Caixa\u201d com a Xunta de Galicia para a celebrac\u0327a\u0303o do Xacobeo 21-22. Patente na Prac\u0327a do Parque, Parque da Cidade de 13 de setembro a 16 de outubro de 2022.<\/p>\n<p>&nbsp;<\/p>\n<p><strong>Andr\u00e9 Cepeda<\/strong> nasceu em 1976, em Coimbra. A partir da fotografia explora temas relacionados com a paisagem, arquitetura e a sociedade portuguesa contempor\u00e2nea. Foi bolseiro da Funda\u00e7\u00e3o Calouste Gulbenkian e da FAAP, completando uma resid\u00eancia art\u00edstica de tr\u00eas meses em S\u00e3o Paulo, 2012. Marcou presen\u00e7a na shortlist Paul Huf Award, Foam Fotografiemuseum (Amsterd\u00e3o, 2011), no Pr\u00e9mio BESPhoto (2010) e nos Pr\u00e9mios EDP &#8211; Novos Artistas (2007). Desde 1999 que apresenta o seu trabalho em Portugal e no estrangeiro. \u00c9 autor de v\u00e1rios livros. A sua obra encontra-se em diversas cole\u00e7\u00f5es p\u00fablicas e privadas.<\/p>\n<p>&nbsp;<\/p>\n<h2>INSCRI\u00c7\u00d5ES<\/h2>\n<p>Entrada livre sujeita \u00e0 lota\u00e7\u00e3o do espa\u00e7o. Todos os p\u00fablicos.<\/p>\n"}],"previous_link":{"label":"","link":""},"next_link":{"label":"","link":""}},"_links":{"self":[{"href":"https:\/\/museudoporto.pt\/en\/wp-json\/wp\/v2\/resource\/10781","targetHints":{"allow":["GET"]}}],"collection":[{"href":"https:\/\/museudoporto.pt\/en\/wp-json\/wp\/v2\/resource"}],"about":[{"href":"https:\/\/museudoporto.pt\/en\/wp-json\/wp\/v2\/types\/resource"}],"wp:featuredmedia":[{"embeddable":true,"href":"https:\/\/museudoporto.pt\/en\/wp-json\/wp\/v2\/media\/10788"}],"wp:attachment":[{"href":"https:\/\/museudoporto.pt\/en\/wp-json\/wp\/v2\/media?parent=10781"}],"wp:term":[{"taxonomy":"resource_category","embeddable":true,"href":"https:\/\/museudoporto.pt\/en\/wp-json\/wp\/v2\/resource_category?post=10781"}],"curies":[{"name":"wp","href":"https:\/\/api.w.org\/{rel}","templated":true}]}}

<p>Com André Cepeda</p>
<p>Moderação de Nicolás Combarro</p>

Auditório da Biblioteca Municipal Almeida Garrett

<p>Conversa com o artista André Cepeda sobre o filme desenvolvido para a exposição <em>Percorrer o Tempo. Visões Contemporâneas do Caminho.</em></p>

<p>Conversa com o artista André Cepeda sobre o filme desenvolvido para a exposição <em>Percorrer o Tempo. Visões Contemporâneas do Caminho.</em></p>
<p>&nbsp;</p>
<p>Comissariada pelo artista Nicolás Combarro, a exposição itinerante <em>Percorrer o Tempo. Visões Contemporâneas do Caminho </em>percorreu o território galego, apresentando-se agora na cidade do Porto. A partir de obras de vídeo e fotografia de 10 artistas, este projeto propõe uma visão multifacetada e contemporânea do Caminho de Santiago.</p>
<p>Exposição enquadrada na colaboração da Fundação ”la Caixa” com a Xunta de Galicia para a celebração do Xacobeo 21-22. Patente na Praça do Parque, Parque da Cidade de 13 de setembro a 16 de outubro de 2022.</p>
<p>&nbsp;</p>
<p><strong>André Cepeda</strong> nasceu em 1976, em Coimbra. A partir da fotografia explora temas relacionados com a paisagem, arquitetura e a sociedade portuguesa contemporânea. Foi bolseiro da Fundação Calouste Gulbenkian e da FAAP, completando uma residência artística de três meses em São Paulo, 2012. Marcou presença na shortlist Paul Huf Award, Foam Fotografiemuseum (Amsterdão, 2011), no Prémio BESPhoto (2010) e nos Prémios EDP &#8211; Novos Artistas (2007). Desde 1999 que apresenta o seu trabalho em Portugal e no estrangeiro. É autor de vários livros. A sua obra encontra-se em diversas coleções públicas e privadas.</p>
<p>&nbsp;</p>
<h2>INSCRIÇÕES</h2>
<p>Entrada livre sujeita à lotação do espaço. Todos os públicos.</p>
