{"id":11212,"date":"2022-10-14T10:33:43","date_gmt":"2022-10-14T09:33:43","guid":{"rendered":"https:\/\/museudoporto.pt\/?post_type=resource&#038;p=11212"},"modified":"2023-02-28T11:53:26","modified_gmt":"2023-02-28T11:53:26","slug":"inventario-10-catalogar-a-colecao-do-museu-da-cidade","status":"publish","type":"resource","link":"https:\/\/museudoporto.pt\/en\/recurso\/inventario-10-catalogar-a-colecao-do-museu-da-cidade\/","title":{"rendered":"Invent\u00e1rio #10 \u2014 Cataloga\u00e7\u00e3o do acervo do Museu da Cidade: da incorpora\u00e7\u00e3o \u00e0 exposi\u00e7\u00e3o"},"content":{"rendered":"","protected":false},"featured_media":11256,"template":"","resource_category":[23,52,22],"class_list":["post-11212","resource","type-resource","status-publish","has-post-thumbnail","hentry","resource_category-inventario","resource_category-oficina","resource_category-programas-operativos-2"],"acf":{"ambient_sound":false,"breadcrumb":[{"page":"Fazer"},{"page":"Programas Operativos"},{"page":"Invent\u00e1rio"}],"file":false,"content":[{"acf_fc_layout":"event","display_title":"Invent\u00e1rio #10 \u2014 Cataloga\u00e7\u00e3o do acervo do Museu da Cidade: da incorpora\u00e7\u00e3o \u00e0 exposi\u00e7\u00e3o","subtitle":"<p>Com Marlene Rocha<\/p>\n","date":{"show_time":true,"type":"range","date":null,"start_date":"26\/11\/2022 15:00","end_date":"26\/11\/2022 17:00"},"sessions":null,"location":{"type":"station","station":{"ID":10918,"post_author":"11","post_date":"2022-09-23 16:23:42","post_date_gmt":"2022-09-23 15:23:42","post_content":"","post_title":"ROMANTICISM EXTENSION","post_excerpt":"","post_status":"publish","comment_status":"closed","ping_status":"closed","post_password":"","post_name":"romanticism-extension","to_ping":"","pinged":"","post_modified":"2022-10-07 18:31:00","post_modified_gmt":"2022-10-07 17:31:00","post_content_filtered":"","post_parent":0,"guid":"https:\/\/museudoporto.pt\/?post_type=station&#038;p=10918","menu_order":3,"post_type":"station","post_mime_type":"","comment_count":"0","filter":"raw"},"location":""},"media":{"type":false,"image":{"ID":11257,"id":11257,"title":"MUSEU DA CIDADE DO PORTO","filename":"DA-MAO-A-BOCA-OS-SENTIDOS-NAO-ENGANAM.jpg","filesize":1416346,"url":"https:\/\/museudoporto.pt\/wp-content\/uploads\/2022\/10\/DA-MAO-A-BOCA-OS-SENTIDOS-NAO-ENGANAM.jpg","link":"https:\/\/museudoporto.pt\/en\/museu-da-cidade-do-porto-2-2\/","alt":"","author":"11","description":"","caption":"MUSEU DA CIDADE DO PORTO - Extens\u00e3o do Romantismo. Museu do Romantismo, 22 Setembro 2022. FOTO: VASCO C\u00c9LIO\/STILLS","name":"museu-da-cidade-do-porto-2-2","status":"inherit","uploaded_to":0,"date":"2022-10-19 10:43:15","modified":"2023-04-17 15:48:18","menu_order":0,"mime_type":"image\/jpeg","type":"image","subtype":"jpeg","icon":"https:\/\/museudoporto.pt\/wp-includes\/images\/media\/default.png","width":2560,"height":1707,"sizes":{"thumbnail":"https:\/\/museudoporto.pt\/wp-content\/uploads\/2022\/10\/DA-MAO-A-BOCA-OS-SENTIDOS-NAO-ENGANAM-150x150.jpg","thumbnail-width":150,"thumbnail-height":150,"medium":"https:\/\/museudoporto.pt\/wp-content\/uploads\/2022\/10\/DA-MAO-A-BOCA-OS-SENTIDOS-NAO-ENGANAM-300x200.jpg","medium-width":300,"medium-height":200,"medium_large":"https:\/\/museudoporto.pt\/wp-content\/uploads\/2022\/10\/DA-MAO-A-BOCA-OS-SENTIDOS-NAO-ENGANAM-768x512.jpg","medium_large-width":640,"medium_large-height":427,"large":"https:\/\/museudoporto.pt\/wp-content\/uploads\/2022\/10\/DA-MAO-A-BOCA-OS-SENTIDOS-NAO-ENGANAM-1024x683.jpg","large-width":640,"large-height":427,"ufg_200_200":"https:\/\/museudoporto.pt\/wp-content\/uploads\/2022\/10\/DA-MAO-A-BOCA-OS-SENTIDOS-NAO-ENGANAM.jpg","ufg_200_200-width":200,"ufg_200_200-height":133,"ufg_300_300":"https:\/\/museudoporto.pt\/wp-content\/uploads\/2022\/10\/DA-MAO-A-BOCA-OS-SENTIDOS-NAO-ENGANAM.jpg","ufg_300_300-width":300,"ufg_300_300-height":200,"ufg_400_400":"https:\/\/museudoporto.pt\/wp-content\/uploads\/2022\/10\/DA-MAO-A-BOCA-OS-SENTIDOS-NAO-ENGANAM.jpg","ufg_400_400-width":400,"ufg_400_400-height":267,"1536x1536":"https:\/\/museudoporto.pt\/wp-content\/uploads\/2022\/10\/DA-MAO-A-BOCA-OS-SENTIDOS-NAO-ENGANAM-1536x1024.jpg","1536x1536-width":1536,"1536x1536-height":1024,"2048x2048":"https:\/\/museudoporto.pt\/wp-content\/uploads\/2022\/10\/DA-MAO-A-BOCA-OS-SENTIDOS-NAO-ENGANAM-2048x1366.jpg","2048x2048-width":2048,"2048x2048-height":1366}},"gallery":false},"excerpt":"<p>Catalogar \u00e9 inventariar? Porque se catalogam as cole\u00e7\u00f5es? Nesta sess\u00e3o os participantes s\u00e3o convidados a conhecer o processo de cataloga\u00e7\u00e3o do acervo do Museu da Cidade, a criar uma ficha de invent\u00e1rio, a apreender dicas para inventariar os seus objetos pessoais e a potenciar a constru\u00e7\u00e3o um novo olhar sobre as cole\u00e7\u00f5es quando visitam uma exposi\u00e7\u00e3o.<\/p>\n","content":"<div class=\"QLdgX z8y1T GNqVo yxtKT allowTextSelection\" tabindex=\"-1\" role=\"region\" aria-label=\"Corpo da mensagem\">\n<div>\n<div>\n<div lang=\"pt\">\n<div>\n<p>Catalogar \u00e9 inventariar? Porque se catalogam as cole\u00e7\u00f5es? Qual a natureza da informa\u00e7\u00e3o recolhida durante o processo de cataloga\u00e7\u00e3o? M\u00faltiplas informa\u00e7\u00f5es e hist\u00f3rias vivem dentro de um objeto museol\u00f3gico. Como catalogar este conjunto de informa\u00e7\u00f5es para uma gest\u00e3o eficiente das cole\u00e7\u00f5es e para a sua transforma\u00e7\u00e3o em conhecimento acess\u00edvel aos p\u00fablicos? Nesta sess\u00e3o os participantes s\u00e3o convidados a conhecer o processo de cataloga\u00e7\u00e3o do acervo do Museu da Cidade, a criar uma ficha de invent\u00e1rio, a apreender dicas para inventariar os seus objetos pessoais e a potenciar a constru\u00e7\u00e3o de um novo olhar sobre as cole\u00e7\u00f5es quando visitam uma exposi\u00e7\u00e3o.<\/p>\n<\/div>\n<\/div>\n<\/div>\n<\/div>\n<\/div>\n<p>&nbsp;<\/p>\n<p><strong>Marlene Rocha<\/strong> \u00e9 licenciada em Gest\u00e3o do Patrim\u00f3nio Cultural pela Escola Superior de Educa\u00e7\u00e3o do Instituto Polit\u00e9cnico do Porto e com o mestrado em Museologia pela Faculdade de Letras da Universidade do Porto em curso. \u00c9 T\u00e9cnica Superior na Divis\u00e3o Municipal de Museus da C\u00e2mara Municipal do Porto, onde integra a equipa de Gest\u00e3o de Cole\u00e7\u00f5es, desenvolvendo atividades na \u00e1rea do invent\u00e1rio e cataloga\u00e7\u00e3o do acervo do Museu do Cidade, da gest\u00e3o do sistema de gest\u00e3o de cole\u00e7\u00f5es<em> In arte<\/em> e na elabora\u00e7\u00e3o de procedimentos de cataloga\u00e7\u00e3o.<\/p>\n<p>&nbsp;<\/p>\n<div>\n<p><strong>INVENT\u00c1RIO<\/strong><br \/>\nInvent\u00e1rio participado de ruas, edif\u00edcios, lugares, obras de arte p\u00fablica, da cidade. Ler as ruas, lugares e edif\u00edcios, conduzir o olhar, olhar de outras formas e documentar, a partir de registos fotogr\u00e1ficos, gr\u00e1ficos, escritos, os elementos observados. Acontece no \u00faltimo s\u00e1bado de cada m\u00eas, \u00e0s 15H.<\/p>\n<p>&nbsp;<\/p>\n<h2>INSCRI\u00c7\u00d5ES<\/h2>\n<\/div>\n<p>A participa\u00e7\u00e3o na atividade \u00e9 gratuita. Inscri\u00e7\u00f5es atrav\u00e9s do preenchimento do <a href=\"https:\/\/questionarios.cm-porto.pt\/index.php\/996631?lang=pt\">formul\u00e1rio<\/a>. Limite de 30 participantes. + info <a title=\"mailto:mdc.educativo@cm-porto.pt\" href=\"mailto:mdc.educativo@cm-porto.pt\" data-cursor-hover=\"ready\">mdc.educativo@cm-porto.pt<\/a>. ou\u00a0<span data-contrast=\"auto\">(+351) 226<\/span><span data-contrast=\"auto\">\u202f<\/span><span data-contrast=\"auto\">057<\/span><span data-contrast=\"auto\">000.<\/span><\/p>\n"}],"previous_link":{"label":"Invent\u00e1rio #9 \u2014 Mapeamento e Gest\u00e3o da Arte P\u00fablica","link":"https:\/\/museudoporto.pt\/en\/recurso\/inventario-9-mapeamento-e-gestao-da-arte-publica\/"},"next_link":{"label":"Invent\u00e1rio #11 \u2014 A Cole\u00e7\u00e3o Germano Silva","link":"https:\/\/museudoporto.pt\/en\/recurso\/inventario-11-a-colecao-germano-silva\/"}},"_links":{"self":[{"href":"https:\/\/museudoporto.pt\/en\/wp-json\/wp\/v2\/resource\/11212","targetHints":{"allow":["GET"]}}],"collection":[{"href":"https:\/\/museudoporto.pt\/en\/wp-json\/wp\/v2\/resource"}],"about":[{"href":"https:\/\/museudoporto.pt\/en\/wp-json\/wp\/v2\/types\/resource"}],"wp:featuredmedia":[{"embeddable":true,"href":"https:\/\/museudoporto.pt\/en\/wp-json\/wp\/v2\/media\/11256"}],"wp:attachment":[{"href":"https:\/\/museudoporto.pt\/en\/wp-json\/wp\/v2\/media?parent=11212"}],"wp:term":[{"taxonomy":"resource_category","embeddable":true,"href":"https:\/\/museudoporto.pt\/en\/wp-json\/wp\/v2\/resource_category?post=11212"}],"curies":[{"name":"wp","href":"https:\/\/api.w.org\/{rel}","templated":true}]}}

Inventário #10 — Catalogação do acervo do Museu da Cidade: da incorporação à exposição

Inventário

MUSEU DA CIDADE DO PORTO - Extensão do Romantismo. Museu do Romantismo, 22 Setembro 2022. FOTO: VASCO CÉLIO/STILLS

<p>Catalogar é inventariar? Porque se catalogam as coleções? Nesta sessão os participantes são convidados a conhecer o processo de catalogação do acervo do Museu da Cidade, a criar uma ficha de inventário, a apreender dicas para inventariar os seus objetos pessoais e a potenciar a construção um novo olhar sobre as coleções quando visitam uma exposição.</p>

<div class="QLdgX z8y1T GNqVo yxtKT allowTextSelection" tabindex="-1" role="region" aria-label="Corpo da mensagem">
<div>
<div>
<div lang="pt">
<div>
<p>Catalogar é inventariar? Porque se catalogam as coleções? Qual a natureza da informação recolhida durante o processo de catalogação? Múltiplas informações e histórias vivem dentro de um objeto museológico. Como catalogar este conjunto de informações para uma gestão eficiente das coleções e para a sua transformação em conhecimento acessível aos públicos? Nesta sessão os participantes são convidados a conhecer o processo de catalogação do acervo do Museu da Cidade, a criar uma ficha de inventário, a apreender dicas para inventariar os seus objetos pessoais e a potenciar a construção de um novo olhar sobre as coleções quando visitam uma exposição.</p>
</div>
</div>
</div>
</div>
</div>
<p>&nbsp;</p>
<p><strong>Marlene Rocha</strong> é licenciada em Gestão do Património Cultural pela Escola Superior de Educação do Instituto Politécnico do Porto e com o mestrado em Museologia pela Faculdade de Letras da Universidade do Porto em curso. É Técnica Superior na Divisão Municipal de Museus da Câmara Municipal do Porto, onde integra a equipa de Gestão de Coleções, desenvolvendo atividades na área do inventário e catalogação do acervo do Museu do Cidade, da gestão do sistema de gestão de coleções<em> In arte</em> e na elaboração de procedimentos de catalogação.</p>
<p>&nbsp;</p>
<div>
<p><strong>INVENTÁRIO</strong><br />
Inventário participado de ruas, edifícios, lugares, obras de arte pública, da cidade. Ler as ruas, lugares e edifícios, conduzir o olhar, olhar de outras formas e documentar, a partir de registos fotográficos, gráficos, escritos, os elementos observados. Acontece no último sábado de cada mês, às 15H.</p>
<p>&nbsp;</p>
<h2>INSCRIÇÕES</h2>
</div>
<p>A participação na atividade é gratuita. Inscrições através do preenchimento do <a href="https://questionarios.cm-porto.pt/index.php/996631?lang=pt">formulário</a>. Limite de 30 participantes. + info <a title="mailto:mdc.educativo@cm-porto.pt" href="mailto:mdc.educativo@cm-porto.pt" data-cursor-hover="ready">mdc.educativo@cm-porto.pt</a>. ou <span data-contrast="auto">(+351) 226</span><span data-contrast="auto"> </span><span data-contrast="auto">057</span><span data-contrast="auto">000.</span></p>

Inventário #9 — Mapeamento e Gestão da Arte Pública

Inventário #11 — A Coleção Germano Silva
