{"id":11945,"date":"2023-02-03T15:02:08","date_gmt":"2023-02-03T15:02:08","guid":{"rendered":"https:\/\/museudoporto.pt\/?post_type=resource&#038;p=11945"},"modified":"2023-02-03T17:06:29","modified_gmt":"2023-02-03T17:06:29","slug":"sabados-a-contar-poemas-de-eugenio-de-andrade","status":"publish","type":"resource","link":"https:\/\/museudoporto.pt\/en\/recurso\/sabados-a-contar-poemas-de-eugenio-de-andrade\/","title":{"rendered":"S\u00e1bados a contar | Poemas de Eug\u00e9nio de Andrade"},"content":{"rendered":"","protected":false},"featured_media":11946,"template":"","resource_category":[20],"class_list":["post-11945","resource","type-resource","status-publish","has-post-thumbnail","hentry","resource_category-atividades"],"acf":{"ambient_sound":false,"breadcrumb":false,"file":false,"content":[{"acf_fc_layout":"event","display_title":"S\u00e1bados a contar | Poemas de Eug\u00e9nio de Andrade","subtitle":"<p>Com a equipa do Servi\u00e7o Educativo<\/p>\n","date":{"show_time":true,"type":"range","date":null,"start_date":"04\/02\/2023 11:00","end_date":"04\/02\/2023 16:30"},"sessions":null,"location":{"type":"other","station":false,"location":"BIBLIOTECA MUNICIPAL ALMEIDA GARRETT"},"media":{"type":false,"image":{"ID":11947,"id":11947,"title":"cartaz_hora do conto FEV2023","filename":"cartaz_hora-do-conto-FEV2023-scaled.jpg","filesize":388395,"url":"https:\/\/museudoporto.pt\/wp-content\/uploads\/2023\/02\/cartaz_hora-do-conto-FEV2023-scaled.jpg","link":"https:\/\/museudoporto.pt\/en\/cartaz_hora-do-conto-fev2023-2\/","alt":"","author":"11","description":"","caption":"","name":"cartaz_hora-do-conto-fev2023-2","status":"inherit","uploaded_to":0,"date":"2023-02-03 14:57:14","modified":"2023-03-02 15:03:28","menu_order":0,"mime_type":"image\/jpeg","type":"image","subtype":"jpeg","icon":"https:\/\/museudoporto.pt\/wp-includes\/images\/media\/default.png","width":2560,"height":1910,"sizes":{"thumbnail":"https:\/\/museudoporto.pt\/wp-content\/uploads\/2023\/02\/cartaz_hora-do-conto-FEV2023-150x150.jpg","thumbnail-width":150,"thumbnail-height":150,"medium":"https:\/\/museudoporto.pt\/wp-content\/uploads\/2023\/02\/cartaz_hora-do-conto-FEV2023-300x224.jpg","medium-width":300,"medium-height":224,"medium_large":"https:\/\/museudoporto.pt\/wp-content\/uploads\/2023\/02\/cartaz_hora-do-conto-FEV2023-768x573.jpg","medium_large-width":640,"medium_large-height":478,"large":"https:\/\/museudoporto.pt\/wp-content\/uploads\/2023\/02\/cartaz_hora-do-conto-FEV2023-1024x764.jpg","large-width":640,"large-height":478,"ufg_200_200":"https:\/\/museudoporto.pt\/wp-content\/uploads\/2023\/02\/cartaz_hora-do-conto-FEV2023-scaled.jpg","ufg_200_200-width":200,"ufg_200_200-height":149,"ufg_300_300":"https:\/\/museudoporto.pt\/wp-content\/uploads\/2023\/02\/cartaz_hora-do-conto-FEV2023-scaled.jpg","ufg_300_300-width":300,"ufg_300_300-height":224,"ufg_400_400":"https:\/\/museudoporto.pt\/wp-content\/uploads\/2023\/02\/cartaz_hora-do-conto-FEV2023-scaled.jpg","ufg_400_400-width":400,"ufg_400_400-height":298,"1536x1536":"https:\/\/museudoporto.pt\/wp-content\/uploads\/2023\/02\/cartaz_hora-do-conto-FEV2023-1536x1146.jpg","1536x1536-width":1536,"1536x1536-height":1146,"2048x2048":"https:\/\/museudoporto.pt\/wp-content\/uploads\/2023\/02\/cartaz_hora-do-conto-FEV2023-2048x1528.jpg","2048x2048-width":2048,"2048x2048-height":1528}},"gallery":false},"excerpt":"<p>Com sess\u00f5es \u00e0s 11H e \u00e0s 15H30, esta atividade da Biblioteca Municipal Almeida Garrett proporciona \u00e0s crian\u00e7as entre os 3 e 6 anos de idade uma introdu\u00e7\u00e3o ao universo dos livros e da leitura. Estes momentos s\u00e3o acompanhados por um atelier tem\u00e1tico no final de cada sess\u00e3o.<\/p>\n","content":"<p>Com sess\u00f5es \u00e0s 11H e \u00e0s 15H30, esta atividade da Biblioteca Municipal Almeida Garrett proporciona \u00e0s crian\u00e7as entre os 3 e 6 anos de idade uma introdu\u00e7\u00e3o ao universo dos livros e da leitura. Estes momentos s\u00e3o acompanhados por um atelier tem\u00e1tico no final de cada sess\u00e3o.<\/p>\n<p>&nbsp;<\/p>\n<p>Em fevereiro, no quadro do programa comemorativo do centen\u00e1rio de Eug\u00e9nio de Andrade, \u00e9 abordada nas sess\u00f5es de S\u00e1bados a contar uma sele\u00e7\u00e3o de poemas do autor, trabalhados de forma espec\u00edfica para o p\u00fablico mais jovem. A atividade <em>Aquela Nuvem e Outras<\/em> contempla poemas de Eug\u00e9nio de Andrade com ilustra\u00e7\u00f5es de Cristina Valadas.<\/p>\n<h2>ENDERE\u00c7O<\/h2>\n<p>Jardins do Pal\u00e1cio de Cristal<br \/>\nRua de Dom Manuel II<br \/>\n4050-239 Porto<\/p>\n<h2>AUTOCARRO<\/h2>\n<p>1M, 200, 201, 207, 208, 302, 303, 501, 507, 601, ZM, 12M, 13M<br \/>\nCircular Massarelos \u2013 Carmo<\/p>\n<h2>ESTACIONAMENTO<\/h2>\n<p>Pal\u00e1cio de Cristal<\/p>\n"}],"previous_link":{"label":"","link":""},"next_link":{"label":"Eco e-voca\u00e7\u00f5es | visitas guiadas por poetas \u00e0 exposi\u00e7\u00e3o A Arte dos Versos #1","link":"https:\/\/museudoporto.pt\/en\/recurso\/eco-e-vocacoes-visitas-guiadas-por-poetas-a-exposicao-a-arte-dos-versos\/"}},"_links":{"self":[{"href":"https:\/\/museudoporto.pt\/en\/wp-json\/wp\/v2\/resource\/11945","targetHints":{"allow":["GET"]}}],"collection":[{"href":"https:\/\/museudoporto.pt\/en\/wp-json\/wp\/v2\/resource"}],"about":[{"href":"https:\/\/museudoporto.pt\/en\/wp-json\/wp\/v2\/types\/resource"}],"wp:featuredmedia":[{"embeddable":true,"href":"https:\/\/museudoporto.pt\/en\/wp-json\/wp\/v2\/media\/11946"}],"wp:attachment":[{"href":"https:\/\/museudoporto.pt\/en\/wp-json\/wp\/v2\/media?parent=11945"}],"wp:term":[{"taxonomy":"resource_category","embeddable":true,"href":"https:\/\/museudoporto.pt\/en\/wp-json\/wp\/v2\/resource_category?post=11945"}],"curies":[{"name":"wp","href":"https:\/\/api.w.org\/{rel}","templated":true}]}}

Sábados a contar | Poemas de Eugénio de Andrade

<p>Com a equipa do Serviço Educativo</p>

<p>Com sessões às 11H e às 15H30, esta atividade da Biblioteca Municipal Almeida Garrett proporciona às crianças entre os 3 e 6 anos de idade uma introdução ao universo dos livros e da leitura. Estes momentos são acompanhados por um atelier temático no final de cada sessão.</p>

<p>Com sessões às 11H e às 15H30, esta atividade da Biblioteca Municipal Almeida Garrett proporciona às crianças entre os 3 e 6 anos de idade uma introdução ao universo dos livros e da leitura. Estes momentos são acompanhados por um atelier temático no final de cada sessão.</p>
<p>&nbsp;</p>
<p>Em fevereiro, no quadro do programa comemorativo do centenário de Eugénio de Andrade, é abordada nas sessões de Sábados a contar uma seleção de poemas do autor, trabalhados de forma específica para o público mais jovem. A atividade <em>Aquela Nuvem e Outras</em> contempla poemas de Eugénio de Andrade com ilustrações de Cristina Valadas.</p>
<h2>ENDEREÇO</h2>
<p>Jardins do Palácio de Cristal<br />
Rua de Dom Manuel II<br />
4050-239 Porto</p>
<h2>AUTOCARRO</h2>
<p>1M, 200, 201, 207, 208, 302, 303, 501, 507, 601, ZM, 12M, 13M<br />
Circular Massarelos – Carmo</p>
<h2>ESTACIONAMENTO</h2>
<p>Palácio de Cristal</p>

Eco e-vocações | visitas guiadas por poetas à exposição A Arte dos Versos #1
