{"id":12127,"date":"2023-02-14T17:31:19","date_gmt":"2023-02-14T17:31:19","guid":{"rendered":"https:\/\/museudoporto.pt\/?post_type=resource&#038;p=12127"},"modified":"2023-03-06T12:47:28","modified_gmt":"2023-03-06T12:47:28","slug":"curso-breve-14-nicolau-nasoni-e-o-porto-250-anos-da-morte-do-arquiteto-do-porto","status":"publish","type":"resource","link":"https:\/\/museudoporto.pt\/en\/recurso\/curso-breve-14-nicolau-nasoni-e-o-porto-250-anos-da-morte-do-arquiteto-do-porto\/","title":{"rendered":"Curso Breve #14 Nicolau Nasoni e o Porto \u2014 250 anos da morte do \u2018Arquiteto do Porto\u2019 | ESGOTADO"},"content":{"rendered":"","protected":false},"featured_media":12141,"template":"","resource_category":[20,21],"class_list":["post-12127","resource","type-resource","status-publish","has-post-thumbnail","hentry","resource_category-atividades","resource_category-cursos-breves"],"acf":{"ambient_sound":false,"breadcrumb":false,"file":false,"content":[{"acf_fc_layout":"event","display_title":"Curso Breve #14 Nicolau Nasoni e o Porto \u2014 250 anos da morte do \u2018Arquiteto do Porto\u2019 | ESGOTADO","subtitle":"<p>Orientado por Joel Cleto, Manuel Joaquim Rocha, Jos\u00e9 Manuel Tedim e Jo\u00e3o Rapag\u00e3o<\/p>\n<p>SEG 6, 13, 20, 27<span class=\"TextRun SCXW42066472 BCX0\" lang=\"PT-PT\" xml:lang=\"PT-PT\" data-contrast=\"auto\"><span class=\"NormalTextRun SCXW42066472 BCX0\"> MAR <\/span><\/span>18H\u201420H (4 sess\u00f5es)<\/p>\n","date":{"show_time":true,"type":"range","date":null,"start_date":"06\/03\/2023 18:00","end_date":"27\/03\/2023 20:00"},"sessions":null,"location":{"type":"other","station":false,"location":"Audit\u00f3rio Biblioteca Municipal Almeida Garrett"},"media":{"type":false,"image":{"ID":12142,"id":12142,"title":"AA10346","filename":"AA10346.png","filesize":6170155,"url":"https:\/\/museudoporto.pt\/wp-content\/uploads\/2023\/02\/AA10346.png","link":"https:\/\/museudoporto.pt\/en\/aa10346-2\/","alt":"","author":"11","description":"","caption":"","name":"aa10346-2","status":"inherit","uploaded_to":0,"date":"2023-02-16 10:30:28","modified":"2023-03-03 16:40:49","menu_order":0,"mime_type":"image\/png","type":"image","subtype":"png","icon":"https:\/\/museudoporto.pt\/wp-includes\/images\/media\/default.png","width":1782,"height":2833,"sizes":{"thumbnail":"https:\/\/museudoporto.pt\/wp-content\/uploads\/2023\/02\/AA10346-150x150.png","thumbnail-width":150,"thumbnail-height":150,"medium":"https:\/\/museudoporto.pt\/wp-content\/uploads\/2023\/02\/AA10346-189x300.png","medium-width":189,"medium-height":300,"medium_large":"https:\/\/museudoporto.pt\/wp-content\/uploads\/2023\/02\/AA10346-768x1221.png","medium_large-width":640,"medium_large-height":1018,"large":"https:\/\/museudoporto.pt\/wp-content\/uploads\/2023\/02\/AA10346-644x1024.png","large-width":640,"large-height":1018,"ufg_200_200":"https:\/\/museudoporto.pt\/wp-content\/uploads\/2023\/02\/AA10346.png","ufg_200_200-width":126,"ufg_200_200-height":200,"ufg_300_300":"https:\/\/museudoporto.pt\/wp-content\/uploads\/2023\/02\/AA10346.png","ufg_300_300-width":189,"ufg_300_300-height":300,"ufg_400_400":"https:\/\/museudoporto.pt\/wp-content\/uploads\/2023\/02\/AA10346.png","ufg_400_400-width":252,"ufg_400_400-height":400,"1536x1536":"https:\/\/museudoporto.pt\/wp-content\/uploads\/2023\/02\/AA10346-966x1536.png","1536x1536-width":966,"1536x1536-height":1536,"2048x2048":"https:\/\/museudoporto.pt\/wp-content\/uploads\/2023\/02\/AA10346-1288x2048.png","2048x2048-width":1288,"2048x2048-height":2048}},"gallery":false},"excerpt":"<p>Em 2023 cumprem-se 250 anos sobre a morte de Nicolau Nasoni, o fabuloso criador italiano que, na primeira metade do s\u00e9culo XVIII, marcou a produ\u00e7\u00e3o art\u00edstica da regi\u00e3o e a paisagem do Porto. O Curso Breve desenvolve-se todas as segundas de mar\u00e7o, entre as 18H e as 20H, ao longo de 4 sess\u00f5es a decorrer na Biblioteca Municipal Almeida Garrett. A terceira sess\u00e3o deste curso decorrer\u00e1 na Torre dos Cl\u00e9rigos.<\/p>\n","content":"<p>Em 2023 cumprem-se 250 anos sobre a morte de Nicolau Nasoni, o fabuloso criador italiano que, na primeira metade do s\u00e9culo XVIII, marcou a produ\u00e7\u00e3o art\u00edstica da regi\u00e3o e a paisagem do Porto. Autor de obras ic\u00f3nicas da cidade, como a Torre dos Cl\u00e9rigos, a fachada da Igreja da Miseric\u00f3rdia, o Pal\u00e1cio do Freixo e a Quinta da Prelada, Nasoni viu-se no estatuto de \u201co arquiteto do Porto\u201d. No entanto, curiosamente, as suas primeiras interven\u00e7\u00f5es na cidade foram como pintor, nomeadamente na catedral.<\/p>\n<p>&nbsp;<\/p>\n<p>Mas, quem era Nasoni? Como chegou ao Porto e atrav\u00e9s de quem? Como \u00e9 que o pintor se transformou no arquiteto e num paisagista? Qual a sua import\u00e2ncia no contexto do barroco em Portugal? E o que foi o barroco? Quais as mais importantes obras do artista na cidade e regi\u00e3o? Qual o seu legado? E que contempor\u00e2neas interven\u00e7\u00f5es arquitet\u00f3nicas se t\u00eam registado mais recentemente nas suas obras? \u00c9 a estas e muitas outras pertinentes quest\u00f5es que este Curso Breve sobre Nasoni procurar\u00e1 responder, atrav\u00e9s do contributo de quatro especialistas em barroco e na hist\u00f3ria, patrim\u00f3nio e arquitetura da cidade.<\/p>\n<p>&nbsp;<\/p>\n<p><strong>1.\u00aa sess\u00e3o<\/strong><\/p>\n<p>Nicolau Nasoni. O homem e a obra. Um percurso biogr\u00e1fico \u2014 Joel Cleto<\/p>\n<p>&nbsp;<\/p>\n<p><strong>2.\u00aa sess\u00e3o<\/strong><\/p>\n<p>Nasoni e o barroco portugu\u00eas \u2014 Manuel Joaquim Rocha<\/p>\n<p>&nbsp;<\/p>\n<p><strong>3.\u00aa sess\u00e3o \u2014 Torre dos Cl\u00e9rigos<\/strong><\/p>\n<p>As mais emblem\u00e1ticas obras de Nasoni na cidade do Porto \u2014 Jos\u00e9 Manuel Tedim<\/p>\n<p>&nbsp;<\/p>\n<p><strong>4.\u00aa sess\u00e3o<\/strong><\/p>\n<p>A vertente paisagista de Nasoni e interven\u00e7\u00f5es contempor\u00e2neas \u2014 Jo\u00e3o Rapag\u00e3o<\/p>\n<p>&nbsp;<\/p>\n<p><strong>Joel Cleto<\/strong> \u00e9 arque\u00f3logo, historiador e divulgador da Hist\u00f3ria e Patrim\u00f3nio. <strong>Manuel Joaquim Rocha<\/strong> \u00e9 doutorado em Hist\u00f3ria da Arte Portuguesa e diretor do Departamento de Ci\u00eancias e T\u00e9cnicas do Patrim\u00f3nio da Faculdade de Letras da Universidade do Porto. <strong>Jos\u00e9 Manuel Tedim<\/strong> \u00e9 professor e autor de dezenas de trabalhos cient\u00edficos sobre Hist\u00f3ria e Hist\u00f3ria da Arte. <strong>Jo\u00e3o Rapag\u00e3o<\/strong> \u00e9 arquiteto e professor na Faculdade de Arquitectura e Artes da Universidade Lus\u00edada \u2013 Norte.<\/p>\n<p>&nbsp;<\/p>\n<p><strong>Apoio:<\/strong> Irmandade dos Cl\u00e9rigos<\/p>\n<p>&nbsp;<\/p>\n<h2>INSCRI\u00c7\u00d5ES ESGOTADAS<\/h2>\n"}],"previous_link":{"label":"Curso Breve #13 Eug\u00e9nio de Andrade (1923\u20142005): breve dicion\u00e1rio po\u00e9tico","link":"https:\/\/museudoporto.pt\/en\/recurso\/curso-breve-13-eugenio-de-andrade-1923-2005-breve-dicionario-poetico\/"},"next_link":{"label":"Curso Breve #15 O lugar da leitura na era digital","link":"https:\/\/museudoporto.pt\/en\/recurso\/curso-breve-15-o-lugar-da-leitura-na-era-digital\/"}},"_links":{"self":[{"href":"https:\/\/museudoporto.pt\/en\/wp-json\/wp\/v2\/resource\/12127","targetHints":{"allow":["GET"]}}],"collection":[{"href":"https:\/\/museudoporto.pt\/en\/wp-json\/wp\/v2\/resource"}],"about":[{"href":"https:\/\/museudoporto.pt\/en\/wp-json\/wp\/v2\/types\/resource"}],"wp:featuredmedia":[{"embeddable":true,"href":"https:\/\/museudoporto.pt\/en\/wp-json\/wp\/v2\/media\/12141"}],"wp:attachment":[{"href":"https:\/\/museudoporto.pt\/en\/wp-json\/wp\/v2\/media?parent=12127"}],"wp:term":[{"taxonomy":"resource_category","embeddable":true,"href":"https:\/\/museudoporto.pt\/en\/wp-json\/wp\/v2\/resource_category?post=12127"}],"curies":[{"name":"wp","href":"https:\/\/api.w.org\/{rel}","templated":true}]}}

<p>Orientado por Joel Cleto, Manuel Joaquim Rocha, José Manuel Tedim e João Rapagão</p>
<p>SEG 6, 13, 20, 27<span class="TextRun SCXW42066472 BCX0" lang="PT-PT" xml:lang="PT-PT" data-contrast="auto"><span class="NormalTextRun SCXW42066472 BCX0"> MAR </span></span>18H—20H (4 sessões)</p>

Auditório Biblioteca Municipal Almeida Garrett

<p>Em 2023 cumprem-se 250 anos sobre a morte de Nicolau Nasoni, o fabuloso criador italiano que, na primeira metade do século XVIII, marcou a produção artística da região e a paisagem do Porto. O Curso Breve desenvolve-se todas as segundas de março, entre as 18H e as 20H, ao longo de 4 sessões a decorrer na Biblioteca Municipal Almeida Garrett. A terceira sessão deste curso decorrerá na Torre dos Clérigos.</p>

<p>Em 2023 cumprem-se 250 anos sobre a morte de Nicolau Nasoni, o fabuloso criador italiano que, na primeira metade do século XVIII, marcou a produção artística da região e a paisagem do Porto. Autor de obras icónicas da cidade, como a Torre dos Clérigos, a fachada da Igreja da Misericórdia, o Palácio do Freixo e a Quinta da Prelada, Nasoni viu-se no estatuto de “o arquiteto do Porto”. No entanto, curiosamente, as suas primeiras intervenções na cidade foram como pintor, nomeadamente na catedral.</p>
<p>&nbsp;</p>
<p>Mas, quem era Nasoni? Como chegou ao Porto e através de quem? Como é que o pintor se transformou no arquiteto e num paisagista? Qual a sua importância no contexto do barroco em Portugal? E o que foi o barroco? Quais as mais importantes obras do artista na cidade e região? Qual o seu legado? E que contemporâneas intervenções arquitetónicas se têm registado mais recentemente nas suas obras? É a estas e muitas outras pertinentes questões que este Curso Breve sobre Nasoni procurará responder, através do contributo de quatro especialistas em barroco e na história, património e arquitetura da cidade.</p>
<p>&nbsp;</p>
<p><strong>1.ª sessão</strong></p>
<p>Nicolau Nasoni. O homem e a obra. Um percurso biográfico — Joel Cleto</p>
<p>&nbsp;</p>
<p><strong>2.ª sessão</strong></p>
<p>Nasoni e o barroco português — Manuel Joaquim Rocha</p>
<p>&nbsp;</p>
<p><strong>3.ª sessão — Torre dos Clérigos</strong></p>
<p>As mais emblemáticas obras de Nasoni na cidade do Porto — José Manuel Tedim</p>
<p>&nbsp;</p>
<p><strong>4.ª sessão</strong></p>
<p>A vertente paisagista de Nasoni e intervenções contemporâneas — João Rapagão</p>
<p>&nbsp;</p>
<p><strong>Joel Cleto</strong> é arqueólogo, historiador e divulgador da História e Património. <strong>Manuel Joaquim Rocha</strong> é doutorado em História da Arte Portuguesa e diretor do Departamento de Ciências e Técnicas do Património da Faculdade de Letras da Universidade do Porto. <strong>José Manuel Tedim</strong> é professor e autor de dezenas de trabalhos científicos sobre História e História da Arte. <strong>João Rapagão</strong> é arquiteto e professor na Faculdade de Arquitectura e Artes da Universidade Lusíada – Norte.</p>
<p>&nbsp;</p>
<p><strong>Apoio:</strong> Irmandade dos Clérigos</p>
<p>&nbsp;</p>
<h2>INSCRIÇÕES ESGOTADAS</h2>

Curso Breve #13 Eugénio de Andrade (1923—2005): breve dicionário poético
