{"id":12210,"date":"2023-02-17T11:02:33","date_gmt":"2023-02-17T11:02:33","guid":{"rendered":"https:\/\/museudoporto.pt\/?post_type=resource&#038;p=12210"},"modified":"2026-04-21T12:03:55","modified_gmt":"2026-04-21T11:03:55","slug":"reservatorio-2","status":"publish","type":"resource","link":"https:\/\/museudoporto.pt\/en\/recurso\/reservatorio-2\/","title":{"rendered":"Reservat\u00f3rio"},"content":{"rendered":"","protected":false},"featured_media":8818,"template":"","resource_category":[20,80,24],"class_list":["post-12210","resource","type-resource","status-publish","has-post-thumbnail","hentry","resource_category-atividades","resource_category-longa-duracao","resource_category-plataformas-publicas"],"acf":{"ambient_sound":false,"breadcrumb":false,"file":false,"content":[{"acf_fc_layout":"event","display_title":"Reservat\u00f3rio","subtitle":"","date":{"show_time":false,"type":"date","date":"11\/07\/2021 00:00","start_date":"11\/07\/2021 00:00","end_date":"31\/12\/2025 17:30"},"sessions":null,"location":{"type":"other","station":false,"location":"RESERVAT\u00d3RIO"},"media":{"type":false,"image":{"ID":8819,"id":8819,"title":"Reservatorioabertura2\u00a9porto.","filename":"Reservatorioabertura2\u00a9porto..jpeg","filesize":159651,"url":"https:\/\/museudoporto.pt\/wp-content\/uploads\/2021\/09\/Reservatorioabertura2\u00a9porto..jpeg","link":"https:\/\/museudoporto.pt\/en\/reservatorioabertura2porto-2\/","alt":"","author":"11","description":"","caption":"","name":"reservatorioabertura2porto-2","status":"inherit","uploaded_to":0,"date":"2021-12-16 11:17:16","modified":"2021-12-16 11:17:26","menu_order":0,"mime_type":"image\/jpeg","type":"image","subtype":"jpeg","icon":"https:\/\/museudoporto.pt\/wp-includes\/images\/media\/default.png","width":1160,"height":773,"sizes":{"thumbnail":"https:\/\/museudoporto.pt\/wp-content\/uploads\/2021\/09\/Reservatorioabertura2\u00a9porto.-150x150.jpeg","thumbnail-width":150,"thumbnail-height":150,"medium":"https:\/\/museudoporto.pt\/wp-content\/uploads\/2021\/09\/Reservatorioabertura2\u00a9porto.-300x200.jpeg","medium-width":300,"medium-height":200,"medium_large":"https:\/\/museudoporto.pt\/wp-content\/uploads\/2021\/09\/Reservatorioabertura2\u00a9porto.-768x512.jpeg","medium_large-width":640,"medium_large-height":427,"large":"https:\/\/museudoporto.pt\/wp-content\/uploads\/2021\/09\/Reservatorioabertura2\u00a9porto.-1024x682.jpeg","large-width":640,"large-height":426,"ufg_200_200":"https:\/\/museudoporto.pt\/wp-content\/uploads\/2021\/09\/Reservatorioabertura2\u00a9porto..jpeg","ufg_200_200-width":200,"ufg_200_200-height":133,"ufg_300_300":"https:\/\/museudoporto.pt\/wp-content\/uploads\/2021\/09\/Reservatorioabertura2\u00a9porto..jpeg","ufg_300_300-width":300,"ufg_300_300-height":200,"ufg_400_400":"https:\/\/museudoporto.pt\/wp-content\/uploads\/2021\/09\/Reservatorioabertura2\u00a9porto..jpeg","ufg_400_400-width":400,"ufg_400_400-height":267,"1536x1536":"https:\/\/museudoporto.pt\/wp-content\/uploads\/2021\/09\/Reservatorioabertura2\u00a9porto..jpeg","1536x1536-width":1160,"1536x1536-height":773,"2048x2048":"https:\/\/museudoporto.pt\/wp-content\/uploads\/2021\/09\/Reservatorioabertura2\u00a9porto..jpeg","2048x2048-width":1160,"2048x2048-height":773}},"gallery":false},"excerpt":"<p>O Reservat\u00f3rio re\u00fane e apresenta artefactos, vest\u00edgios e fragmentos encontrados em escava\u00e7\u00f5es ou recolhidos de edif\u00edcios e monumentos da cidade, e que integram as cole\u00e7\u00f5es municipais. Numa viagem pelo espa\u00e7o e pela hist\u00f3ria, s\u00e3o refletidas zonas do territ\u00f3rio onde campanhas de escava\u00e7\u00e3o, ocorridas ao longo dos s\u00e9culos XX e XXI, revelaram formas de povoamento de v\u00e1rias \u00e9pocas e todo o tipo de vest\u00edgios materiais, que permitem uma leitura da transforma\u00e7\u00e3o do territ\u00f3rio que, hoje, acolhe a cidade. Este antigo reservat\u00f3rio de \u00e1gua \u00e9, simultaneamente, um museu e uma reserva onde se guardam\/conservam vest\u00edgios arqueol\u00f3gicos.<\/p>\n","content":"<p>O Reservat\u00f3rio re\u00fane e apresenta artefactos, vest\u00edgios e fragmentos encontrados em escava\u00e7\u00f5es ou recolhidos de edif\u00edcios e monumentos da cidade, e que integram as cole\u00e7\u00f5es municipais. Numa viagem pelo espa\u00e7o e pela hist\u00f3ria, s\u00e3o refletidas zonas do territ\u00f3rio onde campanhas de escava\u00e7\u00e3o, ocorridas ao longo dos s\u00e9culos XX e XXI, revelaram formas de povoamento de v\u00e1rias \u00e9pocas e todo o tipo de vest\u00edgios materiais, que permitem uma leitura da transforma\u00e7\u00e3o do territ\u00f3rio que, hoje, acolhe a cidade. Este antigo reservat\u00f3rio de \u00e1gua \u00e9, simultaneamente, um museu e uma reserva onde se guardam\/conservam vest\u00edgios arqueol\u00f3gicos.<\/p>\n<p>&nbsp;<\/p>\n<p>Desde lou\u00e7as e utens\u00edlios dom\u00e9sticos a fragmentos de vidro, cer\u00e2micas, moedas, mas tamb\u00e9m artefactos l\u00edticos ou l\u00e1pides e outros elementos funer\u00e1rios, o Reservat\u00f3rio tra\u00e7a uma hist\u00f3ria do Porto.<\/p>\n<p>&nbsp;<\/p>\n<p>Na visita s\u00e3o convocados todos os sentidos para atravessar diferentes \u00e9pocas do per\u00edodo hist\u00f3rico e pr\u00e9-hist\u00f3rico, a que correspondem diferentes artefactos ou fragmentos datados desses per\u00edodos: \u00c9pocas Contempor\u00e2nea e Moderna; \u00c9poca Medieval; \u00c9poca Romana; Idade do Ferro; Idade do Bronze; Paleol\u00edtico.<\/p>\n<p>&nbsp;<\/p>\n<div class=\"row block-text text-no-indent\">\n<div class=\"col-xs-8 col-sm-7 col-md-5 col-md-offset-3 col-xl-4 col-xl-offset-4\">\n<h2>BILHETES<\/h2>\n<p><a href=\"https:\/\/www.bol.pt\/Comprar\/Bilhetes\/134048-visita_ao_reservatorio-reservatorio\/Sessoes\">BILHETEIRA ONLINE<\/a><\/p>\n<h2>HOR\u00c1RIO<\/h2>\n<p>Ter\u00e7as-feiras\u2014Domingo<strong><br \/>\n<\/strong>10H00\u201417H30<\/p>\n<p>Encerra \u00e0s segundas e dias feriados.<\/p>\n<h2>ENDERE\u00c7O<\/h2>\n<p>Parque da Pasteleira (Entrada Poente)<br \/>\nRua de Gomes Eanes de Azurara, s\/n<br \/>\n4150-362 Porto<br \/>\nGPS: 41.151579, -8.662588<br \/>\n<a href=\"https:\/\/www.google.com\/maps\/place\/MUSEU+DA+CIDADE%E2%80%94Reservat%C3%B3rio\/@41.1516095,-8.6647695,17z\/data=!3m1!4b1!4m5!3m4!1s0xd246f0639d3f147:0xd6c8046be9a04e58!8m2!3d41.1516095!4d-8.6625808\" target=\"_blank\" rel=\"noopener\" data-cursor-hover=\"ready\">Localiza\u00e7\u00e3o<\/a><\/p>\n<h2>AUTOCARRO<\/h2>\n<p>200, 204, 207, 504<\/p>\n<h2>ESTACIONAMENTO<\/h2>\n<p>Free parking spaces.<\/p>\n<h2>JARDINS<\/h2>\n<p><a href=\"https:\/\/museudoporto.pt\/en\/garden\/parque-da-pasteleira\/\" data-cursor-hover=\"ready\">PARQUE URBANO DA PASTELEIRA<\/a><\/p>\n<\/div>\n<\/div>\n"}],"previous_link":{"label":"","link":""},"next_link":{"label":"","link":""}},"_links":{"self":[{"href":"https:\/\/museudoporto.pt\/en\/wp-json\/wp\/v2\/resource\/12210","targetHints":{"allow":["GET"]}}],"collection":[{"href":"https:\/\/museudoporto.pt\/en\/wp-json\/wp\/v2\/resource"}],"about":[{"href":"https:\/\/museudoporto.pt\/en\/wp-json\/wp\/v2\/types\/resource"}],"wp:featuredmedia":[{"embeddable":true,"href":"https:\/\/museudoporto.pt\/en\/wp-json\/wp\/v2\/media\/8818"}],"wp:attachment":[{"href":"https:\/\/museudoporto.pt\/en\/wp-json\/wp\/v2\/media?parent=12210"}],"wp:term":[{"taxonomy":"resource_category","embeddable":true,"href":"https:\/\/museudoporto.pt\/en\/wp-json\/wp\/v2\/resource_category?post=12210"}],"curies":[{"name":"wp","href":"https:\/\/api.w.org\/{rel}","templated":true}]}}

Reservatório

RESERVATÓRIO

<p>O Reservatório reúne e apresenta artefactos, vestígios e fragmentos encontrados em escavações ou recolhidos de edifícios e monumentos da cidade, e que integram as coleções municipais. Numa viagem pelo espaço e pela história, são refletidas zonas do território onde campanhas de escavação, ocorridas ao longo dos séculos XX e XXI, revelaram formas de povoamento de várias épocas e todo o tipo de vestígios materiais, que permitem uma leitura da transformação do território que, hoje, acolhe a cidade. Este antigo reservatório de água é, simultaneamente, um museu e uma reserva onde se guardam/conservam vestígios arqueológicos.</p>

<p>O Reservatório reúne e apresenta artefactos, vestígios e fragmentos encontrados em escavações ou recolhidos de edifícios e monumentos da cidade, e que integram as coleções municipais. Numa viagem pelo espaço e pela história, são refletidas zonas do território onde campanhas de escavação, ocorridas ao longo dos séculos XX e XXI, revelaram formas de povoamento de várias épocas e todo o tipo de vestígios materiais, que permitem uma leitura da transformação do território que, hoje, acolhe a cidade. Este antigo reservatório de água é, simultaneamente, um museu e uma reserva onde se guardam/conservam vestígios arqueológicos.</p>
<p>&nbsp;</p>
<p>Desde louças e utensílios domésticos a fragmentos de vidro, cerâmicas, moedas, mas também artefactos líticos ou lápides e outros elementos funerários, o Reservatório traça uma história do Porto.</p>
<p>&nbsp;</p>
<p>Na visita são convocados todos os sentidos para atravessar diferentes épocas do período histórico e pré-histórico, a que correspondem diferentes artefactos ou fragmentos datados desses períodos: Épocas Contemporânea e Moderna; Época Medieval; Época Romana; Idade do Ferro; Idade do Bronze; Paleolítico.</p>
<p>&nbsp;</p>
<div class="row block-text text-no-indent">
<div class="col-xs-8 col-sm-7 col-md-5 col-md-offset-3 col-xl-4 col-xl-offset-4">
<h2>BILHETES</h2>
<p><a href="https://www.bol.pt/Comprar/Bilhetes/134048-visita_ao_reservatorio-reservatorio/Sessoes">BILHETEIRA ONLINE</a></p>
<h2>HORÁRIO</h2>
<p>Terças-feiras—Domingo<strong><br />
</strong>10H00—17H30</p>
<p>Encerra às segundas e dias feriados.</p>
<h2>ENDEREÇO</h2>
<p>Parque da Pasteleira (Entrada Poente)<br />
Rua de Gomes Eanes de Azurara, s/n<br />
4150-362 Porto<br />
GPS: 41.151579, -8.662588<br />
<a href="https://www.google.com/maps/place/MUSEU+DA+CIDADE%E2%80%94Reservat%C3%B3rio/@41.1516095,-8.6647695,17z/data=!3m1!4b1!4m5!3m4!1s0xd246f0639d3f147:0xd6c8046be9a04e58!8m2!3d41.1516095!4d-8.6625808" target="_blank" rel="noopener" data-cursor-hover="ready">Localização</a></p>
<h2>AUTOCARRO</h2>
<p>200, 204, 207, 504</p>
<h2>ESTACIONAMENTO</h2>
<p>Free parking spaces.</p>
<h2>JARDINS</h2>
<p><a href="https://museudoporto.pt/en/garden/parque-da-pasteleira/" data-cursor-hover="ready">PARQUE URBANO DA PASTELEIRA</a></p>
</div>
</div>
