{"id":12235,"date":"2023-02-20T10:42:23","date_gmt":"2023-02-20T10:42:23","guid":{"rendered":"https:\/\/museudoporto.pt\/?post_type=resource&#038;p=12235"},"modified":"2023-02-23T16:47:34","modified_gmt":"2023-02-23T16:47:34","slug":"a-camelia-preferida-de-muriel-regressou-aos-jardins-da-casa-tait","status":"publish","type":"resource","link":"https:\/\/museudoporto.pt\/en\/recurso\/a-camelia-preferida-de-muriel-regressou-aos-jardins-da-casa-tait\/","title":{"rendered":"A cam\u00e9lia preferida de Muriel regressou aos Jardins da Casa Tait"},"content":{"rendered":"","protected":false},"featured_media":12236,"template":"","resource_category":[7],"class_list":["post-12235","resource","type-resource","status-publish","has-post-thumbnail","hentry","resource_category-noticias"],"acf":{"ambient_sound":false,"breadcrumb":false,"file":false,"content":[{"acf_fc_layout":"news","number":"46","media":{"type":false,"image":{"ID":12237,"id":12237,"title":"Princeza Real Casa Tait 2010Mai05 (3)","filename":"Princeza-Real-Casa-Tait-2010Mai05-3.jpg","filesize":152135,"url":"https:\/\/museudoporto.pt\/wp-content\/uploads\/2023\/02\/Princeza-Real-Casa-Tait-2010Mai05-3.jpg","link":"https:\/\/museudoporto.pt\/en\/princeza-real-casa-tait-2010mai05-3-2\/","alt":"","author":"11","description":"","caption":"","name":"princeza-real-casa-tait-2010mai05-3-2","status":"inherit","uploaded_to":0,"date":"2023-02-20 10:40:00","modified":"2023-02-23 16:47:30","menu_order":0,"mime_type":"image\/jpeg","type":"image","subtype":"jpeg","icon":"https:\/\/museudoporto.pt\/wp-includes\/images\/media\/default.png","width":1280,"height":960,"sizes":{"thumbnail":"https:\/\/museudoporto.pt\/wp-content\/uploads\/2023\/02\/Princeza-Real-Casa-Tait-2010Mai05-3-150x150.jpg","thumbnail-width":150,"thumbnail-height":150,"medium":"https:\/\/museudoporto.pt\/wp-content\/uploads\/2023\/02\/Princeza-Real-Casa-Tait-2010Mai05-3-300x225.jpg","medium-width":300,"medium-height":225,"medium_large":"https:\/\/museudoporto.pt\/wp-content\/uploads\/2023\/02\/Princeza-Real-Casa-Tait-2010Mai05-3-768x576.jpg","medium_large-width":640,"medium_large-height":480,"large":"https:\/\/museudoporto.pt\/wp-content\/uploads\/2023\/02\/Princeza-Real-Casa-Tait-2010Mai05-3-1024x768.jpg","large-width":640,"large-height":480,"ufg_200_200":"https:\/\/museudoporto.pt\/wp-content\/uploads\/2023\/02\/Princeza-Real-Casa-Tait-2010Mai05-3.jpg","ufg_200_200-width":200,"ufg_200_200-height":150,"ufg_300_300":"https:\/\/museudoporto.pt\/wp-content\/uploads\/2023\/02\/Princeza-Real-Casa-Tait-2010Mai05-3.jpg","ufg_300_300-width":300,"ufg_300_300-height":225,"ufg_400_400":"https:\/\/museudoporto.pt\/wp-content\/uploads\/2023\/02\/Princeza-Real-Casa-Tait-2010Mai05-3.jpg","ufg_400_400-width":400,"ufg_400_400-height":300,"1536x1536":"https:\/\/museudoporto.pt\/wp-content\/uploads\/2023\/02\/Princeza-Real-Casa-Tait-2010Mai05-3.jpg","1536x1536-width":1280,"1536x1536-height":960,"2048x2048":"https:\/\/museudoporto.pt\/wp-content\/uploads\/2023\/02\/Princeza-Real-Casa-Tait-2010Mai05-3.jpg","2048x2048-width":1280,"2048x2048-height":960}},"gallery":false},"content":"<p><strong>A \u201cPrincesa Real\u201d foi devolvida aos Jardins da Casa Tait durante o Percurso Especial de s\u00e1bado, 18 de fevereiro. Era a cam\u00e9lia favorita de Muriel, a \u00faltima habitante da fam\u00edlia Tait a residir na casa.<\/strong><\/p>\n<p>&nbsp;<\/p>\n<p>Acometida por uma doen\u00e7a que resultou na sua morte, h\u00e1 mais de dez anos, a cam\u00e9lia \u201cPrincesa Real\u201d regressou aos Jardins da Casa Tait gra\u00e7as \u00e0 recolha, feita a partir da \u00e1rvore original, por Armando Oliveira, s\u00f3cio da International Camellia Society e s\u00f3cio fundador da Associa\u00e7\u00e3o Portuguesa de Cam\u00e9lias, e Ant\u00f3nio Assun\u00e7\u00e3o, colecionador e reprodutor de cam\u00e9lias.<\/p>\n<p>&nbsp;<\/p>\n<p>O crescimento desse enxerto foi acompanhado durante cerca de uma d\u00e9cada, culminando agora nesta doa\u00e7\u00e3o, para refor\u00e7ar os exemplares de cam\u00e9lias reunidos nos Jardins da Casa Tait e acrescentar-lhes mais hist\u00f3ria(s).<\/p>\n<p>&nbsp;<\/p>\n<p>A \u201cPrincesa Real\u201d era a cam\u00e9lia preferida de Muriel Tait, \u00faltimo elemento da fam\u00edlia a residir na casa.<\/p>\n<p>&nbsp;<\/p>\n<p>Num artigo escrito em 1964, referia-se com entusiasmo ao exemplar plantado no patamar interm\u00e9dio do espa\u00e7o exterior da casa: <em>A favourite of mine with flat rose pink flowers is \u2018Princeza Real\u2019, its leaves shade to a golden green. This camellia is neat looking and rather stiff and the flowers appear later than most cultivars. It is excellent for table decoration as it lights up exceptionally well.<\/em> (em tradu\u00e7\u00e3o livre: \u201cUma das minhas favoritas, com flores lisas cor-de-rosa, \u00e9 a \u2018Princeza Real\u2019, com as suas folhas sombreadas a um verde-dourado. Esta cam\u00e9lia tem uma apar\u00eancia elegante e algo r\u00edgida e as flores aparecem mais tarde do que a maioria dos cultivares. \u00c9 excelente para decora\u00e7\u00e3o de mesas, uma vez que se ilumina excecionalmente bem.\u201d)<\/p>\n<p>&nbsp;<\/p>\n<p>O regresso da \u201cPrincesa Real\u201d aos Jardins da Casa Tait foi promovido no \u00e2mbito dos Caminhos do Rom\u00e2ntico, iniciativa do Museu da Cidade do Porto, e foi desenvolvido no decorrer do <a href=\"https:\/\/museudoporto.pt\/en\/recurso\/percurso-especial-7-ao-encontro-das-camelias-nos-caminhos-do-romantico\/\">PERCURSO ESPECIAL #7 \u2014 AO ENCONTRO DAS CAM\u00c9LIAS NOS CAMINHOS DO ROM\u00c2NTICO<\/a>.<\/p>\n<p>&nbsp;<\/p>\n<p>A fam\u00edlia Tait, particularmente atrav\u00e9s dos irm\u00e3os Alfred e William Tait, mostrou sempre um profundo interesse pelo meio natural, nomeadamente pela bot\u00e2nica, horticultura, floricultura, ornitologia e entomologia. Muitas esp\u00e9cies ex\u00f3ticas foram aclimatadas e plantadas nos Jardins da Casa Tait, ao gosto da \u00e9poca.<\/p>\n"}],"previous_link":{"label":"","link":""},"next_link":{"label":"","link":""}},"_links":{"self":[{"href":"https:\/\/museudoporto.pt\/en\/wp-json\/wp\/v2\/resource\/12235","targetHints":{"allow":["GET"]}}],"collection":[{"href":"https:\/\/museudoporto.pt\/en\/wp-json\/wp\/v2\/resource"}],"about":[{"href":"https:\/\/museudoporto.pt\/en\/wp-json\/wp\/v2\/types\/resource"}],"wp:featuredmedia":[{"embeddable":true,"href":"https:\/\/museudoporto.pt\/en\/wp-json\/wp\/v2\/media\/12236"}],"wp:attachment":[{"href":"https:\/\/museudoporto.pt\/en\/wp-json\/wp\/v2\/media?parent=12235"}],"wp:term":[{"taxonomy":"resource_category","embeddable":true,"href":"https:\/\/museudoporto.pt\/en\/wp-json\/wp\/v2\/resource_category?post=12235"}],"curies":[{"name":"wp","href":"https:\/\/api.w.org\/{rel}","templated":true}]}}

A camélia preferida de Muriel regressou aos Jardins da Casa Tait

<p><strong>A “Princesa Real” foi devolvida aos Jardins da Casa Tait durante o Percurso Especial de sábado, 18 de fevereiro. Era a camélia favorita de Muriel, a última habitante da família Tait a residir na casa.</strong></p>
<p>&nbsp;</p>
<p>Acometida por uma doença que resultou na sua morte, há mais de dez anos, a camélia “Princesa Real” regressou aos Jardins da Casa Tait graças à recolha, feita a partir da árvore original, por Armando Oliveira, sócio da International Camellia Society e sócio fundador da Associação Portuguesa de Camélias, e António Assunção, colecionador e reprodutor de camélias.</p>
<p>&nbsp;</p>
<p>O crescimento desse enxerto foi acompanhado durante cerca de uma década, culminando agora nesta doação, para reforçar os exemplares de camélias reunidos nos Jardins da Casa Tait e acrescentar-lhes mais história(s).</p>
<p>&nbsp;</p>
<p>A “Princesa Real” era a camélia preferida de Muriel Tait, último elemento da família a residir na casa.</p>
<p>&nbsp;</p>
<p>Num artigo escrito em 1964, referia-se com entusiasmo ao exemplar plantado no patamar intermédio do espaço exterior da casa: <em>A favourite of mine with flat rose pink flowers is ‘Princeza Real’, its leaves shade to a golden green. This camellia is neat looking and rather stiff and the flowers appear later than most cultivars. It is excellent for table decoration as it lights up exceptionally well.</em> (em tradução livre: “Uma das minhas favoritas, com flores lisas cor-de-rosa, é a ‘Princeza Real’, com as suas folhas sombreadas a um verde-dourado. Esta camélia tem uma aparência elegante e algo rígida e as flores aparecem mais tarde do que a maioria dos cultivares. É excelente para decoração de mesas, uma vez que se ilumina excecionalmente bem.”)</p>
<p>&nbsp;</p>
<p>O regresso da “Princesa Real” aos Jardins da Casa Tait foi promovido no âmbito dos Caminhos do Romântico, iniciativa do Museu da Cidade do Porto, e foi desenvolvido no decorrer do <a href="https://museudoporto.pt/en/recurso/percurso-especial-7-ao-encontro-das-camelias-nos-caminhos-do-romantico/">PERCURSO ESPECIAL #7 — AO ENCONTRO DAS CAMÉLIAS NOS CAMINHOS DO ROMÂNTICO</a>.</p>
<p>&nbsp;</p>
<p>A família Tait, particularmente através dos irmãos Alfred e William Tait, mostrou sempre um profundo interesse pelo meio natural, nomeadamente pela botânica, horticultura, floricultura, ornitologia e entomologia. Muitas espécies exóticas foram aclimatadas e plantadas nos Jardins da Casa Tait, ao gosto da época.</p>
