{"id":12241,"date":"2023-02-20T11:54:19","date_gmt":"2023-02-20T11:54:19","guid":{"rendered":"https:\/\/museudoporto.pt\/?post_type=resource&#038;p=12241"},"modified":"2023-03-02T11:26:57","modified_gmt":"2023-03-02T11:26:57","slug":"oficina-para-os-mais-novos-que-cheirinho-anda-no-ar","status":"publish","type":"resource","link":"https:\/\/museudoporto.pt\/en\/recurso\/oficina-para-os-mais-novos-que-cheirinho-anda-no-ar\/","title":{"rendered":"OFICINA para os mais novos \u2014 Que cheirinho anda no ar?"},"content":{"rendered":"","protected":false},"featured_media":12251,"template":"","resource_category":[52,62],"class_list":["post-12241","resource","type-resource","status-publish","has-post-thumbnail","hentry","resource_category-oficina","resource_category-oficinas-para-os-mais-novos"],"acf":{"ambient_sound":false,"breadcrumb":false,"file":false,"content":[{"acf_fc_layout":"event","display_title":"OFICINA para os mais novos \u2014 Que cheirinho anda no ar?","subtitle":"<p>Com In\u00eas Ferreira<\/p>\n","date":{"show_time":true,"type":"range","date":null,"start_date":"04\/03\/2023 11:00","end_date":"04\/03\/2023 12:30"},"sessions":null,"location":{"type":"other","station":{"ID":11049,"post_author":"11","post_date":"2022-10-07 17:40:10","post_date_gmt":"2022-10-07 16:40:10","post_content":"","post_title":"CASA GUERRA JUNQUEIRO","post_excerpt":"","post_status":"publish","comment_status":"closed","ping_status":"closed","post_password":"","post_name":"casa-guerra-junqueiro","to_ping":"","pinged":"","post_modified":"2022-10-07 18:30:22","post_modified_gmt":"2022-10-07 17:30:22","post_content_filtered":"","post_parent":0,"guid":"https:\/\/museudoporto.pt\/?post_type=station&#038;p=11049","menu_order":6,"post_type":"station","post_mime_type":"","comment_count":"0","filter":"raw"},"location":"MUSEU GUERRA JUNQUEIRO"},"media":{"type":false,"image":{"ID":12252,"id":12252,"title":"que_cheirinho_anda_no_ar","filename":"que_cheirinho_anda_no_ar-scaled.jpg","filesize":558175,"url":"https:\/\/museudoporto.pt\/wp-content\/uploads\/2023\/02\/que_cheirinho_anda_no_ar-scaled.jpg","link":"https:\/\/museudoporto.pt\/en\/que_cheirinho_anda_no_ar-2\/","alt":"","author":"11","description":"","caption":"","name":"que_cheirinho_anda_no_ar-2","status":"inherit","uploaded_to":0,"date":"2023-02-20 11:53:39","modified":"2023-02-20 11:54:06","menu_order":0,"mime_type":"image\/jpeg","type":"image","subtype":"jpeg","icon":"https:\/\/museudoporto.pt\/wp-includes\/images\/media\/default.png","width":1920,"height":2560,"sizes":{"thumbnail":"https:\/\/museudoporto.pt\/wp-content\/uploads\/2023\/02\/que_cheirinho_anda_no_ar-150x150.jpg","thumbnail-width":150,"thumbnail-height":150,"medium":"https:\/\/museudoporto.pt\/wp-content\/uploads\/2023\/02\/que_cheirinho_anda_no_ar-225x300.jpg","medium-width":225,"medium-height":300,"medium_large":"https:\/\/museudoporto.pt\/wp-content\/uploads\/2023\/02\/que_cheirinho_anda_no_ar-768x1024.jpg","medium_large-width":640,"medium_large-height":853,"large":"https:\/\/museudoporto.pt\/wp-content\/uploads\/2023\/02\/que_cheirinho_anda_no_ar-768x1024.jpg","large-width":640,"large-height":853,"ufg_200_200":"https:\/\/museudoporto.pt\/wp-content\/uploads\/2023\/02\/que_cheirinho_anda_no_ar-scaled.jpg","ufg_200_200-width":150,"ufg_200_200-height":200,"ufg_300_300":"https:\/\/museudoporto.pt\/wp-content\/uploads\/2023\/02\/que_cheirinho_anda_no_ar-scaled.jpg","ufg_300_300-width":225,"ufg_300_300-height":300,"ufg_400_400":"https:\/\/museudoporto.pt\/wp-content\/uploads\/2023\/02\/que_cheirinho_anda_no_ar-scaled.jpg","ufg_400_400-width":300,"ufg_400_400-height":400,"1536x1536":"https:\/\/museudoporto.pt\/wp-content\/uploads\/2023\/02\/que_cheirinho_anda_no_ar-1152x1536.jpg","1536x1536-width":1152,"1536x1536-height":1536,"2048x2048":"https:\/\/museudoporto.pt\/wp-content\/uploads\/2023\/02\/que_cheirinho_anda_no_ar-1536x2048.jpg","2048x2048-width":1536,"2048x2048-height":2048}},"gallery":false},"excerpt":"<p>Quem n\u00e3o gosta de sentir no ar o cheirinho a lavado? Pois h\u00e1 muito, muito tempo eram os pr\u00f3prios m\u00e9dicos que aconselhavam a que n\u00e3o se tomassem muitos banhos, acreditam? E se as pessoas n\u00e3o tinham \u00e1gua dentro de casa, como tomavam banho? A partir de um conjunto de objetos da cole\u00e7\u00e3o do Museu Guerra Junqueiro, ligados \u00e0 higiene do corpo, vamos descobrir que andar asseado e perfumado nem sempre fez parte dos h\u00e1bitos das fam\u00edlias!<\/p>\n","content":"<p>Quem n\u00e3o gosta de sentir no ar o cheirinho a lavado? Pois h\u00e1 muito, muito tempo eram os pr\u00f3prios m\u00e9dicos que aconselhavam a que n\u00e3o se tomassem muitos banhos, acreditam? E se as pessoas n\u00e3o tinham \u00e1gua dentro de casa, como tomavam banho? A partir de um conjunto de objetos da cole\u00e7\u00e3o do Museu Guerra Junqueiro, ligados \u00e0 higiene do corpo, vamos descobrir que andar asseado e perfumado nem sempre fez parte dos h\u00e1bitos das fam\u00edlias!<\/p>\n<p>&nbsp;<\/p>\n<p><strong>In\u00eas Ferreira<\/strong> \u00e9 doutorada em Museologia pela Faculdade de Letras da Universidade do Porto, mestre em Museum and Gallery Management pela City University, Londres e licenciada em Artes Pl\u00e1sticas pela Faculdade de Belas Artes da Universidade do Porto. Desenvolveu trabalho em diversos museus do Porto \u2013 Museu do Carro El\u00e9ctrico, Museu Nacional de Soares dos Reis e diversos museus municipais \u2013 nomeadamente na \u00e1rea do servi\u00e7o educativo. Atualmente trabalha na C\u00e2mara Municipal do Porto e integra a equipa de media\u00e7\u00e3o e educa\u00e7\u00e3o do Museu do Porto.<\/p>\n<p>&nbsp;<\/p>\n<h2>DESTINAT\u00c1RIOS<\/h2>\n<p>Oficina dedicada aos mais novos. A partir dos 3 anos.<\/p>\n<h2>INSCRI\u00c7\u00d5ES<\/h2>\n<p>A participa\u00e7\u00e3o na atividade \u00e9 gratuita e requer inscri\u00e7\u00e3o pr\u00e9via atrav\u00e9s do\u00a0<a href=\"https:\/\/questionarios.cm-porto.pt\/index.php\/247634?lang=pt\">formul\u00e1rio<\/a>. Limite de 20 participantes. + info <a title=\"mailto:mdc.educativo@cm-porto.pt\" href=\"mailto:mdc.educativo@cm-porto.pt\" data-cursor-hover=\"ready\">mdc.educativo@cm-porto.pt<\/a>. ou\u00a0<span data-contrast=\"auto\">(+351) 226<\/span><span data-contrast=\"auto\">\u202f<\/span><span data-contrast=\"auto\">057<\/span><span data-contrast=\"auto\">000.<\/span><\/p>\n<h2>ENDERE\u00c7O<\/h2>\n<p>Rua de D. Hugo, 32, 4050-305 Porto<br \/>\n<a href=\"https:\/\/www.google.com\/maps\/place\/MUSEU+DA+CIDADE%E2%80%94Casa+Guerra+Junqueiro\/@41.1425396,-8.6129004,17z\/data=!3m1!4b1!4m5!3m4!1s0xd2464e132d5e43b:0x44c2f6c27dfef83e!8m2!3d41.1425396!4d-8.6107064\" target=\"_blank\" rel=\"noopener\" data-cursor-hover=\"ready\">Dire\u00e7\u00f5es<\/a><\/p>\n<h2>AUTOCARRO<\/h2>\n<p>22, 207, 303, 400, 904, 905, ZH, 202, 207, 303, 400, 500, 900, 901, 904, 905, 906, ZH<\/p>\n<h2>METRO<\/h2>\n<p>S. Bento<br \/>\nFunicular: Batalha<\/p>\n<h2>ESTACIONAMENTO<\/h2>\n<p>Dom Jo\u00e3o I<\/p>\n"}],"previous_link":{"label":"","link":""},"next_link":{"label":"","link":""}},"_links":{"self":[{"href":"https:\/\/museudoporto.pt\/en\/wp-json\/wp\/v2\/resource\/12241","targetHints":{"allow":["GET"]}}],"collection":[{"href":"https:\/\/museudoporto.pt\/en\/wp-json\/wp\/v2\/resource"}],"about":[{"href":"https:\/\/museudoporto.pt\/en\/wp-json\/wp\/v2\/types\/resource"}],"wp:featuredmedia":[{"embeddable":true,"href":"https:\/\/museudoporto.pt\/en\/wp-json\/wp\/v2\/media\/12251"}],"wp:attachment":[{"href":"https:\/\/museudoporto.pt\/en\/wp-json\/wp\/v2\/media?parent=12241"}],"wp:term":[{"taxonomy":"resource_category","embeddable":true,"href":"https:\/\/museudoporto.pt\/en\/wp-json\/wp\/v2\/resource_category?post=12241"}],"curies":[{"name":"wp","href":"https:\/\/api.w.org\/{rel}","templated":true}]}}

<p>Com Inês Ferreira</p>

<p>Quem não gosta de sentir no ar o cheirinho a lavado? Pois há muito, muito tempo eram os próprios médicos que aconselhavam a que não se tomassem muitos banhos, acreditam? E se as pessoas não tinham água dentro de casa, como tomavam banho? A partir de um conjunto de objetos da coleção do Museu Guerra Junqueiro, ligados à higiene do corpo, vamos descobrir que andar asseado e perfumado nem sempre fez parte dos hábitos das famílias!</p>

<p>Quem não gosta de sentir no ar o cheirinho a lavado? Pois há muito, muito tempo eram os próprios médicos que aconselhavam a que não se tomassem muitos banhos, acreditam? E se as pessoas não tinham água dentro de casa, como tomavam banho? A partir de um conjunto de objetos da coleção do Museu Guerra Junqueiro, ligados à higiene do corpo, vamos descobrir que andar asseado e perfumado nem sempre fez parte dos hábitos das famílias!</p>
<p>&nbsp;</p>
<p><strong>Inês Ferreira</strong> é doutorada em Museologia pela Faculdade de Letras da Universidade do Porto, mestre em Museum and Gallery Management pela City University, Londres e licenciada em Artes Plásticas pela Faculdade de Belas Artes da Universidade do Porto. Desenvolveu trabalho em diversos museus do Porto – Museu do Carro Eléctrico, Museu Nacional de Soares dos Reis e diversos museus municipais – nomeadamente na área do serviço educativo. Atualmente trabalha na Câmara Municipal do Porto e integra a equipa de mediação e educação do Museu do Porto.</p>
<p>&nbsp;</p>
<h2>DESTINATÁRIOS</h2>
<p>Oficina dedicada aos mais novos. A partir dos 3 anos.</p>
<h2>INSCRIÇÕES</h2>
<p>A participação na atividade é gratuita e requer inscrição prévia através do <a href="https://questionarios.cm-porto.pt/index.php/247634?lang=pt">formulário</a>. Limite de 20 participantes. + info <a title="mailto:mdc.educativo@cm-porto.pt" href="mailto:mdc.educativo@cm-porto.pt" data-cursor-hover="ready">mdc.educativo@cm-porto.pt</a>. ou <span data-contrast="auto">(+351) 226</span><span data-contrast="auto"> </span><span data-contrast="auto">057</span><span data-contrast="auto">000.</span></p>
<h2>ENDEREÇO</h2>
<p>Rua de D. Hugo, 32, 4050-305 Porto<br />
<a href="https://www.google.com/maps/place/MUSEU+DA+CIDADE%E2%80%94Casa+Guerra+Junqueiro/@41.1425396,-8.6129004,17z/data=!3m1!4b1!4m5!3m4!1s0xd2464e132d5e43b:0x44c2f6c27dfef83e!8m2!3d41.1425396!4d-8.6107064" target="_blank" rel="noopener" data-cursor-hover="ready">Direções</a></p>
<h2>AUTOCARRO</h2>
<p>22, 207, 303, 400, 904, 905, ZH, 202, 207, 303, 400, 500, 900, 901, 904, 905, 906, ZH</p>
<h2>METRO</h2>
<p>S. Bento<br />
Funicular: Batalha</p>
<h2>ESTACIONAMENTO</h2>
<p>Dom João I</p>
