{"id":12259,"date":"2023-02-24T12:53:20","date_gmt":"2023-02-24T12:53:20","guid":{"rendered":"https:\/\/museudoporto.pt\/?post_type=resource&#038;p=12259"},"modified":"2023-03-07T10:06:08","modified_gmt":"2023-03-07T10:06:08","slug":"visita-focada-a-vida-e-a-morte-no-antigo-egito-a-continuidade-num-mundo-paralelo","status":"publish","type":"resource","link":"https:\/\/museudoporto.pt\/en\/recurso\/visita-focada-a-vida-e-a-morte-no-antigo-egito-a-continuidade-num-mundo-paralelo\/","title":{"rendered":"VISITA \u00c0S 12H30 \u2014 A vida e a morte no Antigo Egito. A continuidade num mundo paralelo"},"content":{"rendered":"","protected":false},"featured_media":12357,"template":"","resource_category":[49,59],"class_list":["post-12259","resource","type-resource","status-publish","has-post-thumbnail","hentry","resource_category-visitas-orientadas","resource_category-visitas-focadas"],"acf":{"ambient_sound":false,"breadcrumb":false,"file":false,"content":[{"acf_fc_layout":"event","display_title":"VISITA \u00c0S 12H30 \u2014 A vida e a morte no Antigo Egito. A continuidade num mundo paralelo","subtitle":"<p>Com Filipe Teixeira<\/p>\n","date":{"show_time":true,"type":"range","date":null,"start_date":"04\/04\/2023 12:30","end_date":"04\/04\/2023 13:00"},"sessions":null,"location":{"type":"other","station":{"ID":10918,"post_author":"11","post_date":"2022-09-23 16:23:42","post_date_gmt":"2022-09-23 15:23:42","post_content":"","post_title":"ROMANTICISM EXTENSION","post_excerpt":"","post_status":"publish","comment_status":"closed","ping_status":"closed","post_password":"","post_name":"romanticism-extension","to_ping":"","pinged":"","post_modified":"2022-10-07 18:31:00","post_modified_gmt":"2022-10-07 17:31:00","post_content_filtered":"","post_parent":0,"guid":"https:\/\/museudoporto.pt\/?post_type=station&#038;p=10918","menu_order":3,"post_type":"station","post_mime_type":"","comment_count":"0","filter":"raw"},"location":"MUSEU ROM\u00c2NTICO"},"media":{"type":false,"image":{"ID":12358,"id":12358,"title":"MUSEU DA CIDADE DO PORTO","filename":"20220922MdC_EXT_ROMANTISMO_X6A3447.jpg","filesize":910356,"url":"https:\/\/museudoporto.pt\/wp-content\/uploads\/2023\/02\/20220922MdC_EXT_ROMANTISMO_X6A3447.jpg","link":"https:\/\/museudoporto.pt\/en\/museu-da-cidade-do-porto-7-2\/","alt":"","author":"11","description":"","caption":"MUSEU DA CIDADE DO PORTO - Extens\u00e3o do Romantismo. Museu do Romantismo, 22 Setembro 2022. FOTO: VASCO C\u00c9LIO\/STILLS","name":"museu-da-cidade-do-porto-7-2","status":"inherit","uploaded_to":0,"date":"2023-02-24 12:52:53","modified":"2023-02-24 12:53:06","menu_order":0,"mime_type":"image\/jpeg","type":"image","subtype":"jpeg","icon":"https:\/\/museudoporto.pt\/wp-includes\/images\/media\/default.png","width":1707,"height":2560,"sizes":{"thumbnail":"https:\/\/museudoporto.pt\/wp-content\/uploads\/2023\/02\/20220922MdC_EXT_ROMANTISMO_X6A3447-150x150.jpg","thumbnail-width":150,"thumbnail-height":150,"medium":"https:\/\/museudoporto.pt\/wp-content\/uploads\/2023\/02\/20220922MdC_EXT_ROMANTISMO_X6A3447-200x300.jpg","medium-width":200,"medium-height":300,"medium_large":"https:\/\/museudoporto.pt\/wp-content\/uploads\/2023\/02\/20220922MdC_EXT_ROMANTISMO_X6A3447-768x1152.jpg","medium_large-width":640,"medium_large-height":960,"large":"https:\/\/museudoporto.pt\/wp-content\/uploads\/2023\/02\/20220922MdC_EXT_ROMANTISMO_X6A3447-683x1024.jpg","large-width":640,"large-height":960,"ufg_200_200":"https:\/\/museudoporto.pt\/wp-content\/uploads\/2023\/02\/20220922MdC_EXT_ROMANTISMO_X6A3447.jpg","ufg_200_200-width":133,"ufg_200_200-height":200,"ufg_300_300":"https:\/\/museudoporto.pt\/wp-content\/uploads\/2023\/02\/20220922MdC_EXT_ROMANTISMO_X6A3447.jpg","ufg_300_300-width":200,"ufg_300_300-height":300,"ufg_400_400":"https:\/\/museudoporto.pt\/wp-content\/uploads\/2023\/02\/20220922MdC_EXT_ROMANTISMO_X6A3447.jpg","ufg_400_400-width":267,"ufg_400_400-height":400,"1536x1536":"https:\/\/museudoporto.pt\/wp-content\/uploads\/2023\/02\/20220922MdC_EXT_ROMANTISMO_X6A3447-1024x1536.jpg","1536x1536-width":1024,"1536x1536-height":1536,"2048x2048":"https:\/\/museudoporto.pt\/wp-content\/uploads\/2023\/02\/20220922MdC_EXT_ROMANTISMO_X6A3447-1366x2048.jpg","2048x2048-width":1366,"2048x2048-height":2048}},"gallery":false},"excerpt":"<p>A arte funer\u00e1ria do antigo Egito traduz fortemente as preocupa\u00e7\u00f5es do homem com a vida e a morte, ou a vida para al\u00e9m da morte.<\/p>\n","content":"<p>J\u00e1 no per\u00edodo Paleol\u00edtico o homem manifestava, atrav\u00e9s da arte, as preocupa\u00e7\u00f5es, anseios e interroga\u00e7\u00f5es que o assaltavam frequentemente. A arte servia tamb\u00e9m como elemento de liga\u00e7\u00e3o entre a realidade e o transcendental, numa dimens\u00e3o individual ou comunit\u00e1ria. A maior das interroga\u00e7\u00f5es do homem ser\u00e1 possivelmente a fragilidade e a brevidade da vida e a dimens\u00e3o do que estar\u00e1 para al\u00e9m da morte. O homem procura, ent\u00e3o, resposta \u00e0s suas interroga\u00e7\u00f5es, atrav\u00e9s da espiritualidade, de que a religi\u00e3o \u00e9 uma das diversas formas. Mais uma vez, a arte surge como manifesta\u00e7\u00e3o da espiritualidade e das cren\u00e7as das diferentes comunidades, contribuindo para o seu fortalecimento e expans\u00e3o. A arte funer\u00e1ria do antigo Egito traduz fortemente as preocupa\u00e7\u00f5es do homem com a vida e a morte, ou a vida para al\u00e9m da morte.<\/p>\n<p>&nbsp;<\/p>\n<p><strong>Filipe Teixeira<\/strong> \u00e9 T\u00e9cnico Superior \u2013 Arque\u00f3logo, respons\u00e1vel pela gest\u00e3o das cole\u00e7\u00f5es do Gabinete de Numism\u00e1tica\/Divis\u00e3o Municipal de Museus\/C\u00e2mara Municipal do Porto. \u00c9 licenciado em Hist\u00f3ria \u2013 variante de Arqueologia pela Faculdade de Letras da Universidade do Porto e p\u00f3s-graduado em Museologia, pela mesma faculdade. Tem uma p\u00f3s-gradua\u00e7\u00e3o em Gest\u00e3o P\u00fablica da Cultura e Patrim\u00f3nio (ISLA-Gaia). Tem publicado trabalhos nas \u00e1reas de arqueologia e numism\u00e1tica.<\/p>\n<p>&nbsp;<\/p>\n<p>As<strong> Visitas \u00e0s 12H30 <\/strong>s\u00e3o orientadas pelos monitores do Museu do Porto e incidem, de uma forma especial, num tema, numa tipologia de objetos, numa t\u00e9cnica, convidando a conhecer em profundidade um pequeno n\u00famero de objetos de um dos espa\u00e7os.<\/p>\n<p>&nbsp;<\/p>\n<h2>INSCRI\u00c7\u00d5ES<\/h2>\n<p>A participa\u00e7\u00e3o na atividade \u00e9 gratuita e requer inscri\u00e7\u00e3o pr\u00e9via atrav\u00e9s do\u00a0<a href=\"https:\/\/questionarios.cm-porto.pt\/index.php\/138188?lang=pt\">formul\u00e1rio<\/a>. Limite de 20 participantes. + info <a title=\"mailto:mdc.educativo@cm-porto.pt\" href=\"mailto:mdc.educativo@cm-porto.pt\" data-cursor-hover=\"ready\">mdc.educativo@cm-porto.pt<\/a>. ou\u00a0<span data-contrast=\"auto\">(+351) 226<\/span><span data-contrast=\"auto\">\u202f<\/span><span data-contrast=\"auto\">057<\/span><span data-contrast=\"auto\">000.<\/span><\/p>\n<h2>ENDERE\u00c7O<\/h2>\n<p>Rua de Entre-Quintas, 220 4050-240 Porto<br \/>\nGPS: 41.147524, -8.627930<br \/>\n<a href=\"https:\/\/www.google.com\/maps\/place\/MUSEU+DA+CIDADE%E2%80%94Extens%C3%A3o+do+Romantismo\/@41.1475562,-8.6306449,17z\/data=!3m1!4b1!4m5!3m4!1s0xd2465101fc09f21:0xe05b033b7aceedc0!8m2!3d41.1475562!4d-8.6284562\" target=\"_blank\" rel=\"noopener\" data-cursor-hover=\"ready\">Localiza\u00e7\u00e3o<\/a><\/p>\n<h2>AUTOCARRO<\/h2>\n<p>1M, 200, 201, 207, 208, 302, 303, 501, 507, 601, ZM, 12M, 13M<br \/>\nCircular Massarelos \u2013 Carmo<\/p>\n<h2>ESTACIONAMENTO<\/h2>\n<p>Pal\u00e1cio de Cristal<\/p>\n<h2>JARDINS<\/h2>\n<p><a href=\"https:\/\/museudoporto.pt\/en\/garden\/quinta-da-macieirinha-extensao-do-romantismo\/\" data-cursor-hover=\"ready\">QUINTA DA MACIEIRINHA<\/a><\/p>\n"}],"previous_link":{"label":"","link":""},"next_link":{"label":"","link":""}},"_links":{"self":[{"href":"https:\/\/museudoporto.pt\/en\/wp-json\/wp\/v2\/resource\/12259","targetHints":{"allow":["GET"]}}],"collection":[{"href":"https:\/\/museudoporto.pt\/en\/wp-json\/wp\/v2\/resource"}],"about":[{"href":"https:\/\/museudoporto.pt\/en\/wp-json\/wp\/v2\/types\/resource"}],"wp:featuredmedia":[{"embeddable":true,"href":"https:\/\/museudoporto.pt\/en\/wp-json\/wp\/v2\/media\/12357"}],"wp:attachment":[{"href":"https:\/\/museudoporto.pt\/en\/wp-json\/wp\/v2\/media?parent=12259"}],"wp:term":[{"taxonomy":"resource_category","embeddable":true,"href":"https:\/\/museudoporto.pt\/en\/wp-json\/wp\/v2\/resource_category?post=12259"}],"curies":[{"name":"wp","href":"https:\/\/api.w.org\/{rel}","templated":true}]}}

VISITA ÀS 12H30 — A vida e a morte no Antigo Egito. A continuidade num mundo paralelo

MUSEU ROMÂNTICO

MUSEU DA CIDADE DO PORTO - Extensão do Romantismo. Museu do Romantismo, 22 Setembro 2022. FOTO: VASCO CÉLIO/STILLS

<p>A arte funerária do antigo Egito traduz fortemente as preocupações do homem com a vida e a morte, ou a vida para além da morte.</p>

<p>Já no período Paleolítico o homem manifestava, através da arte, as preocupações, anseios e interrogações que o assaltavam frequentemente. A arte servia também como elemento de ligação entre a realidade e o transcendental, numa dimensão individual ou comunitária. A maior das interrogações do homem será possivelmente a fragilidade e a brevidade da vida e a dimensão do que estará para além da morte. O homem procura, então, resposta às suas interrogações, através da espiritualidade, de que a religião é uma das diversas formas. Mais uma vez, a arte surge como manifestação da espiritualidade e das crenças das diferentes comunidades, contribuindo para o seu fortalecimento e expansão. A arte funerária do antigo Egito traduz fortemente as preocupações do homem com a vida e a morte, ou a vida para além da morte.</p>
<p>&nbsp;</p>
<p><strong>Filipe Teixeira</strong> é Técnico Superior – Arqueólogo, responsável pela gestão das coleções do Gabinete de Numismática/Divisão Municipal de Museus/Câmara Municipal do Porto. É licenciado em História – variante de Arqueologia pela Faculdade de Letras da Universidade do Porto e pós-graduado em Museologia, pela mesma faculdade. Tem uma pós-graduação em Gestão Pública da Cultura e Património (ISLA-Gaia). Tem publicado trabalhos nas áreas de arqueologia e numismática.</p>
<p>&nbsp;</p>
<p>As<strong> Visitas às 12H30 </strong>são orientadas pelos monitores do Museu do Porto e incidem, de uma forma especial, num tema, numa tipologia de objetos, numa técnica, convidando a conhecer em profundidade um pequeno número de objetos de um dos espaços.</p>
<p>&nbsp;</p>
<h2>INSCRIÇÕES</h2>
<p>A participação na atividade é gratuita e requer inscrição prévia através do <a href="https://questionarios.cm-porto.pt/index.php/138188?lang=pt">formulário</a>. Limite de 20 participantes. + info <a title="mailto:mdc.educativo@cm-porto.pt" href="mailto:mdc.educativo@cm-porto.pt" data-cursor-hover="ready">mdc.educativo@cm-porto.pt</a>. ou <span data-contrast="auto">(+351) 226</span><span data-contrast="auto"> </span><span data-contrast="auto">057</span><span data-contrast="auto">000.</span></p>
<h2>ENDEREÇO</h2>
<p>Rua de Entre-Quintas, 220 4050-240 Porto<br />
GPS: 41.147524, -8.627930<br />
<a href="https://www.google.com/maps/place/MUSEU+DA+CIDADE%E2%80%94Extens%C3%A3o+do+Romantismo/@41.1475562,-8.6306449,17z/data=!3m1!4b1!4m5!3m4!1s0xd2465101fc09f21:0xe05b033b7aceedc0!8m2!3d41.1475562!4d-8.6284562" target="_blank" rel="noopener" data-cursor-hover="ready">Localização</a></p>
<h2>AUTOCARRO</h2>
<p>1M, 200, 201, 207, 208, 302, 303, 501, 507, 601, ZM, 12M, 13M<br />
Circular Massarelos – Carmo</p>
<h2>ESTACIONAMENTO</h2>
<p>Palácio de Cristal</p>
<h2>JARDINS</h2>
<p><a href="https://museudoporto.pt/en/garden/quinta-da-macieirinha-extensao-do-romantismo/" data-cursor-hover="ready">QUINTA DA MACIEIRINHA</a></p>
