{"id":12270,"date":"2023-02-28T09:00:02","date_gmt":"2023-02-28T09:00:02","guid":{"rendered":"https:\/\/museudoporto.pt\/?post_type=resource&#038;p=12270"},"modified":"2023-03-02T11:13:48","modified_gmt":"2023-03-02T11:13:48","slug":"oficina-para-os-mais-novos-casa-pop-up-3","status":"publish","type":"resource","link":"https:\/\/museudoporto.pt\/en\/recurso\/oficina-para-os-mais-novos-casa-pop-up-3\/","title":{"rendered":"OFICINA para os mais novos \u2014 Casa POP-UP #3"},"content":{"rendered":"","protected":false},"featured_media":12271,"template":"","resource_category":[52,62,85,24],"class_list":["post-12270","resource","type-resource","status-publish","has-post-thumbnail","hentry","resource_category-oficina","resource_category-oficinas-para-os-mais-novos","resource_category-para-os-mais-novos","resource_category-plataformas-publicas"],"acf":{"ambient_sound":false,"breadcrumb":false,"file":false,"content":[{"acf_fc_layout":"event","display_title":"OFICINA para os mais novos \u2014 Casa POP-UP #3","subtitle":"<p>Com o Coletivo ARISCA<\/p>\n","date":{"show_time":true,"type":"range","date":null,"start_date":"29\/04\/2023 11:00","end_date":"29\/04\/2023 12:30"},"sessions":null,"location":{"type":"other","station":{"ID":7087,"post_author":"18","post_date":"2021-06-17 21:26:53","post_date_gmt":"2021-06-17 21:26:53","post_content":"","post_title":"CASA MARTA ORTIG\u00c3O SAMPAIO","post_excerpt":"","post_status":"publish","comment_status":"closed","ping_status":"closed","post_password":"","post_name":"casa-marta-ortigao-sampaio","to_ping":"","pinged":"","post_modified":"2022-10-07 18:40:52","post_modified_gmt":"2022-10-07 17:40:52","post_content_filtered":"","post_parent":0,"guid":"https:\/\/museudoporto.pt\/estacao\/casa-marta-ortigao-sampaio\/","menu_order":1,"post_type":"station","post_mime_type":"","comment_count":"0","filter":"raw"},"location":"CASA MARTA ORTIG\u00c3O SAMPAIO"},"media":{"type":false,"image":{"ID":12272,"id":12272,"title":"casa pop up2","filename":"casa-pop-up2.jpg","filesize":196865,"url":"https:\/\/museudoporto.pt\/wp-content\/uploads\/2023\/02\/casa-pop-up2.jpg","link":"https:\/\/museudoporto.pt\/en\/casa-pop-up2-2\/","alt":"","author":"11","description":"","caption":"","name":"casa-pop-up2-2","status":"inherit","uploaded_to":0,"date":"2023-02-20 14:51:04","modified":"2023-02-20 14:51:08","menu_order":0,"mime_type":"image\/jpeg","type":"image","subtype":"jpeg","icon":"https:\/\/museudoporto.pt\/wp-includes\/images\/media\/default.png","width":960,"height":1280,"sizes":{"thumbnail":"https:\/\/museudoporto.pt\/wp-content\/uploads\/2023\/02\/casa-pop-up2-150x150.jpg","thumbnail-width":150,"thumbnail-height":150,"medium":"https:\/\/museudoporto.pt\/wp-content\/uploads\/2023\/02\/casa-pop-up2-225x300.jpg","medium-width":225,"medium-height":300,"medium_large":"https:\/\/museudoporto.pt\/wp-content\/uploads\/2023\/02\/casa-pop-up2-768x1024.jpg","medium_large-width":640,"medium_large-height":853,"large":"https:\/\/museudoporto.pt\/wp-content\/uploads\/2023\/02\/casa-pop-up2-768x1024.jpg","large-width":640,"large-height":853,"ufg_200_200":"https:\/\/museudoporto.pt\/wp-content\/uploads\/2023\/02\/casa-pop-up2.jpg","ufg_200_200-width":150,"ufg_200_200-height":200,"ufg_300_300":"https:\/\/museudoporto.pt\/wp-content\/uploads\/2023\/02\/casa-pop-up2.jpg","ufg_300_300-width":225,"ufg_300_300-height":300,"ufg_400_400":"https:\/\/museudoporto.pt\/wp-content\/uploads\/2023\/02\/casa-pop-up2.jpg","ufg_400_400-width":300,"ufg_400_400-height":400,"1536x1536":"https:\/\/museudoporto.pt\/wp-content\/uploads\/2023\/02\/casa-pop-up2.jpg","1536x1536-width":960,"1536x1536-height":1280,"2048x2048":"https:\/\/museudoporto.pt\/wp-content\/uploads\/2023\/02\/casa-pop-up2.jpg","2048x2048-width":960,"2048x2048-height":1280}},"gallery":false},"excerpt":"<p>Vamos criar em fam\u00edlia uma casa que vai saltar da nossa imagina\u00e7\u00e3o para as nossas m\u00e3os. Vamos cortar, dobrar, levantar, colar, pintar, at\u00e9 a casa se revelar.<\/p>\n","content":"<p>Vamos criar em fam\u00edlia uma casa que vai saltar da nossa imagina\u00e7\u00e3o para as nossas m\u00e3os. Vamos cortar, dobrar, levantar, colar, pintar, at\u00e9 a casa se revelar.<\/p>\n<p>&nbsp;<\/p>\n<p>O <strong>Coletivo ARiSCA<\/strong> atua nas \u00e1reas da arte e da educa\u00e7\u00e3o como ra\u00edzes da cria\u00e7\u00e3o de comunidade, desafiando \u00e0 descoberta de encontros e lugares inesperados. Colabora desde 2022 com o Museu da Cidade, nomeadamente na orienta\u00e7\u00e3o de oficinas e programas educativos. As ARiSCAS s\u00e3o In\u00eas Soares, Patr\u00edcia do Vale e Raquel Sambade.<\/p>\n<p>&nbsp;<\/p>\n<h2>DESTINAT\u00c1RIOS<\/h2>\n<p>Oficina dedicada aos mais novos. A partir dos 3 anos.<\/p>\n<h2>INSCRI\u00c7\u00d5ES<\/h2>\n<p>A participa\u00e7\u00e3o na atividade \u00e9 gratuita e requer inscri\u00e7\u00e3o pr\u00e9via atrav\u00e9s do\u00a0<a href=\"https:\/\/questionarios.cm-porto.pt\/index.php\/648927?lang=pt\">formul\u00e1rio<\/a>. Limite de 20 participantes. + info <a title=\"mailto:mdc.educativo@cm-porto.pt\" href=\"mailto:mdc.educativo@cm-porto.pt\" data-cursor-hover=\"ready\">mdc.educativo@cm-porto.pt<\/a>. ou\u00a0<span data-contrast=\"auto\">(+351) 226<\/span><span data-contrast=\"auto\">\u202f<\/span><span data-contrast=\"auto\">057<\/span><span data-contrast=\"auto\">000.<\/span><\/p>\n<h2>ENDERE\u00c7O<\/h2>\n<p>Rua de Nossa Senhora de F\u00e1tima, 299<br \/>\n4050-428 Porto<br \/>\nGPS: 41.159457, -8.625454<br \/>\n<a href=\"https:\/\/www.google.com\/maps\/place\/MUSEU+DA+CIDADE%E2%80%94Casa+Marta+Ortig%C3%A3o+Sampaio\/@41.1593654,-8.6277251,17z\/data=!3m1!4b1!4m5!3m4!1s0xd2465a8407f48ad:0x570d5413b98c531a!8m2!3d41.1593654!4d-8.6255364\" target=\"_blank\" rel=\"noopener\" data-cursor-hover=\"ready\">Localiza\u00e7\u00e3o<\/a><\/p>\n<h2>AUTOCARRO<\/h2>\n<p>203, 302, 203, 302, 508<\/p>\n<h2>METRO<\/h2>\n<p>Carolina Micha\u00eblis<\/p>\n<h2>ESTACIONAMENTO<\/h2>\n<p>Casa da M\u00fasica<\/p>\n<h2>JARDINS<\/h2>\n<p><a href=\"https:\/\/museudoporto.pt\/en\/garden\/jardim-e-casa-marta-ortigao-sampaio\/\" data-cursor-hover=\"ready\">MARTA ORTIG\u00c3O SAMPAIO<\/a><\/p>\n"}],"previous_link":{"label":"","link":""},"next_link":{"label":"","link":""}},"_links":{"self":[{"href":"https:\/\/museudoporto.pt\/en\/wp-json\/wp\/v2\/resource\/12270","targetHints":{"allow":["GET"]}}],"collection":[{"href":"https:\/\/museudoporto.pt\/en\/wp-json\/wp\/v2\/resource"}],"about":[{"href":"https:\/\/museudoporto.pt\/en\/wp-json\/wp\/v2\/types\/resource"}],"wp:featuredmedia":[{"embeddable":true,"href":"https:\/\/museudoporto.pt\/en\/wp-json\/wp\/v2\/media\/12271"}],"wp:attachment":[{"href":"https:\/\/museudoporto.pt\/en\/wp-json\/wp\/v2\/media?parent=12270"}],"wp:term":[{"taxonomy":"resource_category","embeddable":true,"href":"https:\/\/museudoporto.pt\/en\/wp-json\/wp\/v2\/resource_category?post=12270"}],"curies":[{"name":"wp","href":"https:\/\/api.w.org\/{rel}","templated":true}]}}

CASA MARTA ORTIGÃO SAMPAIO

<p>Vamos criar em família uma casa que vai saltar da nossa imaginação para as nossas mãos. Vamos cortar, dobrar, levantar, colar, pintar, até a casa se revelar.</p>

<p>Vamos criar em família uma casa que vai saltar da nossa imaginação para as nossas mãos. Vamos cortar, dobrar, levantar, colar, pintar, até a casa se revelar.</p>
<p>&nbsp;</p>
<p>O <strong>Coletivo ARiSCA</strong> atua nas áreas da arte e da educação como raízes da criação de comunidade, desafiando à descoberta de encontros e lugares inesperados. Colabora desde 2022 com o Museu da Cidade, nomeadamente na orientação de oficinas e programas educativos. As ARiSCAS são Inês Soares, Patrícia do Vale e Raquel Sambade.</p>
<p>&nbsp;</p>
<h2>DESTINATÁRIOS</h2>
<p>Oficina dedicada aos mais novos. A partir dos 3 anos.</p>
<h2>INSCRIÇÕES</h2>
<p>A participação na atividade é gratuita e requer inscrição prévia através do <a href="https://questionarios.cm-porto.pt/index.php/648927?lang=pt">formulário</a>. Limite de 20 participantes. + info <a title="mailto:mdc.educativo@cm-porto.pt" href="mailto:mdc.educativo@cm-porto.pt" data-cursor-hover="ready">mdc.educativo@cm-porto.pt</a>. ou <span data-contrast="auto">(+351) 226</span><span data-contrast="auto"> </span><span data-contrast="auto">057</span><span data-contrast="auto">000.</span></p>
<h2>ENDEREÇO</h2>
<p>Rua de Nossa Senhora de Fátima, 299<br />
4050-428 Porto<br />
GPS: 41.159457, -8.625454<br />
<a href="https://www.google.com/maps/place/MUSEU+DA+CIDADE%E2%80%94Casa+Marta+Ortig%C3%A3o+Sampaio/@41.1593654,-8.6277251,17z/data=!3m1!4b1!4m5!3m4!1s0xd2465a8407f48ad:0x570d5413b98c531a!8m2!3d41.1593654!4d-8.6255364" target="_blank" rel="noopener" data-cursor-hover="ready">Localização</a></p>
<h2>AUTOCARRO</h2>
<p>203, 302, 203, 302, 508</p>
<h2>METRO</h2>
<p>Carolina Michaëlis</p>
<h2>ESTACIONAMENTO</h2>
<p>Casa da Música</p>
<h2>JARDINS</h2>
<p><a href="https://museudoporto.pt/en/garden/jardim-e-casa-marta-ortigao-sampaio/" data-cursor-hover="ready">MARTA ORTIGÃO SAMPAIO</a></p>
