{"id":12299,"date":"2023-03-02T14:52:52","date_gmt":"2023-03-02T14:52:52","guid":{"rendered":"https:\/\/museudoporto.pt\/?post_type=resource&#038;p=12299"},"modified":"2023-03-03T10:22:57","modified_gmt":"2023-03-03T10:22:57","slug":"oficinas-com-estoria-2","status":"publish","type":"resource","link":"https:\/\/museudoporto.pt\/en\/recurso\/oficinas-com-estoria-2\/","title":{"rendered":"OFICINAS COM EST\u00d3RIA \u2014 \u00abDe sol a sonho\u00bb, de Raul Malaquias Marques"},"content":{"rendered":"","protected":false},"featured_media":12618,"template":"","resource_category":[20,52,85,24],"class_list":["post-12299","resource","type-resource","status-publish","has-post-thumbnail","hentry","resource_category-atividades","resource_category-oficina","resource_category-para-os-mais-novos","resource_category-plataformas-publicas"],"acf":{"ambient_sound":false,"breadcrumb":false,"file":false,"content":[{"acf_fc_layout":"event","display_title":"OFICINAS COM EST\u00d3RIA \u2014 \u00abDe sol a sonho\u00bb, de Raul Malaquias Marques","subtitle":"<p>Com Helena Vieira e M\u00f3nica Santos<\/p>\n","date":{"show_time":true,"type":"range","date":null,"start_date":"04\/03\/2023 15:30","end_date":"04\/03\/2023 16:30"},"sessions":null,"location":{"type":"other","station":false,"location":"BIBLIOTECA MUNICIPAL ALMEIDA GARRETT"},"media":{"type":false,"image":{"ID":12619,"id":12619,"title":"oficinas_com_estoria_BibliotecasdoPorto_banner_plasma","filename":"oficinas_com_estoria_BibliotecasdoPorto_banner_plasma-1-scaled.jpg","filesize":276606,"url":"https:\/\/museudoporto.pt\/wp-content\/uploads\/2023\/03\/oficinas_com_estoria_BibliotecasdoPorto_banner_plasma-1-scaled.jpg","link":"https:\/\/museudoporto.pt\/en\/oficinas_com_estoria_bibliotecasdoporto_banner_plasma-2-2\/","alt":"","author":"11","description":"","caption":"","name":"oficinas_com_estoria_bibliotecasdoporto_banner_plasma-2-2","status":"inherit","uploaded_to":0,"date":"2023-03-03 10:22:23","modified":"2023-03-03 10:22:42","menu_order":0,"mime_type":"image\/jpeg","type":"image","subtype":"jpeg","icon":"https:\/\/museudoporto.pt\/wp-includes\/images\/media\/default.png","width":2560,"height":1440,"sizes":{"thumbnail":"https:\/\/museudoporto.pt\/wp-content\/uploads\/2023\/03\/oficinas_com_estoria_BibliotecasdoPorto_banner_plasma-1-150x150.jpg","thumbnail-width":150,"thumbnail-height":150,"medium":"https:\/\/museudoporto.pt\/wp-content\/uploads\/2023\/03\/oficinas_com_estoria_BibliotecasdoPorto_banner_plasma-1-300x169.jpg","medium-width":300,"medium-height":169,"medium_large":"https:\/\/museudoporto.pt\/wp-content\/uploads\/2023\/03\/oficinas_com_estoria_BibliotecasdoPorto_banner_plasma-1-768x432.jpg","medium_large-width":640,"medium_large-height":360,"large":"https:\/\/museudoporto.pt\/wp-content\/uploads\/2023\/03\/oficinas_com_estoria_BibliotecasdoPorto_banner_plasma-1-1024x576.jpg","large-width":640,"large-height":360,"ufg_200_200":"https:\/\/museudoporto.pt\/wp-content\/uploads\/2023\/03\/oficinas_com_estoria_BibliotecasdoPorto_banner_plasma-1-scaled.jpg","ufg_200_200-width":200,"ufg_200_200-height":113,"ufg_300_300":"https:\/\/museudoporto.pt\/wp-content\/uploads\/2023\/03\/oficinas_com_estoria_BibliotecasdoPorto_banner_plasma-1-scaled.jpg","ufg_300_300-width":300,"ufg_300_300-height":169,"ufg_400_400":"https:\/\/museudoporto.pt\/wp-content\/uploads\/2023\/03\/oficinas_com_estoria_BibliotecasdoPorto_banner_plasma-1-scaled.jpg","ufg_400_400-width":400,"ufg_400_400-height":225,"1536x1536":"https:\/\/museudoporto.pt\/wp-content\/uploads\/2023\/03\/oficinas_com_estoria_BibliotecasdoPorto_banner_plasma-1-1536x864.jpg","1536x1536-width":1536,"1536x1536-height":864,"2048x2048":"https:\/\/museudoporto.pt\/wp-content\/uploads\/2023\/03\/oficinas_com_estoria_BibliotecasdoPorto_banner_plasma-1-2048x1152.jpg","2048x2048-width":2048,"2048x2048-height":1152}},"gallery":false},"excerpt":"<p>Iniciativa de continuidade, que acontece ao s\u00e1bado, dirigida a crian\u00e7as dos 7 aos 10 anos. As crian\u00e7as s\u00e3o convidadas a explorar diversas facetas da leitura, explorando e desconstruindo as est\u00f3rias.<\/p>\n","content":"<p>Iniciativa de continuidade, que acontece ao s\u00e1bado, dirigida a crian\u00e7as dos 7 aos 10 anos. As crian\u00e7as s\u00e3o convidadas a explorar diversas facetas da leitura, explorando e desconstruindo as est\u00f3rias.<\/p>\n<h2>ENDERE\u00c7O<\/h2>\n<p>Jardins do Pal\u00e1cio de Cristal<br \/>\nRua de Dom Manuel II<br \/>\n4050-239 Porto<\/p>\n<h2>AUTOCARRO<\/h2>\n<p>1M, 200, 201, 207, 208, 302, 303, 501, 507, 601, ZM, 12M, 13M<br \/>\nCircular Massarelos \u2013 Carmo<\/p>\n<h2>ESTACIONAMENTO<\/h2>\n<p>Pal\u00e1cio de Cristal<\/p>\n"}],"previous_link":{"label":"","link":""},"next_link":{"label":"","link":""}},"_links":{"self":[{"href":"https:\/\/museudoporto.pt\/en\/wp-json\/wp\/v2\/resource\/12299","targetHints":{"allow":["GET"]}}],"collection":[{"href":"https:\/\/museudoporto.pt\/en\/wp-json\/wp\/v2\/resource"}],"about":[{"href":"https:\/\/museudoporto.pt\/en\/wp-json\/wp\/v2\/types\/resource"}],"wp:featuredmedia":[{"embeddable":true,"href":"https:\/\/museudoporto.pt\/en\/wp-json\/wp\/v2\/media\/12618"}],"wp:attachment":[{"href":"https:\/\/museudoporto.pt\/en\/wp-json\/wp\/v2\/media?parent=12299"}],"wp:term":[{"taxonomy":"resource_category","embeddable":true,"href":"https:\/\/museudoporto.pt\/en\/wp-json\/wp\/v2\/resource_category?post=12299"}],"curies":[{"name":"wp","href":"https:\/\/api.w.org\/{rel}","templated":true}]}}

OFICINAS COM ESTÓRIA — «De sol a sonho», de Raul Malaquias Marques

<p>Com Helena Vieira e Mónica Santos</p>

<p>Iniciativa de continuidade, que acontece ao sábado, dirigida a crianças dos 7 aos 10 anos. As crianças são convidadas a explorar diversas facetas da leitura, explorando e desconstruindo as estórias.</p>

<p>Iniciativa de continuidade, que acontece ao sábado, dirigida a crianças dos 7 aos 10 anos. As crianças são convidadas a explorar diversas facetas da leitura, explorando e desconstruindo as estórias.</p>
<h2>ENDEREÇO</h2>
<p>Jardins do Palácio de Cristal<br />
Rua de Dom Manuel II<br />
4050-239 Porto</p>
<h2>AUTOCARRO</h2>
<p>1M, 200, 201, 207, 208, 302, 303, 501, 507, 601, ZM, 12M, 13M<br />
Circular Massarelos – Carmo</p>
<h2>ESTACIONAMENTO</h2>
<p>Palácio de Cristal</p>
