{"id":12762,"date":"2023-03-13T16:13:50","date_gmt":"2023-03-13T16:13:50","guid":{"rendered":"https:\/\/museudoporto.pt\/?post_type=resource&#038;p=12762"},"modified":"2023-03-13T16:25:00","modified_gmt":"2023-03-13T16:25:00","slug":"oficina-para-os-mais-novos-linha-de-ceu-1","status":"publish","type":"resource","link":"https:\/\/museudoporto.pt\/en\/recurso\/oficina-para-os-mais-novos-linha-de-ceu-1\/","title":{"rendered":"OFICINA para os mais novos \u2014 Linha de C\u00e9u #1"},"content":{"rendered":"","protected":false},"featured_media":0,"template":"","resource_category":[20,52,62,85,24],"class_list":["post-12762","resource","type-resource","status-publish","hentry","resource_category-atividades","resource_category-oficina","resource_category-oficinas-para-os-mais-novos","resource_category-para-os-mais-novos","resource_category-plataformas-publicas"],"acf":{"ambient_sound":false,"breadcrumb":false,"file":false,"content":[{"acf_fc_layout":"event","display_title":"OFICINA para os mais novos \u2014 Linha de C\u00e9u #1","subtitle":"<p>Com o Coletivo ARiSCA<\/p>\n","date":{"show_time":true,"type":"range","date":null,"start_date":"25\/03\/2023 11:00","end_date":"25\/03\/2023 12:30"},"sessions":null,"location":{"type":"other","station":false,"location":"MUSEU GUERRA JUNQUEIRO"},"media":{"type":false,"image":false,"gallery":false},"excerpt":"<p>Entre linhas, formas e cores vamos construir uma paisagem contempor\u00e2nea de um Porto antigo. Recriar em liberdade uma imagem que se repetiu ao longo de s\u00e9culos e que agora vai ganhar uma nova identidade: a tua!<\/p>\n","content":"<p>Entre linhas, formas e cores vamos construir uma paisagem contempor\u00e2nea de um Porto antigo. Recriar em liberdade uma imagem que se repetiu ao longo de s\u00e9culos e que agora vai ganhar uma nova identidade: a tua!<\/p>\n<p>&nbsp;<\/p>\n<p>Atividade enquadrada no programa do Dia Nacional dos Centros Hist\u00f3ricos.<\/p>\n<p>&nbsp;<\/p>\n<div class=\"row cabinet-block\">\n<div class=\"mdc-post\">\n<div class=\"row\">\n<div class=\"col-xs-8 col-md-5 col-md-offset-1 col-xl-4 block-text block-text--marg\">\n<h2>DESTINAT\u00c1RIOS<\/h2>\n<p>Oficina dedicada aos mais novos. A partir dos 3 anos.<\/p>\n<h2>INSCRI\u00c7\u00d5ES<\/h2>\n<p>A participa\u00e7\u00e3o na atividade \u00e9 gratuita e requer inscri\u00e7\u00e3o pr\u00e9via atrav\u00e9s do e-mail <a href=\"mailto:mdc.educativo@cm-porto.pt\">mdc.educativo@cm-porto.pt<\/a> at\u00e9 SEX 24 MAR \u00e0s 16H. + info<span data-contrast=\"auto\">\u00a0226<\/span><span data-contrast=\"auto\">\u202f<\/span><span data-contrast=\"auto\">057 <\/span><span data-contrast=\"auto\">000.<\/span><\/p>\n<h2>ENDERE\u00c7O<\/h2>\n<p>Rua de D. Hugo, 32, 4050-305 Porto<br \/>\n<a href=\"https:\/\/www.google.com\/maps\/place\/MUSEU+DA+CIDADE%E2%80%94Casa+Guerra+Junqueiro\/@41.1425396,-8.6129004,17z\/data=!3m1!4b1!4m5!3m4!1s0xd2464e132d5e43b:0x44c2f6c27dfef83e!8m2!3d41.1425396!4d-8.6107064\" target=\"_blank\" rel=\"noopener\" data-cursor-hover=\"ready\">Dire\u00e7\u00f5es<\/a><\/p>\n<h2>AUTOCARRO<\/h2>\n<p>22, 207, 303, 400, 904, 905, ZH, 202, 207, 303, 400, 500, 900, 901, 904, 905, 906, ZH<\/p>\n<h2>METRO<\/h2>\n<p>S. Bento<br \/>\nFunicular: Batalha<\/p>\n<h2>ESTACIONAMENTO<\/h2>\n<p>Dom Jo\u00e3o I<\/p>\n<\/div>\n<\/div>\n<\/div>\n<\/div>\n"}],"previous_link":{"label":"","link":""},"next_link":{"label":"","link":""}},"_links":{"self":[{"href":"https:\/\/museudoporto.pt\/en\/wp-json\/wp\/v2\/resource\/12762","targetHints":{"allow":["GET"]}}],"collection":[{"href":"https:\/\/museudoporto.pt\/en\/wp-json\/wp\/v2\/resource"}],"about":[{"href":"https:\/\/museudoporto.pt\/en\/wp-json\/wp\/v2\/types\/resource"}],"wp:attachment":[{"href":"https:\/\/museudoporto.pt\/en\/wp-json\/wp\/v2\/media?parent=12762"}],"wp:term":[{"taxonomy":"resource_category","embeddable":true,"href":"https:\/\/museudoporto.pt\/en\/wp-json\/wp\/v2\/resource_category?post=12762"}],"curies":[{"name":"wp","href":"https:\/\/api.w.org\/{rel}","templated":true}]}}

OFICINA para os mais novos — Linha de Céu #1

<p>Entre linhas, formas e cores vamos construir uma paisagem contemporânea de um Porto antigo. Recriar em liberdade uma imagem que se repetiu ao longo de séculos e que agora vai ganhar uma nova identidade: a tua!</p>

<p>Entre linhas, formas e cores vamos construir uma paisagem contemporânea de um Porto antigo. Recriar em liberdade uma imagem que se repetiu ao longo de séculos e que agora vai ganhar uma nova identidade: a tua!</p>
<p>&nbsp;</p>
<p>Atividade enquadrada no programa do Dia Nacional dos Centros Históricos.</p>
<p>&nbsp;</p>
<div class="row cabinet-block">
<div class="mdc-post">
<div class="row">
<div class="col-xs-8 col-md-5 col-md-offset-1 col-xl-4 block-text block-text--marg">
<h2>DESTINATÁRIOS</h2>
<p>Oficina dedicada aos mais novos. A partir dos 3 anos.</p>
<h2>INSCRIÇÕES</h2>
<p>A participação na atividade é gratuita e requer inscrição prévia através do e-mail <a href="mailto:mdc.educativo@cm-porto.pt">mdc.educativo@cm-porto.pt</a> até SEX 24 MAR às 16H. + info<span data-contrast="auto"> 226</span><span data-contrast="auto"> </span><span data-contrast="auto">057 </span><span data-contrast="auto">000.</span></p>
<h2>ENDEREÇO</h2>
<p>Rua de D. Hugo, 32, 4050-305 Porto<br />
<a href="https://www.google.com/maps/place/MUSEU+DA+CIDADE%E2%80%94Casa+Guerra+Junqueiro/@41.1425396,-8.6129004,17z/data=!3m1!4b1!4m5!3m4!1s0xd2464e132d5e43b:0x44c2f6c27dfef83e!8m2!3d41.1425396!4d-8.6107064" target="_blank" rel="noopener" data-cursor-hover="ready">Direções</a></p>
<h2>AUTOCARRO</h2>
<p>22, 207, 303, 400, 904, 905, ZH, 202, 207, 303, 400, 500, 900, 901, 904, 905, 906, ZH</p>
<h2>METRO</h2>
<p>S. Bento<br />
Funicular: Batalha</p>
<h2>ESTACIONAMENTO</h2>
<p>Dom João I</p>
</div>
</div>
</div>
</div>
