{"id":12960,"date":"2023-03-29T15:19:50","date_gmt":"2023-03-29T14:19:50","guid":{"rendered":"https:\/\/museudoporto.pt\/?post_type=resource&#038;p=12960"},"modified":"2023-03-29T15:19:50","modified_gmt":"2023-03-29T14:19:50","slug":"oficina-cuidar-do-azulejo","status":"publish","type":"resource","link":"https:\/\/museudoporto.pt\/en\/recurso\/oficina-cuidar-do-azulejo\/","title":{"rendered":"OFICINA \u2014 Cuidar do Azulejo"},"content":{"rendered":"","protected":false},"featured_media":12961,"template":"","resource_category":[20,52,64,86,24],"class_list":["post-12960","resource","type-resource","status-publish","has-post-thumbnail","hentry","resource_category-atividades","resource_category-oficina","resource_category-oficinas-do-cuidar","resource_category-para-adultos","resource_category-plataformas-publicas"],"acf":{"ambient_sound":false,"breadcrumb":false,"file":false,"content":[{"acf_fc_layout":"event","display_title":"OFICINA \u2014 Cuidar do Azulejo","subtitle":"<p>Com Paula Lage<\/p>\n","date":{"show_time":true,"type":"range","date":null,"start_date":"06\/05\/2023 10:00","end_date":"06\/05\/2023 12:30"},"sessions":null,"location":{"type":"other","station":false,"location":"PALACETE DOS VISCONDES DE BALSEM\u00c3O\/BANCO DE MATERIAIS"},"media":{"type":false,"image":{"ID":12962,"id":12962,"title":"cuidar_do_azulejo","filename":"cuidar_do_azulejo-scaled.jpeg","filesize":708131,"url":"https:\/\/museudoporto.pt\/wp-content\/uploads\/2023\/03\/cuidar_do_azulejo-scaled.jpeg","link":"https:\/\/museudoporto.pt\/en\/cuidar_do_azulejo-2\/","alt":"","author":"11","description":"","caption":"","name":"cuidar_do_azulejo-2","status":"inherit","uploaded_to":0,"date":"2023-03-29 14:07:58","modified":"2023-03-29 14:08:23","menu_order":0,"mime_type":"image\/jpeg","type":"image","subtype":"jpeg","icon":"https:\/\/museudoporto.pt\/wp-includes\/images\/media\/default.png","width":2560,"height":1920,"sizes":{"thumbnail":"https:\/\/museudoporto.pt\/wp-content\/uploads\/2023\/03\/cuidar_do_azulejo-150x150.jpeg","thumbnail-width":150,"thumbnail-height":150,"medium":"https:\/\/museudoporto.pt\/wp-content\/uploads\/2023\/03\/cuidar_do_azulejo-300x225.jpeg","medium-width":300,"medium-height":225,"medium_large":"https:\/\/museudoporto.pt\/wp-content\/uploads\/2023\/03\/cuidar_do_azulejo-768x576.jpeg","medium_large-width":640,"medium_large-height":480,"large":"https:\/\/museudoporto.pt\/wp-content\/uploads\/2023\/03\/cuidar_do_azulejo-1024x768.jpeg","large-width":640,"large-height":480,"ufg_200_200":"https:\/\/museudoporto.pt\/wp-content\/uploads\/2023\/03\/cuidar_do_azulejo-scaled.jpeg","ufg_200_200-width":200,"ufg_200_200-height":150,"ufg_300_300":"https:\/\/museudoporto.pt\/wp-content\/uploads\/2023\/03\/cuidar_do_azulejo-scaled.jpeg","ufg_300_300-width":300,"ufg_300_300-height":225,"ufg_400_400":"https:\/\/museudoporto.pt\/wp-content\/uploads\/2023\/03\/cuidar_do_azulejo-scaled.jpeg","ufg_400_400-width":400,"ufg_400_400-height":300,"1536x1536":"https:\/\/museudoporto.pt\/wp-content\/uploads\/2023\/03\/cuidar_do_azulejo-1536x1152.jpeg","1536x1536-width":1536,"1536x1536-height":1152,"2048x2048":"https:\/\/museudoporto.pt\/wp-content\/uploads\/2023\/03\/cuidar_do_azulejo-2048x1536.jpeg","2048x2048-width":2048,"2048x2048-height":1536}},"gallery":false},"excerpt":"<p>Assinalando-se o Dia Nacional do Azulejo todos ter\u00e3o oportunidade de participar numa sess\u00e3o em laborat\u00f3rio, manuseando ferramentas tradicionais e aplicando algumas t\u00e9cnicas e dicas f\u00e1ceis para a sua limpeza.<\/p>\n","content":"<p>Para Cuidar do Azulejo daremos a conhecer algumas pe\u00e7as \u00fanicas em reserva no Banco de Materiais e que outrora estiveram nos edif\u00edcios da cidade. Assinalando-se o Dia Nacional do Azulejo todos ter\u00e3o oportunidade de participar numa sess\u00e3o em laborat\u00f3rio, manuseando ferramentas tradicionais e aplicando algumas t\u00e9cnicas e dicas f\u00e1ceis para a sua limpeza.<\/p>\n<p>&nbsp;<\/p>\n<p><strong>Paula Lage<\/strong> \u00e9 licenciada em Hist\u00f3ria e P\u00f3s-Graduada em Gest\u00e3o Aut\u00e1rquica Avan\u00e7ada, colaboradora do Banco de Materiais desde 1999. Desenvolve a\u00e7\u00f5es na \u00e1rea do Patrim\u00f3nio Cultural da cidade, no apoio e produ\u00e7\u00e3o de informa\u00e7\u00f5es no \u00e2mbito do licenciamento urban\u00edstico, a\u00e7\u00f5es de inventaria\u00e7\u00e3o, estudo e promo\u00e7\u00e3o do Patrim\u00f3nio e outros projetos educativos.<\/p>\n<p>&nbsp;<\/p>\n<div class=\"row cabinet-block\">\n<div class=\"mdc-post\">\n<div class=\"row\">\n<div class=\"col-xs-8 col-md-5 col-md-offset-1 col-xl-4 block-text block-text--marg\">\n<h2>INSCRI\u00c7\u00d5ES<\/h2>\n<p>A participa\u00e7\u00e3o na atividade \u00e9 gratuita e requer inscri\u00e7\u00e3o pr\u00e9via atrav\u00e9s do\u00a0<a href=\"https:\/\/questionarios.cm-porto.pt\/index.php\/426424?lang=pt\" data-cursor-hover=\"ready\">formul\u00e1rio<\/a>. Limite de 12 participantes. + info <a title=\"mailto:mdc.educativo@cm-porto.pt\" href=\"mailto:mdc.educativo@cm-porto.pt\" data-cursor-hover=\"ready\">mdc.educativo@cm-porto.pt<\/a>. ou\u00a0<span data-contrast=\"auto\">(+351) 226<\/span><span data-contrast=\"auto\">\u202f<\/span><span data-contrast=\"auto\">057<\/span><span data-contrast=\"auto\">000.<\/span><\/p>\n<div class=\"row block-text text-no-indent\">\n<div class=\"col-xs-8 col-sm-7 col-md-5 col-md-offset-3 col-xl-4 col-xl-offset-4\">\n<h2>ENDERE\u00c7O<\/h2>\n<p><strong>Palacete dos Viscondes de Balsem\u00e3o<\/strong><br \/>\nPra\u00e7a de Carlos Alberto 71, 4050-157 Porto<br \/>\nGPS: 41.148946, -8.615291<br \/>\n<a href=\"https:\/\/www.google.com\/maps\/place\/Banco+de+Materiais\/@41.1490054,-8.6176654,17z\/data=!3m1!4b1!4m5!3m4!1s0xd2464fd4d348d21:0x54131be739d73b3e!8m2!3d41.1490054!4d-8.6154767\" target=\"_blank\" rel=\"noopener\" data-cursor-hover=\"ready\">Localiza\u00e7\u00e3o<\/a><\/p>\n<h2>AUTOCARRO<\/h2>\n<p>22, 304, 305, 507, 601, 602<\/p>\n<h2>METRO<\/h2>\n<p>Trindade<\/p>\n<h2>ESTACIONAMENTO<\/h2>\n<p>Carlos Alberto, Le\u00f5es;<br \/>\nPra\u00e7a de Lisboa<\/p>\n<\/div>\n<\/div>\n<\/div>\n<\/div>\n<\/div>\n<\/div>\n"}],"previous_link":{"label":"","link":""},"next_link":{"label":"","link":""}},"_links":{"self":[{"href":"https:\/\/museudoporto.pt\/en\/wp-json\/wp\/v2\/resource\/12960","targetHints":{"allow":["GET"]}}],"collection":[{"href":"https:\/\/museudoporto.pt\/en\/wp-json\/wp\/v2\/resource"}],"about":[{"href":"https:\/\/museudoporto.pt\/en\/wp-json\/wp\/v2\/types\/resource"}],"wp:featuredmedia":[{"embeddable":true,"href":"https:\/\/museudoporto.pt\/en\/wp-json\/wp\/v2\/media\/12961"}],"wp:attachment":[{"href":"https:\/\/museudoporto.pt\/en\/wp-json\/wp\/v2\/media?parent=12960"}],"wp:term":[{"taxonomy":"resource_category","embeddable":true,"href":"https:\/\/museudoporto.pt\/en\/wp-json\/wp\/v2\/resource_category?post=12960"}],"curies":[{"name":"wp","href":"https:\/\/api.w.org\/{rel}","templated":true}]}}

PALACETE DOS VISCONDES DE BALSEMÃO/BANCO DE MATERIAIS

<p>Assinalando-se o Dia Nacional do Azulejo todos terão oportunidade de participar numa sessão em laboratório, manuseando ferramentas tradicionais e aplicando algumas técnicas e dicas fáceis para a sua limpeza.</p>

<p>Para Cuidar do Azulejo daremos a conhecer algumas peças únicas em reserva no Banco de Materiais e que outrora estiveram nos edifícios da cidade. Assinalando-se o Dia Nacional do Azulejo todos terão oportunidade de participar numa sessão em laboratório, manuseando ferramentas tradicionais e aplicando algumas técnicas e dicas fáceis para a sua limpeza.</p>
<p>&nbsp;</p>
<p><strong>Paula Lage</strong> é licenciada em História e Pós-Graduada em Gestão Autárquica Avançada, colaboradora do Banco de Materiais desde 1999. Desenvolve ações na área do Património Cultural da cidade, no apoio e produção de informações no âmbito do licenciamento urbanístico, ações de inventariação, estudo e promoção do Património e outros projetos educativos.</p>
<p>&nbsp;</p>
<div class="row cabinet-block">
<div class="mdc-post">
<div class="row">
<div class="col-xs-8 col-md-5 col-md-offset-1 col-xl-4 block-text block-text--marg">
<h2>INSCRIÇÕES</h2>
<p>A participação na atividade é gratuita e requer inscrição prévia através do <a href="https://questionarios.cm-porto.pt/index.php/426424?lang=pt" data-cursor-hover="ready">formulário</a>. Limite de 12 participantes. + info <a title="mailto:mdc.educativo@cm-porto.pt" href="mailto:mdc.educativo@cm-porto.pt" data-cursor-hover="ready">mdc.educativo@cm-porto.pt</a>. ou <span data-contrast="auto">(+351) 226</span><span data-contrast="auto"> </span><span data-contrast="auto">057</span><span data-contrast="auto">000.</span></p>
<div class="row block-text text-no-indent">
<div class="col-xs-8 col-sm-7 col-md-5 col-md-offset-3 col-xl-4 col-xl-offset-4">
<h2>ENDEREÇO</h2>
<p><strong>Palacete dos Viscondes de Balsemão</strong><br />
Praça de Carlos Alberto 71, 4050-157 Porto<br />
GPS: 41.148946, -8.615291<br />
<a href="https://www.google.com/maps/place/Banco+de+Materiais/@41.1490054,-8.6176654,17z/data=!3m1!4b1!4m5!3m4!1s0xd2464fd4d348d21:0x54131be739d73b3e!8m2!3d41.1490054!4d-8.6154767" target="_blank" rel="noopener" data-cursor-hover="ready">Localização</a></p>
<h2>AUTOCARRO</h2>
<p>22, 304, 305, 507, 601, 602</p>
<h2>METRO</h2>
<p>Trindade</p>
<h2>ESTACIONAMENTO</h2>
<p>Carlos Alberto, Leões;<br />
Praça de Lisboa</p>
</div>
</div>
</div>
</div>
</div>
</div>
