{"id":12967,"date":"2023-03-29T16:10:38","date_gmt":"2023-03-29T15:10:38","guid":{"rendered":"https:\/\/museudoporto.pt\/?post_type=resource&#038;p=12967"},"modified":"2023-04-19T10:16:11","modified_gmt":"2023-04-19T09:16:11","slug":"oficina-para-os-mais-novos-poster-junqueiro-5","status":"publish","type":"resource","link":"https:\/\/museudoporto.pt\/en\/recurso\/oficina-para-os-mais-novos-poster-junqueiro-5\/","title":{"rendered":"OFICINA para os mais novos \u2014 Poster Junqueiro #5"},"content":{"rendered":"","protected":false},"featured_media":11504,"template":"","resource_category":[20,52,62,85,24],"class_list":["post-12967","resource","type-resource","status-publish","has-post-thumbnail","hentry","resource_category-atividades","resource_category-oficina","resource_category-oficinas-para-os-mais-novos","resource_category-para-os-mais-novos","resource_category-plataformas-publicas"],"acf":{"ambient_sound":false,"breadcrumb":false,"file":false,"content":[{"acf_fc_layout":"event","display_title":"OFICINA para os mais novos \u2014 Poster Junqueiro #5","subtitle":"<p>Com o Coletivo ARiSCA<\/p>\n","date":{"show_time":true,"type":"range","date":null,"start_date":"13\/05\/2023 11:00","end_date":"13\/05\/2023 12:30"},"sessions":null,"location":{"type":"other","station":false,"location":"MUSEU GUERRA JUNQUEIRO"},"media":{"type":false,"image":{"ID":11505,"id":11505,"title":"Oficina poster junqueiro","filename":"Oficina-poster-junqueiro-scaled.jpg","filesize":1266222,"url":"https:\/\/museudoporto.pt\/wp-content\/uploads\/2022\/11\/Oficina-poster-junqueiro-scaled.jpg","link":"https:\/\/museudoporto.pt\/en\/oficina-poster-junqueiro-2\/","alt":"","author":"11","description":"","caption":"","name":"oficina-poster-junqueiro-2","status":"inherit","uploaded_to":0,"date":"2022-11-21 17:22:53","modified":"2022-11-21 17:23:19","menu_order":0,"mime_type":"image\/jpeg","type":"image","subtype":"jpeg","icon":"https:\/\/museudoporto.pt\/wp-includes\/images\/media\/default.png","width":1920,"height":2560,"sizes":{"thumbnail":"https:\/\/museudoporto.pt\/wp-content\/uploads\/2022\/11\/Oficina-poster-junqueiro-150x150.jpg","thumbnail-width":150,"thumbnail-height":150,"medium":"https:\/\/museudoporto.pt\/wp-content\/uploads\/2022\/11\/Oficina-poster-junqueiro-225x300.jpg","medium-width":225,"medium-height":300,"medium_large":"https:\/\/museudoporto.pt\/wp-content\/uploads\/2022\/11\/Oficina-poster-junqueiro-768x1024.jpg","medium_large-width":640,"medium_large-height":853,"large":"https:\/\/museudoporto.pt\/wp-content\/uploads\/2022\/11\/Oficina-poster-junqueiro-768x1024.jpg","large-width":640,"large-height":853,"ufg_200_200":"https:\/\/museudoporto.pt\/wp-content\/uploads\/2022\/11\/Oficina-poster-junqueiro-scaled.jpg","ufg_200_200-width":150,"ufg_200_200-height":200,"ufg_300_300":"https:\/\/museudoporto.pt\/wp-content\/uploads\/2022\/11\/Oficina-poster-junqueiro-scaled.jpg","ufg_300_300-width":225,"ufg_300_300-height":300,"ufg_400_400":"https:\/\/museudoporto.pt\/wp-content\/uploads\/2022\/11\/Oficina-poster-junqueiro-scaled.jpg","ufg_400_400-width":300,"ufg_400_400-height":400,"1536x1536":"https:\/\/museudoporto.pt\/wp-content\/uploads\/2022\/11\/Oficina-poster-junqueiro-1152x1536.jpg","1536x1536-width":1152,"1536x1536-height":1536,"2048x2048":"https:\/\/museudoporto.pt\/wp-content\/uploads\/2022\/11\/Oficina-poster-junqueiro-1536x2048.jpg","2048x2048-width":1536,"2048x2048-height":2048}},"gallery":false},"excerpt":"<p>Extra! Extra! Oficina de posters em a\u00e7\u00e3o! Aqui, o museu e a poesia visual atuam em simbiose: vamos explorar cantos e recantos, formas e feitios, letras e padr\u00f5es. Poemas desenhados ser\u00e3o declamados, numa homenagem contempor\u00e2nea \u00e0 figura incontorn\u00e1vel de Guerra Junqueiro.<\/p>\n","content":"<p>Extra! Extra! Oficina de posters em a\u00e7\u00e3o! Aqui, o museu e a poesia visual atuam em simbiose: vamos explorar cantos e recantos, formas e feitios, letras e padr\u00f5es. Poemas desenhados ser\u00e3o declamados, numa homenagem contempor\u00e2nea \u00e0 figura incontorn\u00e1vel de Guerra Junqueiro.<\/p>\n<p>&nbsp;<\/p>\n<p>O\u00a0<strong>Coletivo ARiSCA<\/strong>\u00a0atua nas \u00e1reas da arte e da educa\u00e7\u00e3o como ra\u00edzes da cria\u00e7\u00e3o de comunidade, desafiando \u00e0 descoberta de encontros e lugares inesperados. Colabora desde 2022 com o Museu da Cidade, nomeadamente na orienta\u00e7\u00e3o de oficinas e programas educativos. As ARiSCAS s\u00e3o In\u00eas Soares, Patr\u00edcia do Vale e Raquel Sambade.<\/p>\n<p>&nbsp;<\/p>\n<h2>DESTINAT\u00c1RIOS<\/h2>\n<p>Oficina dedicada aos mais novos. A partir dos 3 anos.<\/p>\n<h2>INSCRI\u00c7\u00d5ES<\/h2>\n<p>A participa\u00e7\u00e3o na atividade \u00e9 gratuita e requer inscri\u00e7\u00e3o pr\u00e9via atrav\u00e9s do\u00a0<a href=\"https:\/\/questionarios.cm-porto.pt\/index.php\/519328?lang=pt\" data-cursor-hover=\"ready\">formul\u00e1rio<\/a>. Limite de 20 participantes. + info\u00a0<a title=\"mailto:mdc.educativo@cm-porto.pt\" href=\"mailto:mdc.educativo@cm-porto.pt\" data-cursor-hover=\"ready\">mdc.educativo@cm-porto.pt<\/a>. ou\u00a0<span data-contrast=\"auto\">(+351) 226<\/span><span data-contrast=\"auto\">\u202f<\/span><span data-contrast=\"auto\">057<\/span><span data-contrast=\"auto\">000.<\/span><\/p>\n<h2>ENDERE\u00c7O<\/h2>\n<p>Rua de D. Hugo, 32, 4050-305 Porto<\/p>\n<h2>AUTOCARRO<\/h2>\n<p>22, 207, 303, 400, 904, 905, ZH, 202, 207, 303, 400, 500, 900, 901, 904, 905, 906, ZH<\/p>\n<h2>METRO<\/h2>\n<p>S. Bento<br \/>\nFunicular: Batalha<\/p>\n<h2>ESTACIONAMENTO<\/h2>\n<p>Dom Jo\u00e3o I<\/p>\n"}],"previous_link":{"label":"","link":""},"next_link":{"label":"","link":""}},"_links":{"self":[{"href":"https:\/\/museudoporto.pt\/en\/wp-json\/wp\/v2\/resource\/12967","targetHints":{"allow":["GET"]}}],"collection":[{"href":"https:\/\/museudoporto.pt\/en\/wp-json\/wp\/v2\/resource"}],"about":[{"href":"https:\/\/museudoporto.pt\/en\/wp-json\/wp\/v2\/types\/resource"}],"wp:featuredmedia":[{"embeddable":true,"href":"https:\/\/museudoporto.pt\/en\/wp-json\/wp\/v2\/media\/11504"}],"wp:attachment":[{"href":"https:\/\/museudoporto.pt\/en\/wp-json\/wp\/v2\/media?parent=12967"}],"wp:term":[{"taxonomy":"resource_category","embeddable":true,"href":"https:\/\/museudoporto.pt\/en\/wp-json\/wp\/v2\/resource_category?post=12967"}],"curies":[{"name":"wp","href":"https:\/\/api.w.org\/{rel}","templated":true}]}}

<p>Extra! Extra! Oficina de posters em ação! Aqui, o museu e a poesia visual atuam em simbiose: vamos explorar cantos e recantos, formas e feitios, letras e padrões. Poemas desenhados serão declamados, numa homenagem contemporânea à figura incontornável de Guerra Junqueiro.</p>

<p>Extra! Extra! Oficina de posters em ação! Aqui, o museu e a poesia visual atuam em simbiose: vamos explorar cantos e recantos, formas e feitios, letras e padrões. Poemas desenhados serão declamados, numa homenagem contemporânea à figura incontornável de Guerra Junqueiro.</p>
<p>&nbsp;</p>
<p>O <strong>Coletivo ARiSCA</strong> atua nas áreas da arte e da educação como raízes da criação de comunidade, desafiando à descoberta de encontros e lugares inesperados. Colabora desde 2022 com o Museu da Cidade, nomeadamente na orientação de oficinas e programas educativos. As ARiSCAS são Inês Soares, Patrícia do Vale e Raquel Sambade.</p>
<p>&nbsp;</p>
<h2>DESTINATÁRIOS</h2>
<p>Oficina dedicada aos mais novos. A partir dos 3 anos.</p>
<h2>INSCRIÇÕES</h2>
<p>A participação na atividade é gratuita e requer inscrição prévia através do <a href="https://questionarios.cm-porto.pt/index.php/519328?lang=pt" data-cursor-hover="ready">formulário</a>. Limite de 20 participantes. + info <a title="mailto:mdc.educativo@cm-porto.pt" href="mailto:mdc.educativo@cm-porto.pt" data-cursor-hover="ready">mdc.educativo@cm-porto.pt</a>. ou <span data-contrast="auto">(+351) 226</span><span data-contrast="auto"> </span><span data-contrast="auto">057</span><span data-contrast="auto">000.</span></p>
<h2>ENDEREÇO</h2>
<p>Rua de D. Hugo, 32, 4050-305 Porto</p>
<h2>AUTOCARRO</h2>
<p>22, 207, 303, 400, 904, 905, ZH, 202, 207, 303, 400, 500, 900, 901, 904, 905, 906, ZH</p>
<h2>METRO</h2>
<p>S. Bento<br />
Funicular: Batalha</p>
<h2>ESTACIONAMENTO</h2>
<p>Dom João I</p>
