{"id":13007,"date":"2023-04-03T15:09:24","date_gmt":"2023-04-03T14:09:24","guid":{"rendered":"https:\/\/museudoporto.pt\/?post_type=resource&#038;p=13007"},"modified":"2023-04-11T14:25:31","modified_gmt":"2023-04-11T13:25:31","slug":"percurso-especial-9-por-entre-quintas-jardins-e-paisagem","status":"publish","type":"resource","link":"https:\/\/museudoporto.pt\/en\/recurso\/percurso-especial-9-por-entre-quintas-jardins-e-paisagem\/","title":{"rendered":"Percurso Especial #9 \u2014 Por Entre-Quintas: Jardins e Paisagem"},"content":{"rendered":"","protected":false},"featured_media":13008,"template":"","resource_category":[20,65,22],"class_list":["post-13007","resource","type-resource","status-publish","has-post-thumbnail","hentry","resource_category-atividades","resource_category-caminhos-atividade","resource_category-programas-operativos-2"],"acf":{"ambient_sound":false,"breadcrumb":false,"file":false,"content":[{"acf_fc_layout":"event","display_title":"Percurso Especial #9 \u2014 Por Entre-Quintas: Jardins e Paisagem","subtitle":"<p>Caminhos do Rom\u00e2ntico, com Teresa Portela Marques<\/p>\n","date":{"show_time":true,"type":"range","date":null,"start_date":"20\/05\/2023 14:30","end_date":"20\/05\/2023 16:30"},"sessions":null,"location":{"type":"other","station":false,"location":"ADRO DA IGREJA DE MASSARELOS"},"media":{"type":false,"image":{"ID":13009,"id":13009,"title":"Percurso_especial_RuaEntre-Quintas","filename":"Percurso_especial_RuaEntre-Quintas-scaled.jpg","filesize":859304,"url":"https:\/\/museudoporto.pt\/wp-content\/uploads\/2023\/04\/Percurso_especial_RuaEntre-Quintas-scaled.jpg","link":"https:\/\/museudoporto.pt\/en\/percurso_especial_ruaentre-quintas-2\/","alt":"","author":"11","description":"","caption":"","name":"percurso_especial_ruaentre-quintas-2","status":"inherit","uploaded_to":0,"date":"2023-04-03 14:01:03","modified":"2023-04-03 14:01:18","menu_order":0,"mime_type":"image\/jpeg","type":"image","subtype":"jpeg","icon":"https:\/\/museudoporto.pt\/wp-includes\/images\/media\/default.png","width":1920,"height":2560,"sizes":{"thumbnail":"https:\/\/museudoporto.pt\/wp-content\/uploads\/2023\/04\/Percurso_especial_RuaEntre-Quintas-150x150.jpg","thumbnail-width":150,"thumbnail-height":150,"medium":"https:\/\/museudoporto.pt\/wp-content\/uploads\/2023\/04\/Percurso_especial_RuaEntre-Quintas-225x300.jpg","medium-width":225,"medium-height":300,"medium_large":"https:\/\/museudoporto.pt\/wp-content\/uploads\/2023\/04\/Percurso_especial_RuaEntre-Quintas-768x1024.jpg","medium_large-width":640,"medium_large-height":853,"large":"https:\/\/museudoporto.pt\/wp-content\/uploads\/2023\/04\/Percurso_especial_RuaEntre-Quintas-768x1024.jpg","large-width":640,"large-height":853,"ufg_200_200":"https:\/\/museudoporto.pt\/wp-content\/uploads\/2023\/04\/Percurso_especial_RuaEntre-Quintas-scaled.jpg","ufg_200_200-width":150,"ufg_200_200-height":200,"ufg_300_300":"https:\/\/museudoporto.pt\/wp-content\/uploads\/2023\/04\/Percurso_especial_RuaEntre-Quintas-scaled.jpg","ufg_300_300-width":225,"ufg_300_300-height":300,"ufg_400_400":"https:\/\/museudoporto.pt\/wp-content\/uploads\/2023\/04\/Percurso_especial_RuaEntre-Quintas-scaled.jpg","ufg_400_400-width":300,"ufg_400_400-height":400,"1536x1536":"https:\/\/museudoporto.pt\/wp-content\/uploads\/2023\/04\/Percurso_especial_RuaEntre-Quintas-1152x1536.jpg","1536x1536-width":1152,"1536x1536-height":1536,"2048x2048":"https:\/\/museudoporto.pt\/wp-content\/uploads\/2023\/04\/Percurso_especial_RuaEntre-Quintas-1536x2048.jpg","2048x2048-width":1536,"2048x2048-height":2048}},"gallery":false},"excerpt":"<p>O vale de Massarelos acolhe, junto ao Douro, um emaranhado de ruas e casario e, a meia-encosta, casas e quintas de recreio, nomeadamente a Quinta da Macieirinha e a Casa Tait, que sobressaem na paisagem.<\/p>\n","content":"<p>O vale de Massarelos acolhe, junto ao Douro, um emaranhado de ruas e casario e, a meia-encosta, casas e quintas de recreio, nomeadamente a Quinta da Macieirinha e a Casa Tait, que sobressaem na paisagem.<\/p>\n<p>&nbsp;<\/p>\n<p>Os seus jardins unem-se com os do Pal\u00e1cio de Cristal tecendo hist\u00f3rias de um Porto que se quis rural, industrial, hort\u00edcola, cosmopolita e empreendedor.<\/p>\n<p>&nbsp;<\/p>\n<p><u>Ponto de encontro<\/u>: Adro da Igreja de Massarelos<\/p>\n<p>&nbsp;<\/p>\n<p><strong>Teresa Portela Marques<\/strong> \u00e9 arquiteta paisagista, professora auxiliar na Faculdade de Ci\u00eancias da Universidade do Porto e investigadora no Centro de Investiga\u00e7\u00e3o em Biodiversidade e Recursos Gen\u00e9ticos. Desenvolve estudos de hist\u00f3ria e cr\u00edtica de paisagens de amenidade, sendo coautora dos livros <em>Jardins do Pal\u00e1cio de Cristal<\/em>, <em>Jardins Hist\u00f3ricos do Porto<\/em> e <em>Casa S. Roque<\/em>.<\/p>\n<p>&nbsp;<\/p>\n<p class=\"x_MsoNormal\"><b>Recomenda\u00e7\u00f5es:<\/b><br \/>\nCal\u00e7ado confort\u00e1vel<br \/>\nGarrafa de \u00e1gua<br \/>\nRoupa adequada \u00e0s condi\u00e7\u00f5es clim\u00e1ticas, dado que o percurso se realizar\u00e1 mesmo em caso de chuva moderada<\/p>\n<p>&nbsp;<\/p>\n<h2>Inscri\u00e7\u00f5es<\/h2>\n<p><a href=\"https:\/\/museudoporto.bol.pt\/Comprar\/Bilhetes\/122872-percurso_especial_9_por_entre_quintas_jardins_e_paisagem-museu_do_porto\/\">BILHETEIRA ONLINE<\/a><br \/>\nOu nos espa\u00e7os do Museu do Porto.<\/p>\n<p>&nbsp;<\/p>\n<p>Inscri\u00e7\u00f5es<\/p>\n<p><strong>2\u20ac<\/strong><\/p>\n<p>&nbsp;<\/p>\n<p>Cart\u00e3o Porto, titulares do cart\u00e3o Bibliotecas Municipais, colaboradores CMP e Empresas Municipais<\/p>\n<p><strong>1\u20ac<\/strong><\/p>\n<p>&nbsp;<\/p>\n<p>Estudantes<\/p>\n<p><strong>1,40\u20ac<\/strong><\/p>\n<p>&nbsp;<\/p>\n<p>Limite de 25 participantes. + info <a title=\"mailto:mdc.educativo@cm-porto.pt\" href=\"mailto:mdc.educativo@cm-porto.pt\">mdc.educativo@cm-porto.pt<\/a>. ou <span data-contrast=\"auto\">(+351) 226<\/span><span data-contrast=\"auto\">\u202f<\/span><span data-contrast=\"auto\">057<\/span><span data-contrast=\"auto\">000.<\/span><\/p>\n"}],"previous_link":{"label":"","link":""},"next_link":{"label":"","link":""}},"_links":{"self":[{"href":"https:\/\/museudoporto.pt\/en\/wp-json\/wp\/v2\/resource\/13007","targetHints":{"allow":["GET"]}}],"collection":[{"href":"https:\/\/museudoporto.pt\/en\/wp-json\/wp\/v2\/resource"}],"about":[{"href":"https:\/\/museudoporto.pt\/en\/wp-json\/wp\/v2\/types\/resource"}],"wp:featuredmedia":[{"embeddable":true,"href":"https:\/\/museudoporto.pt\/en\/wp-json\/wp\/v2\/media\/13008"}],"wp:attachment":[{"href":"https:\/\/museudoporto.pt\/en\/wp-json\/wp\/v2\/media?parent=13007"}],"wp:term":[{"taxonomy":"resource_category","embeddable":true,"href":"https:\/\/museudoporto.pt\/en\/wp-json\/wp\/v2\/resource_category?post=13007"}],"curies":[{"name":"wp","href":"https:\/\/api.w.org\/{rel}","templated":true}]}}

<p>Caminhos do Romântico, com Teresa Portela Marques</p>

<p>O vale de Massarelos acolhe, junto ao Douro, um emaranhado de ruas e casario e, a meia-encosta, casas e quintas de recreio, nomeadamente a Quinta da Macieirinha e a Casa Tait, que sobressaem na paisagem.</p>
<p>&nbsp;</p>
<p>Os seus jardins unem-se com os do Palácio de Cristal tecendo histórias de um Porto que se quis rural, industrial, hortícola, cosmopolita e empreendedor.</p>
<p>&nbsp;</p>
<p><u>Ponto de encontro</u>: Adro da Igreja de Massarelos</p>
<p>&nbsp;</p>
<p><strong>Teresa Portela Marques</strong> é arquiteta paisagista, professora auxiliar na Faculdade de Ciências da Universidade do Porto e investigadora no Centro de Investigação em Biodiversidade e Recursos Genéticos. Desenvolve estudos de história e crítica de paisagens de amenidade, sendo coautora dos livros <em>Jardins do Palácio de Cristal</em>, <em>Jardins Históricos do Porto</em> e <em>Casa S. Roque</em>.</p>
<p>&nbsp;</p>
<p class="x_MsoNormal"><b>Recomendações:</b><br />
Calçado confortável<br />
Garrafa de água<br />
Roupa adequada às condições climáticas, dado que o percurso se realizará mesmo em caso de chuva moderada</p>
<p>&nbsp;</p>
<h2>Inscrições</h2>
<p><a href="https://museudoporto.bol.pt/Comprar/Bilhetes/122872-percurso_especial_9_por_entre_quintas_jardins_e_paisagem-museu_do_porto/">BILHETEIRA ONLINE</a><br />
Ou nos espaços do Museu do Porto.</p>
<p>&nbsp;</p>
<p>Inscrições</p>
<p><strong>2€</strong></p>
<p>&nbsp;</p>
<p>Cartão Porto, titulares do cartão Bibliotecas Municipais, colaboradores CMP e Empresas Municipais</p>
<p><strong>1€</strong></p>
<p>&nbsp;</p>
<p>Estudantes</p>
<p><strong>1,40€</strong></p>
<p>&nbsp;</p>
<p>Limite de 25 participantes. + info <a title="mailto:mdc.educativo@cm-porto.pt" href="mailto:mdc.educativo@cm-porto.pt">mdc.educativo@cm-porto.pt</a>. ou <span data-contrast="auto">(+351) 226</span><span data-contrast="auto"> </span><span data-contrast="auto">057</span><span data-contrast="auto">000.</span></p>
