{"id":13011,"date":"2023-04-03T15:23:24","date_gmt":"2023-04-03T14:23:24","guid":{"rendered":"https:\/\/museudoporto.pt\/?post_type=resource&#038;p=13011"},"modified":"2023-04-03T17:11:23","modified_gmt":"2023-04-03T16:11:23","slug":"inventario-16-maquina-de-ouvir-a-cidade","status":"publish","type":"resource","link":"https:\/\/museudoporto.pt\/en\/recurso\/inventario-16-maquina-de-ouvir-a-cidade\/","title":{"rendered":"Invent\u00e1rio #16 \u2014 M\u00e1quina de ouvir a cidade"},"content":{"rendered":"","protected":false},"featured_media":13012,"template":"","resource_category":[20,23,52,86,24],"class_list":["post-13011","resource","type-resource","status-publish","has-post-thumbnail","hentry","resource_category-atividades","resource_category-inventario","resource_category-oficina","resource_category-para-adultos","resource_category-plataformas-publicas"],"acf":{"ambient_sound":false,"breadcrumb":false,"file":false,"content":[{"acf_fc_layout":"event","display_title":"Invent\u00e1rio #16 \u2014 M\u00e1quina de ouvir a cidade","subtitle":"<p>Com Cooperativa FRENESIM<\/p>\n","date":{"show_time":true,"type":"range","date":null,"start_date":"27\/05\/2023 15:00","end_date":"27\/05\/2023 17:00"},"sessions":null,"location":{"type":"other","station":false,"location":"RESERVAT\u00d3RIO"},"media":{"type":false,"image":{"ID":13013,"id":13013,"title":"inventario","filename":"inventario.jpg","filesize":219034,"url":"https:\/\/museudoporto.pt\/wp-content\/uploads\/2023\/04\/inventario.jpg","link":"https:\/\/museudoporto.pt\/en\/inventario-5-2-2\/","alt":"","author":"11","description":"","caption":"","name":"inventario-5-2-2","status":"inherit","uploaded_to":0,"date":"2023-04-03 14:16:40","modified":"2023-04-03 16:11:20","menu_order":0,"mime_type":"image\/jpeg","type":"image","subtype":"jpeg","icon":"https:\/\/museudoporto.pt\/wp-includes\/images\/media\/default.png","width":780,"height":1125,"sizes":{"thumbnail":"https:\/\/museudoporto.pt\/wp-content\/uploads\/2023\/04\/inventario-150x150.jpg","thumbnail-width":150,"thumbnail-height":150,"medium":"https:\/\/museudoporto.pt\/wp-content\/uploads\/2023\/04\/inventario-208x300.jpg","medium-width":208,"medium-height":300,"medium_large":"https:\/\/museudoporto.pt\/wp-content\/uploads\/2023\/04\/inventario-768x1108.jpg","medium_large-width":640,"medium_large-height":923,"large":"https:\/\/museudoporto.pt\/wp-content\/uploads\/2023\/04\/inventario-710x1024.jpg","large-width":640,"large-height":923,"ufg_200_200":"https:\/\/museudoporto.pt\/wp-content\/uploads\/2023\/04\/inventario.jpg","ufg_200_200-width":139,"ufg_200_200-height":200,"ufg_300_300":"https:\/\/museudoporto.pt\/wp-content\/uploads\/2023\/04\/inventario.jpg","ufg_300_300-width":208,"ufg_300_300-height":300,"ufg_400_400":"https:\/\/museudoporto.pt\/wp-content\/uploads\/2023\/04\/inventario.jpg","ufg_400_400-width":277,"ufg_400_400-height":400,"1536x1536":"https:\/\/museudoporto.pt\/wp-content\/uploads\/2023\/04\/inventario.jpg","1536x1536-width":780,"1536x1536-height":1125,"2048x2048":"https:\/\/museudoporto.pt\/wp-content\/uploads\/2023\/04\/inventario.jpg","2048x2048-width":780,"2048x2048-height":1125}},"gallery":false},"excerpt":"<p>O museu \u00e9 o ponto de encontro, a porta para descobrirmos uma m\u00e1quina do tempo \u2013 a tal m\u00e1quina de ler a cidade talvez tamb\u00e9m saiba ouvir. O individual, o p\u00fablico e o partilhado misturam-se no mesmo espa\u00e7o e somos convidados a olhar, escutar, estar sem pressa.<\/p>\n","content":"<p>O museu \u00e9 o ponto de encontro, a porta para descobrirmos uma m\u00e1quina do tempo \u2013 a tal m\u00e1quina de ler a cidade talvez tamb\u00e9m saiba ouvir. O individual, o p\u00fablico e o partilhado misturam-se no mesmo espa\u00e7o e somos convidados a olhar, escutar, estar sem pressa.<\/p>\n<p>&nbsp;<\/p>\n<p>Dos objetos brotam sons, dos sons nascem ambientes. As conversas cruzadas misturam-se com a hist\u00f3ria do espa\u00e7o, quem agora o habita, o patrim\u00f3nio comum. Seguimos numa viagem pela descoberta do que h\u00e1 \u2013 os vest\u00edgios, os fragmentos, as topografias \u2013, para a constru\u00e7\u00e3o do que pode vir a ser \u2013 reservat\u00f3rios de comunidades em ebuli\u00e7\u00e3o \u2013, numa abordagem transversal, onde a voz ac\u00fastica, se mistura com os objetos, as mem\u00f3rias, as palavras escritas e faladas, o espa\u00e7o comum e o individual.<\/p>\n<p>&nbsp;<\/p>\n<p><strong>Frenesim<\/strong> \u00e9 uma casa feita de artistas-educadores, que trabalham para promover a arte como fim, projeto de mudan\u00e7a e aproxima\u00e7\u00e3o das pessoas. \u00c9 da mistura de m\u00fasicos, escultores, performers, e gente curiosa, que nasce uma maneira particular de trabalhar: uma abordagem transversal, que \u00e9 a chave para a explora\u00e7\u00e3o pessoal e em grupo.<\/p>\n<p>&nbsp;<\/p>\n<p><strong>INVENT\u00c1RIO<\/strong><br \/>\nInvent\u00e1rio participado de ruas, edif\u00edcios, lugares, obras de arte p\u00fablica, da cidade. Ler as ruas, lugares e edif\u00edcios, conduzir o olhar, olhar de outras formas e documentar, a partir de registos fotogr\u00e1ficos, gr\u00e1ficos, escritos, os elementos observados. Acontece no \u00faltimo s\u00e1bado de cada m\u00eas, \u00e0s 15H.<\/p>\n<p>&nbsp;<\/p>\n<h2>INSCRI\u00c7\u00d5ES<\/h2>\n<p>A participa\u00e7\u00e3o na atividade \u00e9 gratuita. Inscri\u00e7\u00f5es atrav\u00e9s do preenchimento do <a href=\"https:\/\/questionarios.cm-porto.pt\/index.php\/788628\">formul\u00e1rio<\/a>. Limite de 20 participantes. + info <a title=\"mailto:mdc.educativo@cm-porto.pt\" href=\"mailto:mdc.educativo@cm-porto.pt\" data-cursor-hover=\"ready\">mdc.educativo@cm-porto.pt<\/a>. ou\u00a0<span data-contrast=\"auto\">(+351) 226<\/span><span data-contrast=\"auto\">\u202f<\/span><span data-contrast=\"auto\">057<\/span><span data-contrast=\"auto\">000.<\/span><\/p>\n<div class=\"row cabinet-block\">\n<div class=\"mdc-post\">\n<div class=\"row\">\n<div class=\"col-xs-8 col-md-5 col-md-offset-1 col-xl-4 block-text block-text--marg\">\n<h2>ENDERE\u00c7O<\/h2>\n<p>Parque da Pasteleira (Entrada Poente)<br \/>\nRua de Gomes Eanes de Azurara, s\/n<br \/>\n4150-362 Porto<br \/>\nGPS: 41.151579, -8.662588<br \/>\n<a href=\"https:\/\/www.google.com\/maps\/place\/MUSEU+DA+CIDADE%E2%80%94Reservat%C3%B3rio\/@41.1516095,-8.6647695,17z\/data=!3m1!4b1!4m5!3m4!1s0xd246f0639d3f147:0xd6c8046be9a04e58!8m2!3d41.1516095!4d-8.6625808\" target=\"_blank\" rel=\"noopener\" data-cursor-hover=\"ready\">Localiza\u00e7\u00e3o<\/a><\/p>\n<h2>AUTOCARRO<\/h2>\n<p>200, 204, 207, 504<\/p>\n<h2>ESTACIONAMENTO<\/h2>\n<p>Gratuito<\/p>\n<h2>JARDINS<\/h2>\n<p><a href=\"https:\/\/museudoporto.pt\/en\/garden\/parque-da-pasteleira\/\" data-cursor-hover=\"ready\">PARQUE URBANO DA PASTELEIRA<\/a><\/p>\n<\/div>\n<\/div>\n<\/div>\n<\/div>\n"}],"previous_link":{"label":"","link":""},"next_link":{"label":"","link":""}},"_links":{"self":[{"href":"https:\/\/museudoporto.pt\/en\/wp-json\/wp\/v2\/resource\/13011","targetHints":{"allow":["GET"]}}],"collection":[{"href":"https:\/\/museudoporto.pt\/en\/wp-json\/wp\/v2\/resource"}],"about":[{"href":"https:\/\/museudoporto.pt\/en\/wp-json\/wp\/v2\/types\/resource"}],"wp:featuredmedia":[{"embeddable":true,"href":"https:\/\/museudoporto.pt\/en\/wp-json\/wp\/v2\/media\/13012"}],"wp:attachment":[{"href":"https:\/\/museudoporto.pt\/en\/wp-json\/wp\/v2\/media?parent=13011"}],"wp:term":[{"taxonomy":"resource_category","embeddable":true,"href":"https:\/\/museudoporto.pt\/en\/wp-json\/wp\/v2\/resource_category?post=13011"}],"curies":[{"name":"wp","href":"https:\/\/api.w.org\/{rel}","templated":true}]}}

Inventário #16 — Máquina de ouvir a cidade

RESERVATÓRIO

<p>O museu é o ponto de encontro, a porta para descobrirmos uma máquina do tempo – a tal máquina de ler a cidade talvez também saiba ouvir. O individual, o público e o partilhado misturam-se no mesmo espaço e somos convidados a olhar, escutar, estar sem pressa.</p>

<p>O museu é o ponto de encontro, a porta para descobrirmos uma máquina do tempo – a tal máquina de ler a cidade talvez também saiba ouvir. O individual, o público e o partilhado misturam-se no mesmo espaço e somos convidados a olhar, escutar, estar sem pressa.</p>
<p>&nbsp;</p>
<p>Dos objetos brotam sons, dos sons nascem ambientes. As conversas cruzadas misturam-se com a história do espaço, quem agora o habita, o património comum. Seguimos numa viagem pela descoberta do que há – os vestígios, os fragmentos, as topografias –, para a construção do que pode vir a ser – reservatórios de comunidades em ebulição –, numa abordagem transversal, onde a voz acústica, se mistura com os objetos, as memórias, as palavras escritas e faladas, o espaço comum e o individual.</p>
<p>&nbsp;</p>
<p><strong>Frenesim</strong> é uma casa feita de artistas-educadores, que trabalham para promover a arte como fim, projeto de mudança e aproximação das pessoas. É da mistura de músicos, escultores, performers, e gente curiosa, que nasce uma maneira particular de trabalhar: uma abordagem transversal, que é a chave para a exploração pessoal e em grupo.</p>
<p>&nbsp;</p>
<p><strong>INVENTÁRIO</strong><br />
Inventário participado de ruas, edifícios, lugares, obras de arte pública, da cidade. Ler as ruas, lugares e edifícios, conduzir o olhar, olhar de outras formas e documentar, a partir de registos fotográficos, gráficos, escritos, os elementos observados. Acontece no último sábado de cada mês, às 15H.</p>
<p>&nbsp;</p>
<h2>INSCRIÇÕES</h2>
<p>A participação na atividade é gratuita. Inscrições através do preenchimento do <a href="https://questionarios.cm-porto.pt/index.php/788628">formulário</a>. Limite de 20 participantes. + info <a title="mailto:mdc.educativo@cm-porto.pt" href="mailto:mdc.educativo@cm-porto.pt" data-cursor-hover="ready">mdc.educativo@cm-porto.pt</a>. ou <span data-contrast="auto">(+351) 226</span><span data-contrast="auto"> </span><span data-contrast="auto">057</span><span data-contrast="auto">000.</span></p>
<div class="row cabinet-block">
<div class="mdc-post">
<div class="row">
<div class="col-xs-8 col-md-5 col-md-offset-1 col-xl-4 block-text block-text--marg">
<h2>ENDEREÇO</h2>
<p>Parque da Pasteleira (Entrada Poente)<br />
Rua de Gomes Eanes de Azurara, s/n<br />
4150-362 Porto<br />
GPS: 41.151579, -8.662588<br />
<a href="https://www.google.com/maps/place/MUSEU+DA+CIDADE%E2%80%94Reservat%C3%B3rio/@41.1516095,-8.6647695,17z/data=!3m1!4b1!4m5!3m4!1s0xd246f0639d3f147:0xd6c8046be9a04e58!8m2!3d41.1516095!4d-8.6625808" target="_blank" rel="noopener" data-cursor-hover="ready">Localização</a></p>
<h2>AUTOCARRO</h2>
<p>200, 204, 207, 504</p>
<h2>ESTACIONAMENTO</h2>
<p>Gratuito</p>
<h2>JARDINS</h2>
<p><a href="https://museudoporto.pt/en/garden/parque-da-pasteleira/" data-cursor-hover="ready">PARQUE URBANO DA PASTELEIRA</a></p>
</div>
</div>
</div>
</div>
