{"id":13021,"date":"2023-04-03T15:54:49","date_gmt":"2023-04-03T14:54:49","guid":{"rendered":"https:\/\/museudoporto.pt\/?post_type=resource&#038;p=13021"},"modified":"2023-04-03T15:54:49","modified_gmt":"2023-04-03T14:54:49","slug":"oficina-para-os-mais-novos-a-casa-e-o-infante-3","status":"publish","type":"resource","link":"https:\/\/museudoporto.pt\/en\/recurso\/oficina-para-os-mais-novos-a-casa-e-o-infante-3\/","title":{"rendered":"OFICINA para os mais novos \u2014 A Casa e o Infante"},"content":{"rendered":"","protected":false},"featured_media":13022,"template":"","resource_category":[20,52,62,85,24],"class_list":["post-13021","resource","type-resource","status-publish","has-post-thumbnail","hentry","resource_category-atividades","resource_category-oficina","resource_category-oficinas-para-os-mais-novos","resource_category-para-os-mais-novos","resource_category-plataformas-publicas"],"acf":{"ambient_sound":false,"breadcrumb":false,"file":false,"content":[{"acf_fc_layout":"event","display_title":"OFICINA para os mais novos \u2014 A Casa e o Infante","subtitle":"<p>Com a equipa educativa do Museu do Porto<\/p>\n","date":{"show_time":true,"type":"range","date":null,"start_date":"20\/05\/2023 11:00","end_date":"20\/05\/2023 12:30"},"sessions":null,"location":{"type":"other","station":false,"location":"CASA DO INFANTE"},"media":{"type":false,"image":{"ID":13023,"id":13023,"title":"oficina_A_Casa_e_o_Infante","filename":"oficina_A_Casa_e_o_Infante-scaled.jpg","filesize":463891,"url":"https:\/\/museudoporto.pt\/wp-content\/uploads\/2023\/04\/oficina_A_Casa_e_o_Infante-scaled.jpg","link":"https:\/\/museudoporto.pt\/en\/oficina_a_casa_e_o_infante-2\/","alt":"","author":"11","description":"","caption":"","name":"oficina_a_casa_e_o_infante-2","status":"inherit","uploaded_to":0,"date":"2023-04-03 14:51:23","modified":"2023-04-03 14:51:34","menu_order":0,"mime_type":"image\/jpeg","type":"image","subtype":"jpeg","icon":"https:\/\/museudoporto.pt\/wp-includes\/images\/media\/default.png","width":2560,"height":1707,"sizes":{"thumbnail":"https:\/\/museudoporto.pt\/wp-content\/uploads\/2023\/04\/oficina_A_Casa_e_o_Infante-150x150.jpg","thumbnail-width":150,"thumbnail-height":150,"medium":"https:\/\/museudoporto.pt\/wp-content\/uploads\/2023\/04\/oficina_A_Casa_e_o_Infante-300x200.jpg","medium-width":300,"medium-height":200,"medium_large":"https:\/\/museudoporto.pt\/wp-content\/uploads\/2023\/04\/oficina_A_Casa_e_o_Infante-768x512.jpg","medium_large-width":640,"medium_large-height":427,"large":"https:\/\/museudoporto.pt\/wp-content\/uploads\/2023\/04\/oficina_A_Casa_e_o_Infante-1024x683.jpg","large-width":640,"large-height":427,"ufg_200_200":"https:\/\/museudoporto.pt\/wp-content\/uploads\/2023\/04\/oficina_A_Casa_e_o_Infante-scaled.jpg","ufg_200_200-width":200,"ufg_200_200-height":133,"ufg_300_300":"https:\/\/museudoporto.pt\/wp-content\/uploads\/2023\/04\/oficina_A_Casa_e_o_Infante-scaled.jpg","ufg_300_300-width":300,"ufg_300_300-height":200,"ufg_400_400":"https:\/\/museudoporto.pt\/wp-content\/uploads\/2023\/04\/oficina_A_Casa_e_o_Infante-scaled.jpg","ufg_400_400-width":400,"ufg_400_400-height":267,"1536x1536":"https:\/\/museudoporto.pt\/wp-content\/uploads\/2023\/04\/oficina_A_Casa_e_o_Infante-1536x1024.jpg","1536x1536-width":1536,"1536x1536-height":1024,"2048x2048":"https:\/\/museudoporto.pt\/wp-content\/uploads\/2023\/04\/oficina_A_Casa_e_o_Infante-2048x1365.jpg","2048x2048-width":2048,"2048x2048-height":1365}},"gallery":false},"excerpt":"<p>Nesta oficina vamos conhecer melhor o Infante D. Henrique e construir um objeto em forma de torre, tal como o local onde ele nasceu.<\/p>\n","content":"<p><strong>Programa\u00e7\u00e3o | Dia Internacional dos Museus<\/strong><\/p>\n<p>&nbsp;<\/p>\n<p>Nesta oficina vamos conhecer melhor o Infante D. Henrique e construir um objeto em forma de torre, tal como o local onde ele nasceu.<\/p>\n<p>&nbsp;<\/p>\n<h2>DESTINAT\u00c1RIOS<\/h2>\n<p>Oficina dedicada aos mais novos. A partir dos 3 anos.<\/p>\n<h2>INSCRI\u00c7\u00d5ES<\/h2>\n<p>A participa\u00e7\u00e3o na atividade \u00e9 gratuita e requer inscri\u00e7\u00e3o pr\u00e9via atrav\u00e9s do\u00a0formul\u00e1rio. Limite de 20 participantes. + info <a title=\"mailto:mdc.educativo@cm-porto.pt\" href=\"mailto:mdc.educativo@cm-porto.pt\" data-cursor-hover=\"ready\">mdc.educativo@cm-porto.pt<\/a>. ou\u00a0<span data-contrast=\"auto\">(+351) 226<\/span><span data-contrast=\"auto\">\u202f<\/span><span data-contrast=\"auto\">057<\/span><span data-contrast=\"auto\">000.<\/span><\/p>\n<h2><span style=\"font-size: 16px;\">ENDERE\u00c7O\u00a0<\/span><\/h2>\n<div class=\"row cabinet-block\">\n<div class=\"mdc-post\">\n<div class=\"row\">\n<div class=\"col-xs-8 col-md-5 col-md-offset-1 col-xl-4 block-text block-text--marg\">\n<p>Rua da Alf\u00e2ndega, 10<br \/>\n4050-029 Porto<br \/>\n<a href=\"https:\/\/www.google.com\/maps\/dir\/\/casa+do+infante\/data=!4m6!4m5!1m1!4e2!1m2!1m1!1s0xd2464e048a7dd5f:0xa4c812eb37711092?sa=X&amp;ved=2ahUKEwjXsruLjbDuAhXEZxUIHSP1APAQ9RcwFHoECCYQBA\" target=\"_blank\" rel=\"noopener\" data-cursor-hover=\"ready\">Dire\u00e7\u00f5es<\/a><\/p>\n<h2>AUTOCARRO<\/h2>\n<p>500, 900, 901, 906, ZM, ZR, 1<\/p>\n<h2>METRO<\/h2>\n<p>S. Bento<\/p>\n<h2>ESTACIONAMENTO<\/h2>\n<p>Pra\u00e7a do Infante D. Henrique<\/p>\n<\/div>\n<\/div>\n<\/div>\n<\/div>\n"}],"previous_link":{"label":"","link":""},"next_link":{"label":"","link":""}},"_links":{"self":[{"href":"https:\/\/museudoporto.pt\/en\/wp-json\/wp\/v2\/resource\/13021","targetHints":{"allow":["GET"]}}],"collection":[{"href":"https:\/\/museudoporto.pt\/en\/wp-json\/wp\/v2\/resource"}],"about":[{"href":"https:\/\/museudoporto.pt\/en\/wp-json\/wp\/v2\/types\/resource"}],"wp:featuredmedia":[{"embeddable":true,"href":"https:\/\/museudoporto.pt\/en\/wp-json\/wp\/v2\/media\/13022"}],"wp:attachment":[{"href":"https:\/\/museudoporto.pt\/en\/wp-json\/wp\/v2\/media?parent=13021"}],"wp:term":[{"taxonomy":"resource_category","embeddable":true,"href":"https:\/\/museudoporto.pt\/en\/wp-json\/wp\/v2\/resource_category?post=13021"}],"curies":[{"name":"wp","href":"https:\/\/api.w.org\/{rel}","templated":true}]}}

<p><strong>Programação | Dia Internacional dos Museus</strong></p>
<p>&nbsp;</p>
<p>Nesta oficina vamos conhecer melhor o Infante D. Henrique e construir um objeto em forma de torre, tal como o local onde ele nasceu.</p>
<p>&nbsp;</p>
<h2>DESTINATÁRIOS</h2>
<p>Oficina dedicada aos mais novos. A partir dos 3 anos.</p>
<h2>INSCRIÇÕES</h2>
<p>A participação na atividade é gratuita e requer inscrição prévia através do formulário. Limite de 20 participantes. + info <a title="mailto:mdc.educativo@cm-porto.pt" href="mailto:mdc.educativo@cm-porto.pt" data-cursor-hover="ready">mdc.educativo@cm-porto.pt</a>. ou <span data-contrast="auto">(+351) 226</span><span data-contrast="auto"> </span><span data-contrast="auto">057</span><span data-contrast="auto">000.</span></p>
<h2><span style="font-size: 16px;">ENDEREÇO </span></h2>
<div class="row cabinet-block">
<div class="mdc-post">
<div class="row">
<div class="col-xs-8 col-md-5 col-md-offset-1 col-xl-4 block-text block-text--marg">
<p>Rua da Alfândega, 10<br />
4050-029 Porto<br />
<a href="https://www.google.com/maps/dir//casa+do+infante/data=!4m6!4m5!1m1!4e2!1m2!1m1!1s0xd2464e048a7dd5f:0xa4c812eb37711092?sa=X&amp;ved=2ahUKEwjXsruLjbDuAhXEZxUIHSP1APAQ9RcwFHoECCYQBA" target="_blank" rel="noopener" data-cursor-hover="ready">Direções</a></p>
<h2>AUTOCARRO</h2>
<p>500, 900, 901, 906, ZM, ZR, 1</p>
<h2>METRO</h2>
<p>S. Bento</p>
<h2>ESTACIONAMENTO</h2>
<p>Praça do Infante D. Henrique</p>
</div>
</div>
</div>
</div>
