{"id":13025,"date":"2023-04-03T16:08:21","date_gmt":"2023-04-03T15:08:21","guid":{"rendered":"https:\/\/museudoporto.pt\/?post_type=resource&#038;p=13025"},"modified":"2023-05-24T10:30:51","modified_gmt":"2023-05-24T09:30:51","slug":"oficinas-de-impressao-estamparia-em-tecido","status":"publish","type":"resource","link":"https:\/\/museudoporto.pt\/en\/recurso\/oficinas-de-impressao-estamparia-em-tecido\/","title":{"rendered":"Oficinas de impress\u00e3o \u2014 Estamparia em tecido (inscri\u00e7\u00f5es esgotadas)"},"content":{"rendered":"","protected":false},"featured_media":13026,"template":"","resource_category":[20,52,62,85,24],"class_list":["post-13025","resource","type-resource","status-publish","has-post-thumbnail","hentry","resource_category-atividades","resource_category-oficina","resource_category-oficinas-para-os-mais-novos","resource_category-para-os-mais-novos","resource_category-plataformas-publicas"],"acf":{"ambient_sound":false,"breadcrumb":false,"file":false,"content":[{"acf_fc_layout":"event","display_title":"Oficinas de impress\u00e3o \u2014 Estamparia em tecido (inscri\u00e7\u00f5es esgotadas)","subtitle":"<p>Com Ana Torrie<\/p>\n","date":{"show_time":true,"type":"range","date":null,"start_date":"27\/05\/2023 11:00","end_date":"27\/05\/2023 16:00"},"sessions":null,"location":{"type":"other","station":false,"location":"BIBLIOTECA MUNICIPAL ALMEIDA GARRETT"},"media":{"type":false,"image":{"ID":13027,"id":13027,"title":"MAI_Banner_PLASMA_LDI","filename":"MAI_Banner_PLASMA_LDI-scaled.jpg","filesize":478036,"url":"https:\/\/museudoporto.pt\/wp-content\/uploads\/2023\/04\/MAI_Banner_PLASMA_LDI-scaled.jpg","link":"https:\/\/museudoporto.pt\/en\/mai_banner_plasma_ldi-2\/","alt":"","author":"11","description":"","caption":"","name":"mai_banner_plasma_ldi-2","status":"inherit","uploaded_to":0,"date":"2023-04-03 15:06:23","modified":"2023-05-22 10:32:21","menu_order":0,"mime_type":"image\/jpeg","type":"image","subtype":"jpeg","icon":"https:\/\/museudoporto.pt\/wp-includes\/images\/media\/default.png","width":2560,"height":1440,"sizes":{"thumbnail":"https:\/\/museudoporto.pt\/wp-content\/uploads\/2023\/04\/MAI_Banner_PLASMA_LDI-150x150.jpg","thumbnail-width":150,"thumbnail-height":150,"medium":"https:\/\/museudoporto.pt\/wp-content\/uploads\/2023\/04\/MAI_Banner_PLASMA_LDI-300x169.jpg","medium-width":300,"medium-height":169,"medium_large":"https:\/\/museudoporto.pt\/wp-content\/uploads\/2023\/04\/MAI_Banner_PLASMA_LDI-768x432.jpg","medium_large-width":640,"medium_large-height":360,"large":"https:\/\/museudoporto.pt\/wp-content\/uploads\/2023\/04\/MAI_Banner_PLASMA_LDI-1024x576.jpg","large-width":640,"large-height":360,"ufg_200_200":"https:\/\/museudoporto.pt\/wp-content\/uploads\/2023\/04\/MAI_Banner_PLASMA_LDI-scaled.jpg","ufg_200_200-width":200,"ufg_200_200-height":113,"ufg_300_300":"https:\/\/museudoporto.pt\/wp-content\/uploads\/2023\/04\/MAI_Banner_PLASMA_LDI-scaled.jpg","ufg_300_300-width":300,"ufg_300_300-height":169,"ufg_400_400":"https:\/\/museudoporto.pt\/wp-content\/uploads\/2023\/04\/MAI_Banner_PLASMA_LDI-scaled.jpg","ufg_400_400-width":400,"ufg_400_400-height":225,"1536x1536":"https:\/\/museudoporto.pt\/wp-content\/uploads\/2023\/04\/MAI_Banner_PLASMA_LDI-1536x864.jpg","1536x1536-width":1536,"1536x1536-height":864,"2048x2048":"https:\/\/museudoporto.pt\/wp-content\/uploads\/2023\/04\/MAI_Banner_PLASMA_LDI-2048x1152.jpg","2048x2048-width":2048,"2048x2048-height":1152}},"gallery":false},"excerpt":"<p>Em duas sess\u00f5es (11H e 15H), a oficina explora a t\u00e9cnica da estamparia na sua vertente mais artesanal, onde as crian\u00e7as s\u00e3o desafiadas a criar uma matriz original com recurso ao desenho direto em tecido.<\/p>\n","content":"<p>Em duas sess\u00f5es (11H e 15H), a oficina explora a t\u00e9cnica da estamparia na sua vertente mais artesanal, onde as crian\u00e7as s\u00e3o desafiadas a criar uma matriz original com recurso ao desenho direto em tecido.<\/p>\n<p>&nbsp;<\/p>\n<p><strong>Ana Torrie<\/strong> \u00e9 p\u00f3s-graduada em Gravura, mestre em Desenho e T\u00e9cnicas de Impress\u00e3o e licenciada em Escultura na Faculdade de Belas Artes da Universidade do Porto. Publicou o livro \u201cSilvestre\u201d, que foi adquirido para a cole\u00e7\u00e3o de livros de artista da Funda\u00e7\u00e3o Calouste Gulbenkian.<\/p>\n<h2>DESTINAT\u00c1RIOS<\/h2>\n<p>Oficina dedicada a crian\u00e7as entre os 6 e os 10 anos.<\/p>\n<h2>INSCRI\u00c7\u00d5ES<\/h2>\n<p>Inscri\u00e7\u00f5es esgotadas.<\/p>\n<h2>ENDERE\u00c7O<\/h2>\n<p>Jardins do Pal\u00e1cio de Cristal<br \/>\nRua de Dom Manuel II<br \/>\n4050-239 Porto<\/p>\n<h2>AUTOCARRO<\/h2>\n<p>1M, 200, 201, 207, 208, 302, 303, 501, 507, 601, ZM, 12M, 13M<br \/>\nCircular Massarelos \u2013 Carmo<\/p>\n<h2>ESTACIONAMENTO<\/h2>\n<p>Pal\u00e1cio de Cristal<\/p>\n"}],"previous_link":{"label":"","link":""},"next_link":{"label":"","link":""}},"_links":{"self":[{"href":"https:\/\/museudoporto.pt\/en\/wp-json\/wp\/v2\/resource\/13025","targetHints":{"allow":["GET"]}}],"collection":[{"href":"https:\/\/museudoporto.pt\/en\/wp-json\/wp\/v2\/resource"}],"about":[{"href":"https:\/\/museudoporto.pt\/en\/wp-json\/wp\/v2\/types\/resource"}],"wp:featuredmedia":[{"embeddable":true,"href":"https:\/\/museudoporto.pt\/en\/wp-json\/wp\/v2\/media\/13026"}],"wp:attachment":[{"href":"https:\/\/museudoporto.pt\/en\/wp-json\/wp\/v2\/media?parent=13025"}],"wp:term":[{"taxonomy":"resource_category","embeddable":true,"href":"https:\/\/museudoporto.pt\/en\/wp-json\/wp\/v2\/resource_category?post=13025"}],"curies":[{"name":"wp","href":"https:\/\/api.w.org\/{rel}","templated":true}]}}

Oficinas de impressão — Estamparia em tecido (inscrições esgotadas)

<p>Em duas sessões (11H e 15H), a oficina explora a técnica da estamparia na sua vertente mais artesanal, onde as crianças são desafiadas a criar uma matriz original com recurso ao desenho direto em tecido.</p>

<p>Em duas sessões (11H e 15H), a oficina explora a técnica da estamparia na sua vertente mais artesanal, onde as crianças são desafiadas a criar uma matriz original com recurso ao desenho direto em tecido.</p>
<p>&nbsp;</p>
<p><strong>Ana Torrie</strong> é pós-graduada em Gravura, mestre em Desenho e Técnicas de Impressão e licenciada em Escultura na Faculdade de Belas Artes da Universidade do Porto. Publicou o livro “Silvestre”, que foi adquirido para a coleção de livros de artista da Fundação Calouste Gulbenkian.</p>
<h2>DESTINATÁRIOS</h2>
<p>Oficina dedicada a crianças entre os 6 e os 10 anos.</p>
<h2>INSCRIÇÕES</h2>
<p>Inscrições esgotadas.</p>
<h2>ENDEREÇO</h2>
<p>Jardins do Palácio de Cristal<br />
Rua de Dom Manuel II<br />
4050-239 Porto</p>
<h2>AUTOCARRO</h2>
<p>1M, 200, 201, 207, 208, 302, 303, 501, 507, 601, ZM, 12M, 13M<br />
Circular Massarelos – Carmo</p>
<h2>ESTACIONAMENTO</h2>
<p>Palácio de Cristal</p>
