{"id":13235,"date":"2023-04-20T12:08:07","date_gmt":"2023-04-20T11:08:07","guid":{"rendered":"https:\/\/museudoporto.pt\/?post_type=resource&#038;p=13235"},"modified":"2023-05-29T10:49:01","modified_gmt":"2023-05-29T09:49:01","slug":"sete-pecados-a-tardinha-gula","status":"publish","type":"resource","link":"https:\/\/museudoporto.pt\/en\/recurso\/sete-pecados-a-tardinha-gula\/","title":{"rendered":"Sete Pecados \u00e0 Tardinha \u2014 Gula"},"content":{"rendered":"","protected":false},"featured_media":13237,"template":"","resource_category":[20],"class_list":["post-13235","resource","type-resource","status-publish","has-post-thumbnail","hentry","resource_category-atividades"],"acf":{"ambient_sound":false,"breadcrumb":false,"file":false,"content":[{"acf_fc_layout":"event","display_title":"Sete Pecados \u00e0 Tardinha \u2014 Gula","subtitle":"<p>Com Rosa Alice Branco e Rui Paula. Modera\u00e7\u00e3o: Nuno Camarneiro<\/p>\n","date":{"show_time":true,"type":"range","date":null,"start_date":"31\/05\/2023 18:00","end_date":"31\/05\/2023 19:30"},"sessions":null,"location":{"type":"other","station":false,"location":"BIBLIOTECA MUNICIPAL ALMEIDA GARRETT"},"media":{"type":false,"image":{"ID":13238,"id":13238,"title":"materiais_sete_pecados_a_tardinha_maio3","filename":"materiais_sete_pecados_a_tardinha_maio3-scaled.jpg","filesize":237015,"url":"https:\/\/museudoporto.pt\/wp-content\/uploads\/2023\/04\/materiais_sete_pecados_a_tardinha_maio3-scaled.jpg","link":"https:\/\/museudoporto.pt\/en\/materiais_sete_pecados_a_tardinha_maio3-2\/","alt":"","author":"11","description":"","caption":"","name":"materiais_sete_pecados_a_tardinha_maio3-2","status":"inherit","uploaded_to":0,"date":"2023-04-20 10:59:27","modified":"2023-04-20 11:00:10","menu_order":0,"mime_type":"image\/jpeg","type":"image","subtype":"jpeg","icon":"https:\/\/museudoporto.pt\/wp-includes\/images\/media\/default.png","width":2560,"height":1440,"sizes":{"thumbnail":"https:\/\/museudoporto.pt\/wp-content\/uploads\/2023\/04\/materiais_sete_pecados_a_tardinha_maio3-150x150.jpg","thumbnail-width":150,"thumbnail-height":150,"medium":"https:\/\/museudoporto.pt\/wp-content\/uploads\/2023\/04\/materiais_sete_pecados_a_tardinha_maio3-300x169.jpg","medium-width":300,"medium-height":169,"medium_large":"https:\/\/museudoporto.pt\/wp-content\/uploads\/2023\/04\/materiais_sete_pecados_a_tardinha_maio3-768x432.jpg","medium_large-width":640,"medium_large-height":360,"large":"https:\/\/museudoporto.pt\/wp-content\/uploads\/2023\/04\/materiais_sete_pecados_a_tardinha_maio3-1024x576.jpg","large-width":640,"large-height":360,"ufg_200_200":"https:\/\/museudoporto.pt\/wp-content\/uploads\/2023\/04\/materiais_sete_pecados_a_tardinha_maio3-scaled.jpg","ufg_200_200-width":200,"ufg_200_200-height":113,"ufg_300_300":"https:\/\/museudoporto.pt\/wp-content\/uploads\/2023\/04\/materiais_sete_pecados_a_tardinha_maio3-scaled.jpg","ufg_300_300-width":300,"ufg_300_300-height":169,"ufg_400_400":"https:\/\/museudoporto.pt\/wp-content\/uploads\/2023\/04\/materiais_sete_pecados_a_tardinha_maio3-scaled.jpg","ufg_400_400-width":400,"ufg_400_400-height":225,"1536x1536":"https:\/\/museudoporto.pt\/wp-content\/uploads\/2023\/04\/materiais_sete_pecados_a_tardinha_maio3-1536x864.jpg","1536x1536-width":1536,"1536x1536-height":864,"2048x2048":"https:\/\/museudoporto.pt\/wp-content\/uploads\/2023\/04\/materiais_sete_pecados_a_tardinha_maio3-2048x1152.jpg","2048x2048-width":2048,"2048x2048-height":1152}},"gallery":false},"excerpt":"<p>O ciclo de conversas Sete Pecados \u00e0 Tardinha, nascido da vontade de criar um espa\u00e7o de discuss\u00e3o multidisciplinar e informal em torno do conceito de \u201cpecado\u201d, pretende explorar as suas dimens\u00f5es simb\u00f3licas, hist\u00f3ricas, religiosas, culturais, cient\u00edficas e sociais.<\/p>\n","content":"<p>O ciclo de conversas Sete Pecados \u00e0 Tardinha, nascido da vontade de criar um espa\u00e7o de discuss\u00e3o multidisciplinar e informal em torno do conceito de \u201cpecado\u201d, pretende explorar as suas dimens\u00f5es simb\u00f3licas, hist\u00f3ricas, religiosas, culturais, cient\u00edficas e sociais.<\/p>\n<p>&nbsp;<\/p>\n<p>Partindo dos sete pecados mortais, tais como foram fixados por Tom\u00e1s de Aquino na sua <em>Summa Theologica<\/em> \u2013 Ira, Avareza, Gula, Lux\u00faria, Pregui\u00e7a, Soberba e Inveja \u2013 o ciclo promover\u00e1 uma conversa sobre cada um destes pecados, com a participa\u00e7\u00e3o de artistas, autores, cientistas, desportistas e outras personagens de relevo na sociedade portuguesa que possam contribuir com um ponto de vista \u00fanico, informado e enriquecedor para o debate.<\/p>\n<p>&nbsp;<\/p>\n<p><strong>Rosa Alice Branco<\/strong> \u00e9 poeta, ensa\u00edsta, investigadora, tradutora e curadora cultural. Tem um Doutoramento e Mestrado em Filosofia Contempor\u00e2nea, pela Universidade Nova de Lisboa, orientada pelo Professor Fernando Gil. \u00c9 membro da Unidade de Investiga\u00e7\u00e3o ID+ (Instituto de Design, Media e Cultura), sediada nas Universidades de Aveiro e do Porto, e da ESAD Idea, sediada em Matosinhos, Porto. Dedica-se \u00e0 investiga\u00e7\u00e3o nas \u00e1reas de Neuropsicologia da Percep\u00e7\u00e3o e Est\u00e9tica, assim como em Psicologia do Ambiente, incluindo a Fenomenologia do Habitar e a Sustentabilidade Territorial, tendo 3 livros de ensaio publicados em Portugal sobre a Percep\u00e7\u00e3o na natureza e nas artes: e, no Brasil, <em>A condi\u00e7\u00e3o secreta do vis\u00edvel<\/em>. Tem 12 livros de Poesia publicados em Portugal. A autora tem tamb\u00e9m livros de poemas publicados nos USA, em It\u00e1lia, Brasil, Su\u00ed\u00e7a, Luxemburgo, Qu\u00e9bec, Tun\u00edsia, Espanha, Venezuela (obra reunida) e C\u00f3rsega, al\u00e9m de poemas publicados em Revistas e Antologias, em quase todas as l\u00ednguas. O seu livro de poemas <em>Cattle of the Lord <\/em>foi publicado nos USA pela Mlkweed editions, tendo sido considerado, <em>pela Chicago Review of Books,<\/em> um dos 12 melhores livros de Poesia de 2016, o que lhe valeu uma digress\u00e3o com leituras e debates em v\u00e1rias universidades dos USA, em 2018. Neste mesmo ano, o seu livro de poemas<em> Tra\u00e7ar um nome no cora\u00e7\u00e3o do branco<\/em> \u00e9 publicado pela editora Ass\u00edrio &amp; Alvim. O seu novo livro de Poesia <em>Amor C\u00e3o e outras palavras que n\u00e3o adestram <\/em>saiu, tamb\u00e9m pela Ass\u00edrio\/Alvim, em Fevereiro de 2022. Neste ano, saiu, igualmente, o ensaio de divulga\u00e7\u00e3o <em>As Cores das coisas: viagem pela natureza e pelos objectos<\/em>, publicado pela editora Contraponto, chancela da Bertrand C\u00edrculo.<\/p>\n<p><strong>Rui Paula<\/strong> revelou desde cedo o gosto pela cozinha, que foi desenvolvendo com paix\u00e3o e originalidade, sem nunca perder a liga\u00e7\u00e3o com as tradi\u00e7\u00f5es. Em 1994, abriu o seu primeiro restaurante, <i>C\u00eapa Torta<\/i>, em Alij\u00f3, que manteve at\u00e9 2010. Abriu em 2014 a <i>Casa de Ch\u00e1 da Boa Nova<\/i>, considerado monumento nacional desde 2011 e distinguido com duas estrelas\u00a0<i>Michelin<\/i>. Venceu o pr\u00e9mio Chef do Ano 2020, do guia\u00a0<i>Boa Cama Boa Mesa<\/i>\u00a0do jornal\u00a0<i>Expresso<\/i>, e foi nomeado para o\u00a0<i>The Best Chef Awards 2021<\/i>.<\/p>\n<p><strong>Nuno Camarneiro<\/strong> \u00e9 doutorado em Ci\u00eancia Aplicada ao Patrim\u00f3nio Cultural. Em 2012 venceu o Pr\u00e9mio Leya com o romance Debaixo de Algum C\u00e9u.<\/p>\n<div class=\"row cabinet-block\">\n<div class=\"mdc-post\">\n<div class=\"row\">\n<div class=\"col-xs-8 col-md-5 col-md-offset-1 col-xl-4 block-text block-text--marg\">\n<h2>BILHETES<\/h2>\n<p>Entrada gratuita limitada \u00e0 lota\u00e7\u00e3o do audit\u00f3rio.<\/p>\n<h2>ENDERE\u00c7O<\/h2>\n<p>Jardins do Pal\u00e1cio de Cristal<br \/>\nRua de Dom Manuel II<br \/>\n4050-239 Porto<\/p>\n<h2>AUTOCARRO<\/h2>\n<p>1M, 200, 201, 207, 208, 302, 303, 501, 507, 601, ZM, 12M, 13M<br \/>\nCircular Massarelos \u2013 Carmo<\/p>\n<h2>ESTACIONAMENTO<\/h2>\n<p>Pal\u00e1cio de Cristal<\/p>\n<\/div>\n<\/div>\n<\/div>\n<\/div>\n"}],"previous_link":{"label":"","link":""},"next_link":{"label":"","link":""}},"_links":{"self":[{"href":"https:\/\/museudoporto.pt\/en\/wp-json\/wp\/v2\/resource\/13235","targetHints":{"allow":["GET"]}}],"collection":[{"href":"https:\/\/museudoporto.pt\/en\/wp-json\/wp\/v2\/resource"}],"about":[{"href":"https:\/\/museudoporto.pt\/en\/wp-json\/wp\/v2\/types\/resource"}],"wp:featuredmedia":[{"embeddable":true,"href":"https:\/\/museudoporto.pt\/en\/wp-json\/wp\/v2\/media\/13237"}],"wp:attachment":[{"href":"https:\/\/museudoporto.pt\/en\/wp-json\/wp\/v2\/media?parent=13235"}],"wp:term":[{"taxonomy":"resource_category","embeddable":true,"href":"https:\/\/museudoporto.pt\/en\/wp-json\/wp\/v2\/resource_category?post=13235"}],"curies":[{"name":"wp","href":"https:\/\/api.w.org\/{rel}","templated":true}]}}

Sete Pecados à Tardinha — Gula

<p>Com Rosa Alice Branco e Rui Paula. Moderação: Nuno Camarneiro</p>

<p>O ciclo de conversas Sete Pecados à Tardinha, nascido da vontade de criar um espaço de discussão multidisciplinar e informal em torno do conceito de “pecado”, pretende explorar as suas dimensões simbólicas, históricas, religiosas, culturais, científicas e sociais.</p>

<p>O ciclo de conversas Sete Pecados à Tardinha, nascido da vontade de criar um espaço de discussão multidisciplinar e informal em torno do conceito de “pecado”, pretende explorar as suas dimensões simbólicas, históricas, religiosas, culturais, científicas e sociais.</p>
<p>&nbsp;</p>
<p>Partindo dos sete pecados mortais, tais como foram fixados por Tomás de Aquino na sua <em>Summa Theologica</em> – Ira, Avareza, Gula, Luxúria, Preguiça, Soberba e Inveja – o ciclo promoverá uma conversa sobre cada um destes pecados, com a participação de artistas, autores, cientistas, desportistas e outras personagens de relevo na sociedade portuguesa que possam contribuir com um ponto de vista único, informado e enriquecedor para o debate.</p>
<p>&nbsp;</p>
<p><strong>Rosa Alice Branco</strong> é poeta, ensaísta, investigadora, tradutora e curadora cultural. Tem um Doutoramento e Mestrado em Filosofia Contemporânea, pela Universidade Nova de Lisboa, orientada pelo Professor Fernando Gil. É membro da Unidade de Investigação ID+ (Instituto de Design, Media e Cultura), sediada nas Universidades de Aveiro e do Porto, e da ESAD Idea, sediada em Matosinhos, Porto. Dedica-se à investigação nas áreas de Neuropsicologia da Percepção e Estética, assim como em Psicologia do Ambiente, incluindo a Fenomenologia do Habitar e a Sustentabilidade Territorial, tendo 3 livros de ensaio publicados em Portugal sobre a Percepção na natureza e nas artes: e, no Brasil, <em>A condição secreta do visível</em>. Tem 12 livros de Poesia publicados em Portugal. A autora tem também livros de poemas publicados nos USA, em Itália, Brasil, Suíça, Luxemburgo, Québec, Tunísia, Espanha, Venezuela (obra reunida) e Córsega, além de poemas publicados em Revistas e Antologias, em quase todas as línguas. O seu livro de poemas <em>Cattle of the Lord </em>foi publicado nos USA pela Mlkweed editions, tendo sido considerado, <em>pela Chicago Review of Books,</em> um dos 12 melhores livros de Poesia de 2016, o que lhe valeu uma digressão com leituras e debates em várias universidades dos USA, em 2018. Neste mesmo ano, o seu livro de poemas<em> Traçar um nome no coração do branco</em> é publicado pela editora Assírio &amp; Alvim. O seu novo livro de Poesia <em>Amor Cão e outras palavras que não adestram </em>saiu, também pela Assírio/Alvim, em Fevereiro de 2022. Neste ano, saiu, igualmente, o ensaio de divulgação <em>As Cores das coisas: viagem pela natureza e pelos objectos</em>, publicado pela editora Contraponto, chancela da Bertrand Círculo.</p>
<p><strong>Rui Paula</strong> revelou desde cedo o gosto pela cozinha, que foi desenvolvendo com paixão e originalidade, sem nunca perder a ligação com as tradições. Em 1994, abriu o seu primeiro restaurante, <i>Cêpa Torta</i>, em Alijó, que manteve até 2010. Abriu em 2014 a <i>Casa de Chá da Boa Nova</i>, considerado monumento nacional desde 2011 e distinguido com duas estrelas <i>Michelin</i>. Venceu o prémio Chef do Ano 2020, do guia <i>Boa Cama Boa Mesa</i> do jornal <i>Expresso</i>, e foi nomeado para o <i>The Best Chef Awards 2021</i>.</p>
<p><strong>Nuno Camarneiro</strong> é doutorado em Ciência Aplicada ao Património Cultural. Em 2012 venceu o Prémio Leya com o romance Debaixo de Algum Céu.</p>
<div class="row cabinet-block">
<div class="mdc-post">
<div class="row">
<div class="col-xs-8 col-md-5 col-md-offset-1 col-xl-4 block-text block-text--marg">
<h2>BILHETES</h2>
<p>Entrada gratuita limitada à lotação do auditório.</p>
<h2>ENDEREÇO</h2>
<p>Jardins do Palácio de Cristal<br />
Rua de Dom Manuel II<br />
4050-239 Porto</p>
<h2>AUTOCARRO</h2>
<p>1M, 200, 201, 207, 208, 302, 303, 501, 507, 601, ZM, 12M, 13M<br />
Circular Massarelos – Carmo</p>
<h2>ESTACIONAMENTO</h2>
<p>Palácio de Cristal</p>
</div>
</div>
</div>
</div>
