{"id":13318,"date":"2023-04-26T17:30:14","date_gmt":"2023-04-26T16:30:14","guid":{"rendered":"https:\/\/museudoporto.pt\/?post_type=resource&#038;p=13318"},"modified":"2023-04-26T17:30:14","modified_gmt":"2023-04-26T16:30:14","slug":"visita-as-12h30-imaginario-animal-e-vegetal-nos-leques","status":"publish","type":"resource","link":"https:\/\/museudoporto.pt\/en\/recurso\/visita-as-12h30-imaginario-animal-e-vegetal-nos-leques\/","title":{"rendered":"VISITA \u00c0S 12H30 \u2014 Imagin\u00e1rio Animal e Vegetal nos leques"},"content":{"rendered":"","protected":false},"featured_media":2349,"template":"","resource_category":[20,49,59],"class_list":["post-13318","resource","type-resource","status-publish","has-post-thumbnail","hentry","resource_category-atividades","resource_category-visitas-orientadas","resource_category-visitas-focadas"],"acf":{"ambient_sound":false,"breadcrumb":false,"file":false,"content":[{"acf_fc_layout":"event","display_title":"VISITA \u00c0S 12H30 \u2014 Imagin\u00e1rio Animal e Vegetal nos leques","subtitle":"<p>Com Manuela Neves<\/p>\n","date":{"show_time":true,"type":"range","date":null,"start_date":"06\/06\/2023 12:30","end_date":"06\/06\/2023 13:00"},"sessions":null,"location":{"type":"other","station":false,"location":"MUSEU ROM\u00c2NTICO"},"media":{"type":false,"image":{"ID":5636,"id":5636,"title":"MC6035","filename":"MC6035.jpg","filesize":495525,"url":"https:\/\/museudoporto.pt\/wp-content\/uploads\/2021\/01\/MC6035.jpg","link":"https:\/\/museudoporto.pt\/en\/mc6035-2\/","alt":"","author":"0","description":"","caption":"","name":"mc6035-2","status":"inherit","uploaded_to":0,"date":"2021-01-06 00:40:16","modified":"2023-04-26 16:27:21","menu_order":0,"mime_type":"image\/jpeg","type":"image","subtype":"jpeg","icon":"https:\/\/museudoporto.pt\/wp-includes\/images\/media\/default.png","width":1358,"height":898,"sizes":{"thumbnail":"https:\/\/museudoporto.pt\/wp-content\/uploads\/2021\/01\/MC6035-150x150.jpg","thumbnail-width":150,"thumbnail-height":150,"medium":"https:\/\/museudoporto.pt\/wp-content\/uploads\/2021\/01\/MC6035-300x198.jpg","medium-width":300,"medium-height":198,"medium_large":"https:\/\/museudoporto.pt\/wp-content\/uploads\/2021\/01\/MC6035-768x508.jpg","medium_large-width":640,"medium_large-height":423,"large":"https:\/\/museudoporto.pt\/wp-content\/uploads\/2021\/01\/MC6035-1024x677.jpg","large-width":640,"large-height":423,"ufg_200_200":"https:\/\/museudoporto.pt\/wp-content\/uploads\/2021\/01\/MC6035.jpg","ufg_200_200-width":200,"ufg_200_200-height":132,"ufg_300_300":"https:\/\/museudoporto.pt\/wp-content\/uploads\/2021\/01\/MC6035.jpg","ufg_300_300-width":300,"ufg_300_300-height":198,"ufg_400_400":"https:\/\/museudoporto.pt\/wp-content\/uploads\/2021\/01\/MC6035.jpg","ufg_400_400-width":400,"ufg_400_400-height":265,"1536x1536":"https:\/\/museudoporto.pt\/wp-content\/uploads\/2021\/01\/MC6035.jpg","1536x1536-width":1358,"1536x1536-height":898,"2048x2048":"https:\/\/museudoporto.pt\/wp-content\/uploads\/2021\/01\/MC6035.jpg","2048x2048-width":1358,"2048x2048-height":898}},"gallery":false},"excerpt":"<p>Aliviam o calor, refrescam e completam o contexto de luxo, eleg\u00e2ncia e sedu\u00e7\u00e3o do s\u00e9culo XIX. Nos leques das cole\u00e7\u00f5es do Museu do Porto expostos no Museu Rom\u00e2ntico descobre-se um mundo imagin\u00e1rio animal e vegetal onde o nosso olhar se perde.<\/p>\n","content":"<p>Aliviam o calor, refrescam e completam o contexto de luxo, eleg\u00e2ncia e sedu\u00e7\u00e3o do s\u00e9culo XIX. Nos leques das cole\u00e7\u00f5es do Museu do Porto expostos no Museu Rom\u00e2ntico descobre-se um mundo imagin\u00e1rio animal e vegetal onde o nosso olhar se perde.<\/p>\n<p>&nbsp;<\/p>\n<p><strong>Manuela Neves<\/strong> \u00e9 licenciada em Hist\u00f3ria e trabalha nos museus municipais h\u00e1 mais de 30 anos.<\/p>\n<p>&nbsp;<\/p>\n<p>As<strong> Visitas \u00e0s 12H30 <\/strong>s\u00e3o orientadas pelos monitores do Museu do Porto e incidem, de uma forma especial, num tema, numa tipologia de objetos, numa t\u00e9cnica, convidando a conhecer em profundidade um pequeno n\u00famero de objetos de um dos espa\u00e7os.<\/p>\n<p>&nbsp;<\/p>\n<h2>INSCRI\u00c7\u00d5ES<\/h2>\n<p>A participa\u00e7\u00e3o na atividade \u00e9 gratuita e requer inscri\u00e7\u00e3o pr\u00e9via atrav\u00e9s do\u00a0<a href=\"https:\/\/questionarios.cm-porto.pt\/index.php\/971378?lang=pt\">formul\u00e1rio<\/a>. Limite de 20 participantes. + info <a title=\"mailto:mdc.educativo@cm-porto.pt\" href=\"mailto:mdc.educativo@cm-porto.pt\" data-cursor-hover=\"ready\">mdc.educativo@cm-porto.pt<\/a>. ou\u00a0<span data-contrast=\"auto\">(+351) 226<\/span><span data-contrast=\"auto\">\u202f<\/span><span data-contrast=\"auto\">057<\/span><span data-contrast=\"auto\">000.<\/span><\/p>\n<div class=\"row cabinet-block\">\n<div class=\"mdc-post\">\n<div class=\"row\">\n<div class=\"col-xs-8 col-md-5 col-md-offset-1 col-xl-4 block-text block-text--marg\">\n<div class=\"row cabinet-block\">\n<div class=\"mdc-post\">\n<div class=\"row\">\n<div class=\"col-xs-8 col-md-5 col-md-offset-1 col-xl-4 block-text block-text--marg\">\n<h2>ENDERE\u00c7O<\/h2>\n<p>Rua de Entre-Quintas, 220 4050-240 Porto<br \/>\nGPS: 41.147524, -8.627930<br \/>\n<a href=\"https:\/\/www.google.com\/maps\/place\/MUSEU+DA+CIDADE%E2%80%94Extens%C3%A3o+do+Romantismo\/@41.1475562,-8.6306449,17z\/data=!3m1!4b1!4m5!3m4!1s0xd2465101fc09f21:0xe05b033b7aceedc0!8m2!3d41.1475562!4d-8.6284562\" target=\"_blank\" rel=\"noopener\" data-cursor-hover=\"ready\">Localiza\u00e7\u00e3o<\/a><\/p>\n<h2>AUTOCARRO<\/h2>\n<p>1M, 200, 201, 207, 208, 302, 303, 501, 507, 601, ZM, 12M, 13M<br \/>\nCircular Massarelos \u2013 Carmo<\/p>\n<h2>ESTACIONAMENTO<\/h2>\n<p>Pal\u00e1cio de Cristal<\/p>\n<h2>JARDINS<\/h2>\n<p><a href=\"https:\/\/museudoporto.pt\/en\/garden\/quinta-da-macieirinha-extensao-do-romantismo\/\" data-cursor-hover=\"ready\">QUINTA DA MACIEIRINHA<\/a><\/p>\n<\/div>\n<\/div>\n<\/div>\n<\/div>\n<\/div>\n<\/div>\n<\/div>\n<\/div>\n"}],"previous_link":{"label":"","link":""},"next_link":{"label":"","link":""}},"_links":{"self":[{"href":"https:\/\/museudoporto.pt\/en\/wp-json\/wp\/v2\/resource\/13318","targetHints":{"allow":["GET"]}}],"collection":[{"href":"https:\/\/museudoporto.pt\/en\/wp-json\/wp\/v2\/resource"}],"about":[{"href":"https:\/\/museudoporto.pt\/en\/wp-json\/wp\/v2\/types\/resource"}],"wp:featuredmedia":[{"embeddable":true,"href":"https:\/\/museudoporto.pt\/en\/wp-json\/wp\/v2\/media\/2349"}],"wp:attachment":[{"href":"https:\/\/museudoporto.pt\/en\/wp-json\/wp\/v2\/media?parent=13318"}],"wp:term":[{"taxonomy":"resource_category","embeddable":true,"href":"https:\/\/museudoporto.pt\/en\/wp-json\/wp\/v2\/resource_category?post=13318"}],"curies":[{"name":"wp","href":"https:\/\/api.w.org\/{rel}","templated":true}]}}

VISITA ÀS 12H30 — Imaginário Animal e Vegetal nos leques

MUSEU ROMÂNTICO

<p>Aliviam o calor, refrescam e completam o contexto de luxo, elegância e sedução do século XIX. Nos leques das coleções do Museu do Porto expostos no Museu Romântico descobre-se um mundo imaginário animal e vegetal onde o nosso olhar se perde.</p>

<p>Aliviam o calor, refrescam e completam o contexto de luxo, elegância e sedução do século XIX. Nos leques das coleções do Museu do Porto expostos no Museu Romântico descobre-se um mundo imaginário animal e vegetal onde o nosso olhar se perde.</p>
<p>&nbsp;</p>
<p><strong>Manuela Neves</strong> é licenciada em História e trabalha nos museus municipais há mais de 30 anos.</p>
<p>&nbsp;</p>
<p>As<strong> Visitas às 12H30 </strong>são orientadas pelos monitores do Museu do Porto e incidem, de uma forma especial, num tema, numa tipologia de objetos, numa técnica, convidando a conhecer em profundidade um pequeno número de objetos de um dos espaços.</p>
<p>&nbsp;</p>
<h2>INSCRIÇÕES</h2>
<p>A participação na atividade é gratuita e requer inscrição prévia através do <a href="https://questionarios.cm-porto.pt/index.php/971378?lang=pt">formulário</a>. Limite de 20 participantes. + info <a title="mailto:mdc.educativo@cm-porto.pt" href="mailto:mdc.educativo@cm-porto.pt" data-cursor-hover="ready">mdc.educativo@cm-porto.pt</a>. ou <span data-contrast="auto">(+351) 226</span><span data-contrast="auto"> </span><span data-contrast="auto">057</span><span data-contrast="auto">000.</span></p>
<div class="row cabinet-block">
<div class="mdc-post">
<div class="row">
<div class="col-xs-8 col-md-5 col-md-offset-1 col-xl-4 block-text block-text--marg">
<div class="row cabinet-block">
<div class="mdc-post">
<div class="row">
<div class="col-xs-8 col-md-5 col-md-offset-1 col-xl-4 block-text block-text--marg">
<h2>ENDEREÇO</h2>
<p>Rua de Entre-Quintas, 220 4050-240 Porto<br />
GPS: 41.147524, -8.627930<br />
<a href="https://www.google.com/maps/place/MUSEU+DA+CIDADE%E2%80%94Extens%C3%A3o+do+Romantismo/@41.1475562,-8.6306449,17z/data=!3m1!4b1!4m5!3m4!1s0xd2465101fc09f21:0xe05b033b7aceedc0!8m2!3d41.1475562!4d-8.6284562" target="_blank" rel="noopener" data-cursor-hover="ready">Localização</a></p>
<h2>AUTOCARRO</h2>
<p>1M, 200, 201, 207, 208, 302, 303, 501, 507, 601, ZM, 12M, 13M<br />
Circular Massarelos – Carmo</p>
<h2>ESTACIONAMENTO</h2>
<p>Palácio de Cristal</p>
<h2>JARDINS</h2>
<p><a href="https://museudoporto.pt/en/garden/quinta-da-macieirinha-extensao-do-romantismo/" data-cursor-hover="ready">QUINTA DA MACIEIRINHA</a></p>
</div>
</div>
</div>
</div>
</div>
</div>
</div>
</div>
