{"id":13382,"date":"2023-05-03T11:45:43","date_gmt":"2023-05-03T10:45:43","guid":{"rendered":"https:\/\/museudoporto.pt\/?post_type=resource&#038;p=13382"},"modified":"2023-05-03T15:16:01","modified_gmt":"2023-05-03T14:16:01","slug":"visita-encenada-aurelia-livre-consciencia-de-si-3","status":"publish","type":"resource","link":"https:\/\/museudoporto.pt\/en\/recurso\/visita-encenada-aurelia-livre-consciencia-de-si-3\/","title":{"rendered":"Visita encenada \u2014 AUR\u00c9LIA, LIVRE CONSCI\u00caNCIA DE SI"},"content":{"rendered":"","protected":false},"featured_media":13385,"template":"","resource_category":[20,49],"class_list":["post-13382","resource","type-resource","status-publish","has-post-thumbnail","hentry","resource_category-atividades","resource_category-visitas-orientadas"],"acf":{"ambient_sound":false,"breadcrumb":false,"file":false,"content":[{"acf_fc_layout":"event","display_title":"Visita encenada \u2014 AUR\u00c9LIA, LIVRE CONSCI\u00caNCIA DE SI","subtitle":"<p><strong>Projeto Cultural de Escola<\/strong> no \u00e2mbito do Plano Nacional das Artes<\/p>\n<p>Escola Secund\u00e1ria Aur\u00e9lia de Sousa| 10\u00ba H<br \/>\nEscola B\u00e1sica Augusto Gil | 6\u00ba D<br \/>\nCom os monitores do Museu do Porto<\/p>\n","date":{"show_time":true,"type":"sessions","date":null,"start_date":"04\/05\/2023 17:30","end_date":"04\/05\/2023 18:30"},"sessions":"","location":{"type":"other","station":false,"location":"CASA MARTA ORTIG\u00c3O SAMPAIO"},"media":{"type":false,"image":{"ID":13386,"id":13386,"title":"foto","filename":"foto--scaled.jpg","filesize":572777,"url":"https:\/\/museudoporto.pt\/wp-content\/uploads\/2023\/05\/foto--scaled.jpg","link":"https:\/\/museudoporto.pt\/en\/foto-2\/","alt":"","author":"11","description":"","caption":"","name":"foto-2","status":"inherit","uploaded_to":0,"date":"2023-05-03 13:57:06","modified":"2023-05-03 13:57:17","menu_order":0,"mime_type":"image\/jpeg","type":"image","subtype":"jpeg","icon":"https:\/\/museudoporto.pt\/wp-includes\/images\/media\/default.png","width":2560,"height":1779,"sizes":{"thumbnail":"https:\/\/museudoporto.pt\/wp-content\/uploads\/2023\/05\/foto--150x150.jpg","thumbnail-width":150,"thumbnail-height":150,"medium":"https:\/\/museudoporto.pt\/wp-content\/uploads\/2023\/05\/foto--300x208.jpg","medium-width":300,"medium-height":208,"medium_large":"https:\/\/museudoporto.pt\/wp-content\/uploads\/2023\/05\/foto--768x534.jpg","medium_large-width":640,"medium_large-height":445,"large":"https:\/\/museudoporto.pt\/wp-content\/uploads\/2023\/05\/foto--1024x711.jpg","large-width":640,"large-height":444,"ufg_200_200":"https:\/\/museudoporto.pt\/wp-content\/uploads\/2023\/05\/foto--scaled.jpg","ufg_200_200-width":200,"ufg_200_200-height":139,"ufg_300_300":"https:\/\/museudoporto.pt\/wp-content\/uploads\/2023\/05\/foto--scaled.jpg","ufg_300_300-width":300,"ufg_300_300-height":208,"ufg_400_400":"https:\/\/museudoporto.pt\/wp-content\/uploads\/2023\/05\/foto--scaled.jpg","ufg_400_400-width":400,"ufg_400_400-height":278,"1536x1536":"https:\/\/museudoporto.pt\/wp-content\/uploads\/2023\/05\/foto--1536x1067.jpg","1536x1536-width":1536,"1536x1536-height":1067,"2048x2048":"https:\/\/museudoporto.pt\/wp-content\/uploads\/2023\/05\/foto--2048x1423.jpg","2048x2048-width":2048,"2048x2048-height":1423}},"gallery":false},"excerpt":"<p>Ao longo do ano letivo 2022\/2023, duas turmas do Agrupamento de Escolas Aur\u00e9lia de Sousa, uma do 6\u00ba ano e outra do 10\u00ba ano, trabalharam tem\u00e1ticas como a representa\u00e7\u00e3o, a liberdade, o papel do homem e mulher na sociedade em diferentes tempos e lugares, a partir de encontros com a cole\u00e7\u00e3o da Casa Marta Ortig\u00e3o Sampaio. Desses encontros surgiram discursos, imagens, representa\u00e7\u00f5es, que s\u00e3o agora partilhados com o p\u00fablico numa visita encenada por cada turma.<\/p>\n","content":"<p class=\"xmsonormal\" style=\"text-align: justify;\">Ao longo do ano letivo 2022\/2023, duas turmas do Agrupamento de Escolas Aur\u00e9lia de Sousa, uma do 6\u00ba ano e outra do 10\u00ba ano, trabalharam tem\u00e1ticas como a representa\u00e7\u00e3o, a liberdade, o papel do homem e mulher na sociedade em diferentes tempos e lugares, a partir de encontros com a cole\u00e7\u00e3o da Casa Marta Ortig\u00e3o Sampaio. Desses encontros surgiram discursos, imagens, representa\u00e7\u00f5es, que s\u00e3o agora partilhados com o p\u00fablico numa visita encenada por cada turma.<\/p>\n<p>&nbsp;<\/p>\n<h2>Inscri\u00e7\u00f5es<\/h2>\n<p>A participa\u00e7\u00e3o na atividade \u00e9 gratuita e requer inscri\u00e7\u00e3o pr\u00e9via atrav\u00e9s do email <a href=\"mailto:mdc.educativo@cm-porto.pt\">mdc.educativo@cm-porto.pt<\/a>. ou (+351) 226\u202f057000. Limite de 20 participantes.<\/p>\n<h2>ENDERE\u00c7O<\/h2>\n<p>Rua de Nossa Senhora de F\u00e1tima, 291 \/ 299<br \/>\n4050-428 Porto<br \/>\nGPS: 41.159457, -8.625454<br \/>\n<a href=\"https:\/\/www.google.com\/maps\/place\/MUSEU+DA+CIDADE%E2%80%94Casa+Marta+Ortig%C3%A3o+Sampaio\/@41.1593654,-8.6277251,17z\/data=!3m1!4b1!4m5!3m4!1s0xd2465a8407f48ad:0x570d5413b98c531a!8m2!3d41.1593654!4d-8.6255364\" target=\"_blank\" rel=\"noopener\" data-cursor-hover=\"ready\">Localiza\u00e7\u00e3o<\/a><\/p>\n<h2>AUTOCARRO<\/h2>\n<p>203, 302, 203, 302, 508<\/p>\n<h2>METRO<\/h2>\n<p>Carolina Micha\u00eblis<\/p>\n<h2>ESTACIONAMENTO<\/h2>\n<p>Casa da M\u00fasica<\/p>\n"}],"previous_link":{"label":"","link":""},"next_link":{"label":"","link":""}},"_links":{"self":[{"href":"https:\/\/museudoporto.pt\/en\/wp-json\/wp\/v2\/resource\/13382","targetHints":{"allow":["GET"]}}],"collection":[{"href":"https:\/\/museudoporto.pt\/en\/wp-json\/wp\/v2\/resource"}],"about":[{"href":"https:\/\/museudoporto.pt\/en\/wp-json\/wp\/v2\/types\/resource"}],"wp:featuredmedia":[{"embeddable":true,"href":"https:\/\/museudoporto.pt\/en\/wp-json\/wp\/v2\/media\/13385"}],"wp:attachment":[{"href":"https:\/\/museudoporto.pt\/en\/wp-json\/wp\/v2\/media?parent=13382"}],"wp:term":[{"taxonomy":"resource_category","embeddable":true,"href":"https:\/\/museudoporto.pt\/en\/wp-json\/wp\/v2\/resource_category?post=13382"}],"curies":[{"name":"wp","href":"https:\/\/api.w.org\/{rel}","templated":true}]}}

Visita encenada — AURÉLIA, LIVRE CONSCIÊNCIA DE SI

<p><strong>Projeto Cultural de Escola</strong> no âmbito do Plano Nacional das Artes</p>
<p>Escola Secundária Aurélia de Sousa| 10º H<br />
Escola Básica Augusto Gil | 6º D<br />
Com os monitores do Museu do Porto</p>

CASA MARTA ORTIGÃO SAMPAIO

<p>Ao longo do ano letivo 2022/2023, duas turmas do Agrupamento de Escolas Aurélia de Sousa, uma do 6º ano e outra do 10º ano, trabalharam temáticas como a representação, a liberdade, o papel do homem e mulher na sociedade em diferentes tempos e lugares, a partir de encontros com a coleção da Casa Marta Ortigão Sampaio. Desses encontros surgiram discursos, imagens, representações, que são agora partilhados com o público numa visita encenada por cada turma.</p>

<p class="xmsonormal" style="text-align: justify;">Ao longo do ano letivo 2022/2023, duas turmas do Agrupamento de Escolas Aurélia de Sousa, uma do 6º ano e outra do 10º ano, trabalharam temáticas como a representação, a liberdade, o papel do homem e mulher na sociedade em diferentes tempos e lugares, a partir de encontros com a coleção da Casa Marta Ortigão Sampaio. Desses encontros surgiram discursos, imagens, representações, que são agora partilhados com o público numa visita encenada por cada turma.</p>
<p>&nbsp;</p>
<h2>Inscrições</h2>
<p>A participação na atividade é gratuita e requer inscrição prévia através do email <a href="mailto:mdc.educativo@cm-porto.pt">mdc.educativo@cm-porto.pt</a>. ou (+351) 226 057000. Limite de 20 participantes.</p>
<h2>ENDEREÇO</h2>
<p>Rua de Nossa Senhora de Fátima, 291 / 299<br />
4050-428 Porto<br />
GPS: 41.159457, -8.625454<br />
<a href="https://www.google.com/maps/place/MUSEU+DA+CIDADE%E2%80%94Casa+Marta+Ortig%C3%A3o+Sampaio/@41.1593654,-8.6277251,17z/data=!3m1!4b1!4m5!3m4!1s0xd2465a8407f48ad:0x570d5413b98c531a!8m2!3d41.1593654!4d-8.6255364" target="_blank" rel="noopener" data-cursor-hover="ready">Localização</a></p>
<h2>AUTOCARRO</h2>
<p>203, 302, 203, 302, 508</p>
<h2>METRO</h2>
<p>Carolina Michaëlis</p>
<h2>ESTACIONAMENTO</h2>
<p>Casa da Música</p>
