{"id":13393,"date":"2023-05-04T12:19:49","date_gmt":"2023-05-04T11:19:49","guid":{"rendered":"https:\/\/museudoporto.pt\/?post_type=resource&#038;p=13393"},"modified":"2023-11-15T17:12:34","modified_gmt":"2023-11-15T17:12:34","slug":"vivificar","status":"publish","type":"resource","link":"https:\/\/museudoporto.pt\/en\/recurso\/vivificar\/","title":{"rendered":"ViViFiCAR"},"content":{"rendered":"","protected":false},"featured_media":13400,"template":"","resource_category":[20,24,79],"class_list":["post-13393","resource","type-resource","status-publish","has-post-thumbnail","hentry","resource_category-atividades","resource_category-plataformas-publicas","resource_category-temporarias"],"acf":{"ambient_sound":false,"breadcrumb":false,"file":false,"content":[{"acf_fc_layout":"event","display_title":"ViViFiCAR","subtitle":"<p>Modera\u00e7\u00e3o: Gabriela Vaz-Pinheiro, Jayne Dyer, Virg\u00edlio Ferreira<br \/>\nCom obras de: Alexandre Delmar, Andr\u00e9 Tribbensee, F\u00e1bio Cunha, Hasan Daraghmeh, Ine Harrang, Jo\u00e3o Pedro Fonseca, Jos\u00e9 Miguel Pires, Maria Lusitano, Patr\u00edcia Geraldes, Raquel Schefer, Violeta Moura, Trond Lossius<br \/>\nOrganiza\u00e7\u00e3o: Ci.CLO Plataforma de Fotografia<\/p>\n","date":{"show_time":false,"type":"range","date":null,"start_date":"21\/05\/2023 18:00","end_date":"28\/01\/2024 17:00"},"sessions":null,"location":{"type":"other","station":false,"location":"MUSEU DO VINHO DO PORTO"},"media":{"type":false,"image":{"ID":13401,"id":13401,"title":"P. 21_ 02_Alexandre_Delmar","filename":"P.-21_-02_Alexandre_Delmar.png","filesize":3636081,"url":"https:\/\/museudoporto.pt\/wp-content\/uploads\/2023\/05\/P.-21_-02_Alexandre_Delmar.png","link":"https:\/\/museudoporto.pt\/en\/p-21_-02_alexandre_delmar-2\/","alt":"","author":"11","description":"","caption":"","name":"p-21_-02_alexandre_delmar-2","status":"inherit","uploaded_to":0,"date":"2023-05-04 11:57:50","modified":"2023-05-04 11:58:46","menu_order":0,"mime_type":"image\/png","type":"image","subtype":"png","icon":"https:\/\/museudoporto.pt\/wp-includes\/images\/media\/default.png","width":2953,"height":1661,"sizes":{"thumbnail":"https:\/\/museudoporto.pt\/wp-content\/uploads\/2023\/05\/P.-21_-02_Alexandre_Delmar-150x150.png","thumbnail-width":150,"thumbnail-height":150,"medium":"https:\/\/museudoporto.pt\/wp-content\/uploads\/2023\/05\/P.-21_-02_Alexandre_Delmar-300x169.png","medium-width":300,"medium-height":169,"medium_large":"https:\/\/museudoporto.pt\/wp-content\/uploads\/2023\/05\/P.-21_-02_Alexandre_Delmar-768x432.png","medium_large-width":640,"medium_large-height":360,"large":"https:\/\/museudoporto.pt\/wp-content\/uploads\/2023\/05\/P.-21_-02_Alexandre_Delmar-1024x576.png","large-width":640,"large-height":360,"ufg_200_200":"https:\/\/museudoporto.pt\/wp-content\/uploads\/2023\/05\/P.-21_-02_Alexandre_Delmar.png","ufg_200_200-width":200,"ufg_200_200-height":112,"ufg_300_300":"https:\/\/museudoporto.pt\/wp-content\/uploads\/2023\/05\/P.-21_-02_Alexandre_Delmar.png","ufg_300_300-width":300,"ufg_300_300-height":169,"ufg_400_400":"https:\/\/museudoporto.pt\/wp-content\/uploads\/2023\/05\/P.-21_-02_Alexandre_Delmar.png","ufg_400_400-width":400,"ufg_400_400-height":225,"1536x1536":"https:\/\/museudoporto.pt\/wp-content\/uploads\/2023\/05\/P.-21_-02_Alexandre_Delmar-1536x864.png","1536x1536-width":1536,"1536x1536-height":864,"2048x2048":"https:\/\/museudoporto.pt\/wp-content\/uploads\/2023\/05\/P.-21_-02_Alexandre_Delmar-2048x1152.png","2048x2048-width":2048,"2048x2048-height":1152}},"gallery":false},"excerpt":"<p>Abra\u00e7ando as ideias de \u00abviver\u00bb e \u00abficar\u00bb, ViViFiCAR procura respostas criativas para o desafio da fixa\u00e7\u00e3o populacional em quatro munic\u00edpios de baixa densidade no Douro, baseadas na constru\u00e7\u00e3o de di\u00e1logos com as comunidades e no aprofundamento de perspetivas sobre os contextos socioecon\u00f3micos, ecol\u00f3gicos e culturais dos territ\u00f3rios em quest\u00e3o. ViViFiCAR \u00e9 um projeto imersivo e transdisciplinar que se articula entre a fotografia, os novos media e a arquitetura para promover encontros entre artistas durienses, nacionais e noruegueses com as comunidades locais, a partir de estrat\u00e9gias participativas de cria\u00e7\u00e3o e exposi\u00e7\u00e3o de obras de arte<em> community-specific<\/em>.<\/p>\n","content":"<p>O projeto ViViFiCAR abra\u00e7a as ideias de \u00abviver\u00bb e \u00abficar\u00bb enquanto eixos orientadores de encontros imersivos entre artistas durienses, nacionais e noruegueses com comunidades locais a partir de estrat\u00e9gias participativas de cria\u00e7\u00e3o.<\/p>\n<p>Durante o ano de 2022, Alij\u00f3, Lamego, M\u00eada e Torre de Moncorvo receberam os <em>Encontros Vivos<\/em>, programa de resid\u00eancias com 3 artistas em cada munic\u00edpio. Durante 6 semanas, os artistas viveram nas casas dos embaixadores locais, com acompanhamento de processo criativo por uma equipa de moderadores \u2014 Gabriela Vaz-Pinheiro, Jayne Dyer e Virg\u00edlio Ferreira \u2014, apoiado por mediadores locais. Os projetos desenvolvidos foram apresentados nas freguesias onde decorreram as resid\u00eancias, revelando o resultado deste processo colaborativo e participado.<\/p>\n<p>Foram desenvolvidos 12 trabalhos in\u00e9ditos sobre estes territ\u00f3rios e comunidades, celebrando a identidade, a mem\u00f3ria e a resili\u00eancia dos lugares e das suas gentes em diferentes freguesias dos munic\u00edpios parceiros.<\/p>\n<p>&nbsp;<\/p>\n<p><strong>PROGRAMA\u00c7\u00c3O PARALELA<\/strong><br \/>\n<strong>S\u00c1B 17 JUN\u00a0<\/strong><br \/>\n15H\u201416H30 (oficina) <em>Empatia\u00a0em Fam\u00edlia\u00a0<\/em>\/ media\u00e7\u00e3o Coletivo ARiSCA<br \/>\nLota\u00e7\u00e3o: 16 participantes<br \/>\nInscri\u00e7\u00e3o pr\u00e9via para:\u00a0<a href=\"mailto:geral@ciclo.art\">geral@ciclo.art<\/a><\/p>\n<p>&nbsp;<\/p>\n<p><strong>S\u00c1B 17 JUN\u00a0<\/strong><br \/>\n17H\u201418H (visita guiada) <em>Visit.a\u00e7\u00e3o P\u00fablico\u00a0<\/em>\/ media\u00e7\u00e3o Coletivo ARiSCA<br \/>\nLota\u00e7\u00e3o: 18 participantes<br \/>\nInscri\u00e7\u00e3o pr\u00e9via para:\u00a0<a href=\"mailto:geral@ciclo.art\">geral@ciclo.art<\/a><\/p>\n<p>&nbsp;<\/p>\n<div class=\"row block-text text-no-indent\">\n<div class=\"col-xs-8 col-sm-7 col-md-5 col-md-offset-3 col-xl-4 col-xl-offset-4\">\n<h2>ENDERE\u00c7O<\/h2>\n<p>Rua da Reboleira, 33-37, 4050-492 Porto<br \/>\nGPS: 41.140207, -8.615170<br \/>\n<a href=\"https:\/\/www.google.com\/maps\/place\/MUSEU+DA+CIDADE%E2%80%94Extens%C3%A3o+do+Douro\/@41.1400547,-8.6175196,17z\/data=!3m1!4b1!4m5!3m4!1s0xd24651a4311d75f:0x6d6d0bd7c244d305!8m2!3d41.1400547!4d-8.6153256\" target=\"_blank\" rel=\"noopener\" data-cursor-hover=\"ready\">Dire\u00e7\u00f5es<\/a><\/p>\n<h2>AUTOCARRO<\/h2>\n<p>500, 900, 901, 906, ZM, ZR, 1<\/p>\n<h2>METRO<\/h2>\n<p>S. Bento<\/p>\n<h2>ESTACIONAMENTO<\/h2>\n<p>Pra\u00e7a do Infante D. Henrique<\/p>\n<\/div>\n<\/div>\n"}],"previous_link":{"label":"","link":""},"next_link":{"label":"","link":""}},"_links":{"self":[{"href":"https:\/\/museudoporto.pt\/en\/wp-json\/wp\/v2\/resource\/13393","targetHints":{"allow":["GET"]}}],"collection":[{"href":"https:\/\/museudoporto.pt\/en\/wp-json\/wp\/v2\/resource"}],"about":[{"href":"https:\/\/museudoporto.pt\/en\/wp-json\/wp\/v2\/types\/resource"}],"wp:featuredmedia":[{"embeddable":true,"href":"https:\/\/museudoporto.pt\/en\/wp-json\/wp\/v2\/media\/13400"}],"wp:attachment":[{"href":"https:\/\/museudoporto.pt\/en\/wp-json\/wp\/v2\/media?parent=13393"}],"wp:term":[{"taxonomy":"resource_category","embeddable":true,"href":"https:\/\/museudoporto.pt\/en\/wp-json\/wp\/v2\/resource_category?post=13393"}],"curies":[{"name":"wp","href":"https:\/\/api.w.org\/{rel}","templated":true}]}}

<p>Moderação: Gabriela Vaz-Pinheiro, Jayne Dyer, Virgílio Ferreira<br />
Com obras de: Alexandre Delmar, André Tribbensee, Fábio Cunha, Hasan Daraghmeh, Ine Harrang, João Pedro Fonseca, José Miguel Pires, Maria Lusitano, Patrícia Geraldes, Raquel Schefer, Violeta Moura, Trond Lossius<br />
Organização: Ci.CLO Plataforma de Fotografia</p>

<p>Abraçando as ideias de «viver» e «ficar», ViViFiCAR procura respostas criativas para o desafio da fixação populacional em quatro municípios de baixa densidade no Douro, baseadas na construção de diálogos com as comunidades e no aprofundamento de perspetivas sobre os contextos socioeconómicos, ecológicos e culturais dos territórios em questão. ViViFiCAR é um projeto imersivo e transdisciplinar que se articula entre a fotografia, os novos media e a arquitetura para promover encontros entre artistas durienses, nacionais e noruegueses com as comunidades locais, a partir de estratégias participativas de criação e exposição de obras de arte<em> community-specific</em>.</p>

<p>O projeto ViViFiCAR abraça as ideias de «viver» e «ficar» enquanto eixos orientadores de encontros imersivos entre artistas durienses, nacionais e noruegueses com comunidades locais a partir de estratégias participativas de criação.</p>
<p>Durante o ano de 2022, Alijó, Lamego, Mêda e Torre de Moncorvo receberam os <em>Encontros Vivos</em>, programa de residências com 3 artistas em cada município. Durante 6 semanas, os artistas viveram nas casas dos embaixadores locais, com acompanhamento de processo criativo por uma equipa de moderadores — Gabriela Vaz-Pinheiro, Jayne Dyer e Virgílio Ferreira —, apoiado por mediadores locais. Os projetos desenvolvidos foram apresentados nas freguesias onde decorreram as residências, revelando o resultado deste processo colaborativo e participado.</p>
<p>Foram desenvolvidos 12 trabalhos inéditos sobre estes territórios e comunidades, celebrando a identidade, a memória e a resiliência dos lugares e das suas gentes em diferentes freguesias dos municípios parceiros.</p>
<p>&nbsp;</p>
<p><strong>PROGRAMAÇÃO PARALELA</strong><br />
<strong>SÁB 17 JUN </strong><br />
15H—16H30 (oficina) <em>Empatia em Família </em>/ mediação Coletivo ARiSCA<br />
Lotação: 16 participantes<br />
Inscrição prévia para: <a href="mailto:geral@ciclo.art">geral@ciclo.art</a></p>
<p>&nbsp;</p>
<p><strong>SÁB 17 JUN </strong><br />
17H—18H (visita guiada) <em>Visit.ação Público </em>/ mediação Coletivo ARiSCA<br />
Lotação: 18 participantes<br />
Inscrição prévia para: <a href="mailto:geral@ciclo.art">geral@ciclo.art</a></p>
<p>&nbsp;</p>
<div class="row block-text text-no-indent">
<div class="col-xs-8 col-sm-7 col-md-5 col-md-offset-3 col-xl-4 col-xl-offset-4">
<h2>ENDEREÇO</h2>
<p>Rua da Reboleira, 33-37, 4050-492 Porto<br />
GPS: 41.140207, -8.615170<br />
<a href="https://www.google.com/maps/place/MUSEU+DA+CIDADE%E2%80%94Extens%C3%A3o+do+Douro/@41.1400547,-8.6175196,17z/data=!3m1!4b1!4m5!3m4!1s0xd24651a4311d75f:0x6d6d0bd7c244d305!8m2!3d41.1400547!4d-8.6153256" target="_blank" rel="noopener" data-cursor-hover="ready">Direções</a></p>
<h2>AUTOCARRO</h2>
<p>500, 900, 901, 906, ZM, ZR, 1</p>
<h2>METRO</h2>
<p>S. Bento</p>
<h2>ESTACIONAMENTO</h2>
<p>Praça do Infante D. Henrique</p>
</div>
</div>
