{"id":13483,"date":"2023-05-17T16:23:19","date_gmt":"2023-05-17T15:23:19","guid":{"rendered":"https:\/\/museudoporto.pt\/?post_type=resource&#038;p=13483"},"modified":"2024-10-22T09:03:49","modified_gmt":"2024-10-22T08:03:49","slug":"para-aurelia-desenhos-de-fuga","status":"publish","type":"resource","link":"https:\/\/museudoporto.pt\/en\/recurso\/para-aurelia-desenhos-de-fuga\/","title":{"rendered":"PARA AUR\u00c9LIA: DESENHOS DE FUGA"},"content":{"rendered":"","protected":false},"featured_media":13774,"template":"","resource_category":[20,24,79],"class_list":["post-13483","resource","type-resource","status-publish","has-post-thumbnail","hentry","resource_category-atividades","resource_category-plataformas-publicas","resource_category-temporarias"],"acf":{"ambient_sound":false,"breadcrumb":false,"file":false,"content":[{"acf_fc_layout":"event","display_title":"PARA AUR\u00c9LIA: DESENHOS DE FUGA","subtitle":"<p>de Aur\u00e9lia de Sousa, Sofia de Sousa, Ana Allen e Ji\u00f4n Kiim<\/p>\n<p>Curadoria: Rita Roque e Cristina Regadas<\/p>\n","date":{"show_time":false,"type":"range","date":"","start_date":"13\/06\/2023 00:00","end_date":"31\/12\/2024 17:30"},"sessions":null,"location":{"type":"other","station":false,"location":"CASA MARTA ORTIG\u00c3O SAMPAIO"},"media":{"type":false,"image":{"ID":13775,"id":13775,"title":"DesenhosdeFuga_Facebook_Banner2","filename":"DesenhosdeFuga_Facebook_Banner2.jpg","filesize":370553,"url":"https:\/\/museudoporto.pt\/wp-content\/uploads\/2023\/05\/DesenhosdeFuga_Facebook_Banner2.jpg","link":"https:\/\/museudoporto.pt\/en\/desenhosdefuga_facebook_banner2-2\/","alt":"","author":"11","description":"","caption":"","name":"desenhosdefuga_facebook_banner2-2","status":"inherit","uploaded_to":0,"date":"2023-06-09 11:27:01","modified":"2024-06-25 09:21:12","menu_order":0,"mime_type":"image\/jpeg","type":"image","subtype":"jpeg","icon":"https:\/\/museudoporto.pt\/wp-includes\/images\/media\/default.png","width":1389,"height":728,"sizes":{"thumbnail":"https:\/\/museudoporto.pt\/wp-content\/uploads\/2023\/05\/DesenhosdeFuga_Facebook_Banner2-150x150.jpg","thumbnail-width":150,"thumbnail-height":150,"medium":"https:\/\/museudoporto.pt\/wp-content\/uploads\/2023\/05\/DesenhosdeFuga_Facebook_Banner2-300x157.jpg","medium-width":300,"medium-height":157,"medium_large":"https:\/\/museudoporto.pt\/wp-content\/uploads\/2023\/05\/DesenhosdeFuga_Facebook_Banner2-768x403.jpg","medium_large-width":640,"medium_large-height":336,"large":"https:\/\/museudoporto.pt\/wp-content\/uploads\/2023\/05\/DesenhosdeFuga_Facebook_Banner2-1024x537.jpg","large-width":640,"large-height":336,"ufg_200_200":"https:\/\/museudoporto.pt\/wp-content\/uploads\/2023\/05\/DesenhosdeFuga_Facebook_Banner2.jpg","ufg_200_200-width":200,"ufg_200_200-height":105,"ufg_300_300":"https:\/\/museudoporto.pt\/wp-content\/uploads\/2023\/05\/DesenhosdeFuga_Facebook_Banner2.jpg","ufg_300_300-width":300,"ufg_300_300-height":157,"ufg_400_400":"https:\/\/museudoporto.pt\/wp-content\/uploads\/2023\/05\/DesenhosdeFuga_Facebook_Banner2.jpg","ufg_400_400-width":400,"ufg_400_400-height":210,"1536x1536":"https:\/\/museudoporto.pt\/wp-content\/uploads\/2023\/05\/DesenhosdeFuga_Facebook_Banner2.jpg","1536x1536-width":1389,"1536x1536-height":728,"2048x2048":"https:\/\/museudoporto.pt\/wp-content\/uploads\/2023\/05\/DesenhosdeFuga_Facebook_Banner2.jpg","2048x2048-width":1389,"2048x2048-height":728}},"gallery":false},"excerpt":"<p>O Museu do Porto desafia duas artistas da cidade \u2013 Ana Allen e Ji\u00f4n Kiim \u2013 a abrir, de modo in\u00e9dito, os dois cadernos de Aur\u00e9lia de Sousa, ligando mem\u00f3ria e futuro, criando a partir desse material outros poss\u00edveis, de inspira\u00e7\u00e3o tel\u00farica e ex\u00f3tica.<\/p>\n","content":"<p>Aur\u00e9lia de Sousa \u00e9 a mais singular, inventiva e vanguardista das artistas portuenses do seu tempo, e uma personalidade transformadora dos territ\u00f3rios prescritos que confinavam a arte no feminino. Explorando ambiguidades e contradi\u00e7\u00f5es pessoais, sociais e est\u00e9ticas, Aur\u00e9lia de Sousa recusa os lugares e c\u00e2nones estabelecidos no panorama da cultura portuguesa, rompendo com os padr\u00f5es naturalistas da \u00e9poca.<\/p>\n<p>&nbsp;<\/p>\n<p>Morre em 1922, aos 55 anos, mas abre uma magn\u00e9tica e produtiva clareira na cena art\u00edstica do Porto e do pa\u00eds, que n\u00e3o se fechar\u00e1 mais, continuando a convocar interroga\u00e7\u00f5es. Por todos esses motivos, e no contexto do programa cultural do centen\u00e1rio da sua morte, o Museu do Porto desafia duas artistas da cidade \u2013 Ana Allen (n. 1985, Porto) e Ji\u00f4n Kiim (n. 1982, Busan, Coreia) \u2013 a abrir, de modo in\u00e9dito, os dois cadernos da artista, ligando mem\u00f3ria e futuro, criando a partir desse material outros poss\u00edveis, de inspira\u00e7\u00e3o tel\u00farica e ex\u00f3tica.<\/p>\n<p>&nbsp;<\/p>\n<p><strong>Ana Allen<\/strong> (n. 1985, Porto) vive e trabalha no Porto. Frequentou a Escola Art\u00edstica Soares dos Reis \u2013 Artes Visuais, \u00e9 Mestre em Pintura pela Faculdade de Belas-Artes da Universidade do Porto, e encontra-se a desenvolver o Doutoramento em Artes Pl\u00e1sticas pela mesma Universidade. A pr\u00e1tica\u00a0art\u00edstica de Allen,\u00a0tem vindo a ser desenvolvida em torno de temas paradigm\u00e1ticos da pintura, na procura do di\u00e1logo entre o legado e a transforma\u00e7\u00e3o, transpondo a conjuga\u00e7\u00e3o e a dimens\u00e3o dicot\u00f3micas do mundo imag\u00e9tico \u2013 entre o abstrato e o figurativo, hist\u00f3rico e contempor\u00e2neo, o natural e o artificial, o anal\u00f3gico e o digital. Atrav\u00e9s da sua pr\u00e1tica de pintura, desenho e instala\u00e7\u00e3o encontramos imagens de natureza h\u00edbrida definidas por uma temporalidade transversal.<\/p>\n<p>&nbsp;<\/p>\n<p><strong>Ji\u00f4n Kiim<\/strong> (n. 1982, Busan, Coreia) vive e trabalha no Porto desde 2017. Possui um Diploma em Belas Artes pela HfBK Dresden. Estudou na Kunstakademie Stuttgart e na Faculdade de Belas Artes do Universidade do Porto e Design Industrial (BFA) na Hongik Univ. em Seul. A sua pr\u00e1tica transdisciplinar, centrada no desenho, abrange a pintura, a fotografia e a instala\u00e7\u00e3o. As obras de Ji\u00f4n Kiim parecem habitar os interst\u00edcios entre linguagem e o inef\u00e1vel que define o lugar do gesto art\u00edstico, bem como a sua forma. Elas surgem como signos vazios, atos de pura medita\u00e7\u00e3o. Numa procura pelo incerto e a alegria, os seus trabalhos afastam-se da interpreta\u00e7\u00e3o e do pensamento l\u00f3gico, para assim serem superf\u00edcies de aten\u00e7\u00e3o ao momento presente, concentrando-se nos gestos e nas subst\u00e2ncias que comp\u00f5em \u00e1reas pict\u00f3ricas de limites indefinidos<span class=\"xnormaltextrun\">.<\/span><span class=\"xeop\">\u00a0<\/span><\/p>\n<p>&nbsp;<\/p>\n<p><strong>EVOCA\u00c7\u00c3O AUR\u00c9LIA DE SOUSA<br \/>\n<\/strong><\/p>\n<p><strong>18 E 19 MAI 15H<\/strong> \u2014 visita <a href=\"https:\/\/museudoporto.pt\/en\/recurso\/visita-partilhada-com-o-mnsr\/\">AUR\u00c9LIA DE SOUSA: CONTEXTO SOCIAL E FAMILIAR<\/a><\/p>\n<p><strong>15 JUN 18H<\/strong> \u2014 conversa <a href=\"https:\/\/museudoporto.pt\/en\/recurso\/conversa-para-aurelia-desenhos-de-fuga\/\">PARA AUR\u00c9LIA: DESENHOS DE FUGA<\/a><\/p>\n<p><strong>16 JUN 19H<\/strong> \u2014 performance\/v\u00eddeo-dan\u00e7a <a href=\"https:\/\/museudoporto.pt\/en\/recurso\/danca-no-museu-criacao-1-aurelia-de-souza-santo-antonio-autorretrato\/\">CRIA\u00c7\u00c3O #1: AUR\u00c9LIA DE SOUSA SANTO ANT\u00d3NIO (AUTORRETRATO), C.1902<\/a><\/p>\n<p><strong>31 AGO 15H<\/strong> \u2014 <a href=\"https:\/\/museudoporto.pt\/en\/recurso\/visita-para-aurelia-desenhos-de-fuga\/\">visita com Jorge Sobrado e Rita Roque<\/a><\/p>\n<p><strong>14 SET 15H<\/strong> \u2014 <a href=\"https:\/\/museudoporto.pt\/en\/recurso\/visita-para-aurelia-desenhos-de-fuga-2\/\">visita com Cristina Regadas, Ana Allen e Ji\u00f4n Kiim<\/a><\/p>\n<p>&nbsp;<\/p>\n<h2>BILHETES<\/h2>\n<p><a href=\"https:\/\/museudoporto.bol.pt\/Comprar\/Bilhetes\/117317-visita_a_casa_marta_ortigao_sampaio-casa_marta_ort_samp\/\" target=\"_blank\" rel=\"noopener\" data-cursor-hover=\"ready\">BILHETEIRA ONLINE<\/a><\/p>\n<div class=\"row block-text text-no-indent\">\n<div class=\"col-xs-8 col-sm-7 col-md-5 col-md-offset-3 col-xl-4 col-xl-offset-4\">\n<h2>HOR\u00c1RIO<\/h2>\n<p>TER\u2014DOM<strong><br \/>\n<\/strong>10H\u201417H30<\/p>\n<p>Encerra \u00e0s segundas e dias feriados.<\/p>\n<h2>ENDERE\u00c7O<\/h2>\n<p>Rua de Nossa Senhora de F\u00e1tima, 299<br \/>\n4050-428 Porto<br \/>\nGPS: 41.159457, -8.625454<br \/>\n<a href=\"https:\/\/www.google.com\/maps\/place\/MUSEU+DA+CIDADE%E2%80%94Casa+Marta+Ortig%C3%A3o+Sampaio\/@41.1593654,-8.6277251,17z\/data=!3m1!4b1!4m5!3m4!1s0xd2465a8407f48ad:0x570d5413b98c531a!8m2!3d41.1593654!4d-8.6255364\" target=\"_blank\" rel=\"noopener\" data-cursor-hover=\"ready\">Localiza\u00e7\u00e3o<\/a><\/p>\n<h2>AUTOCARRO<\/h2>\n<p>203, 302, 203, 302, 508<\/p>\n<h2>METRO<\/h2>\n<p>Carolina Micha\u00eblis<\/p>\n<h2>ESTACIONAMENTO<\/h2>\n<p>Casa da M\u00fasica<\/p>\n<h2>JARDINS<\/h2>\n<p><a href=\"https:\/\/museudoporto.pt\/en\/garden\/jardim-e-casa-marta-ortigao-sampaio\/\" data-cursor-hover=\"ready\">MARTA ORTIG\u00c3O SAMPAIO<\/a><\/p>\n<\/div>\n<\/div>\n"}],"previous_link":{"label":"","link":""},"next_link":{"label":"","link":""}},"_links":{"self":[{"href":"https:\/\/museudoporto.pt\/en\/wp-json\/wp\/v2\/resource\/13483","targetHints":{"allow":["GET"]}}],"collection":[{"href":"https:\/\/museudoporto.pt\/en\/wp-json\/wp\/v2\/resource"}],"about":[{"href":"https:\/\/museudoporto.pt\/en\/wp-json\/wp\/v2\/types\/resource"}],"wp:featuredmedia":[{"embeddable":true,"href":"https:\/\/museudoporto.pt\/en\/wp-json\/wp\/v2\/media\/13774"}],"wp:attachment":[{"href":"https:\/\/museudoporto.pt\/en\/wp-json\/wp\/v2\/media?parent=13483"}],"wp:term":[{"taxonomy":"resource_category","embeddable":true,"href":"https:\/\/museudoporto.pt\/en\/wp-json\/wp\/v2\/resource_category?post=13483"}],"curies":[{"name":"wp","href":"https:\/\/api.w.org\/{rel}","templated":true}]}}

PARA AURÉLIA: DESENHOS DE FUGA

<p>de Aurélia de Sousa, Sofia de Sousa, Ana Allen e Jiôn Kiim</p>
<p>Curadoria: Rita Roque e Cristina Regadas</p>

CASA MARTA ORTIGÃO SAMPAIO

<p>O Museu do Porto desafia duas artistas da cidade – Ana Allen e Jiôn Kiim – a abrir, de modo inédito, os dois cadernos de Aurélia de Sousa, ligando memória e futuro, criando a partir desse material outros possíveis, de inspiração telúrica e exótica.</p>

<p>Aurélia de Sousa é a mais singular, inventiva e vanguardista das artistas portuenses do seu tempo, e uma personalidade transformadora dos territórios prescritos que confinavam a arte no feminino. Explorando ambiguidades e contradições pessoais, sociais e estéticas, Aurélia de Sousa recusa os lugares e cânones estabelecidos no panorama da cultura portuguesa, rompendo com os padrões naturalistas da época.</p>
<p>&nbsp;</p>
<p>Morre em 1922, aos 55 anos, mas abre uma magnética e produtiva clareira na cena artística do Porto e do país, que não se fechará mais, continuando a convocar interrogações. Por todos esses motivos, e no contexto do programa cultural do centenário da sua morte, o Museu do Porto desafia duas artistas da cidade – Ana Allen (n. 1985, Porto) e Jiôn Kiim (n. 1982, Busan, Coreia) – a abrir, de modo inédito, os dois cadernos da artista, ligando memória e futuro, criando a partir desse material outros possíveis, de inspiração telúrica e exótica.</p>
<p>&nbsp;</p>
<p><strong>Ana Allen</strong> (n. 1985, Porto) vive e trabalha no Porto. Frequentou a Escola Artística Soares dos Reis – Artes Visuais, é Mestre em Pintura pela Faculdade de Belas-Artes da Universidade do Porto, e encontra-se a desenvolver o Doutoramento em Artes Plásticas pela mesma Universidade. A prática artística de Allen, tem vindo a ser desenvolvida em torno de temas paradigmáticos da pintura, na procura do diálogo entre o legado e a transformação, transpondo a conjugação e a dimensão dicotómicas do mundo imagético – entre o abstrato e o figurativo, histórico e contemporâneo, o natural e o artificial, o analógico e o digital. Através da sua prática de pintura, desenho e instalação encontramos imagens de natureza híbrida definidas por uma temporalidade transversal.</p>
<p>&nbsp;</p>
<p><strong>Jiôn Kiim</strong> (n. 1982, Busan, Coreia) vive e trabalha no Porto desde 2017. Possui um Diploma em Belas Artes pela HfBK Dresden. Estudou na Kunstakademie Stuttgart e na Faculdade de Belas Artes do Universidade do Porto e Design Industrial (BFA) na Hongik Univ. em Seul. A sua prática transdisciplinar, centrada no desenho, abrange a pintura, a fotografia e a instalação. As obras de Jiôn Kiim parecem habitar os interstícios entre linguagem e o inefável que define o lugar do gesto artístico, bem como a sua forma. Elas surgem como signos vazios, atos de pura meditação. Numa procura pelo incerto e a alegria, os seus trabalhos afastam-se da interpretação e do pensamento lógico, para assim serem superfícies de atenção ao momento presente, concentrando-se nos gestos e nas substâncias que compõem áreas pictóricas de limites indefinidos<span class="xnormaltextrun">.</span><span class="xeop"> </span></p>
<p>&nbsp;</p>
<p><strong>EVOCAÇÃO AURÉLIA DE SOUSA<br />
</strong></p>
<p><strong>18 E 19 MAI 15H</strong> — visita <a href="https://museudoporto.pt/en/recurso/visita-partilhada-com-o-mnsr/">AURÉLIA DE SOUSA: CONTEXTO SOCIAL E FAMILIAR</a></p>
<p><strong>15 JUN 18H</strong> — conversa <a href="https://museudoporto.pt/en/recurso/conversa-para-aurelia-desenhos-de-fuga/">PARA AURÉLIA: DESENHOS DE FUGA</a></p>
<p><strong>16 JUN 19H</strong> — performance/vídeo-dança <a href="https://museudoporto.pt/en/recurso/danca-no-museu-criacao-1-aurelia-de-souza-santo-antonio-autorretrato/">CRIAÇÃO #1: AURÉLIA DE SOUSA SANTO ANTÓNIO (AUTORRETRATO), C.1902</a></p>
<p><strong>31 AGO 15H</strong> — <a href="https://museudoporto.pt/en/recurso/visita-para-aurelia-desenhos-de-fuga/">visita com Jorge Sobrado e Rita Roque</a></p>
<p><strong>14 SET 15H</strong> — <a href="https://museudoporto.pt/en/recurso/visita-para-aurelia-desenhos-de-fuga-2/">visita com Cristina Regadas, Ana Allen e Jiôn Kiim</a></p>
<p>&nbsp;</p>
<h2>BILHETES</h2>
<p><a href="https://museudoporto.bol.pt/Comprar/Bilhetes/117317-visita_a_casa_marta_ortigao_sampaio-casa_marta_ort_samp/" target="_blank" rel="noopener" data-cursor-hover="ready">BILHETEIRA ONLINE</a></p>
<div class="row block-text text-no-indent">
<div class="col-xs-8 col-sm-7 col-md-5 col-md-offset-3 col-xl-4 col-xl-offset-4">
<h2>HORÁRIO</h2>
<p>TER—DOM<strong><br />
</strong>10H—17H30</p>
<p>Encerra às segundas e dias feriados.</p>
<h2>ENDEREÇO</h2>
<p>Rua de Nossa Senhora de Fátima, 299<br />
4050-428 Porto<br />
GPS: 41.159457, -8.625454<br />
<a href="https://www.google.com/maps/place/MUSEU+DA+CIDADE%E2%80%94Casa+Marta+Ortig%C3%A3o+Sampaio/@41.1593654,-8.6277251,17z/data=!3m1!4b1!4m5!3m4!1s0xd2465a8407f48ad:0x570d5413b98c531a!8m2!3d41.1593654!4d-8.6255364" target="_blank" rel="noopener" data-cursor-hover="ready">Localização</a></p>
<h2>AUTOCARRO</h2>
<p>203, 302, 203, 302, 508</p>
<h2>METRO</h2>
<p>Carolina Michaëlis</p>
<h2>ESTACIONAMENTO</h2>
<p>Casa da Música</p>
<h2>JARDINS</h2>
<p><a href="https://museudoporto.pt/en/garden/jardim-e-casa-marta-ortigao-sampaio/" data-cursor-hover="ready">MARTA ORTIGÃO SAMPAIO</a></p>
</div>
</div>
