{"id":13692,"date":"2023-06-22T15:29:31","date_gmt":"2023-06-22T14:29:31","guid":{"rendered":"https:\/\/museudoporto.pt\/?post_type=resource&#038;p=13692"},"modified":"2023-06-22T15:29:31","modified_gmt":"2023-06-22T14:29:31","slug":"oficina-para-os-mais-novos-jogo-ludus-2","status":"publish","type":"resource","link":"https:\/\/museudoporto.pt\/en\/recurso\/oficina-para-os-mais-novos-jogo-ludus-2\/","title":{"rendered":"OFICINA para os mais novos \u2014 Jogo LUDUS #2"},"content":{"rendered":"","protected":false},"featured_media":13693,"template":"","resource_category":[20,52,62,85,24],"class_list":["post-13692","resource","type-resource","status-publish","has-post-thumbnail","hentry","resource_category-atividades","resource_category-oficina","resource_category-oficinas-para-os-mais-novos","resource_category-para-os-mais-novos","resource_category-plataformas-publicas"],"acf":{"ambient_sound":false,"breadcrumb":false,"file":false,"content":[{"acf_fc_layout":"event","display_title":"OFICINA para os mais novos \u2014 Jogo LUDUS #2","subtitle":"<p>Com Gra\u00e7a Lacerda<\/p>\n","date":{"show_time":true,"type":"range","date":null,"start_date":"22\/07\/2023 11:00","end_date":"22\/07\/2023 12:30"},"sessions":null,"location":{"type":"other","station":false,"location":"RESERVAT\u00d3RIO"},"media":{"type":false,"image":{"ID":13694,"id":13694,"title":"Ludus","filename":"Ludus.jpg","filesize":390724,"url":"https:\/\/museudoporto.pt\/wp-content\/uploads\/2023\/05\/Ludus.jpg","link":"https:\/\/museudoporto.pt\/en\/ludus-2-2\/","alt":"","author":"13","description":"","caption":"","name":"ludus-2-2","status":"inherit","uploaded_to":0,"date":"2023-05-31 16:35:09","modified":"2023-05-31 16:35:19","menu_order":0,"mime_type":"image\/jpeg","type":"image","subtype":"jpeg","icon":"https:\/\/museudoporto.pt\/wp-includes\/images\/media\/default.png","width":1536,"height":2048,"sizes":{"thumbnail":"https:\/\/museudoporto.pt\/wp-content\/uploads\/2023\/05\/Ludus-150x150.jpg","thumbnail-width":150,"thumbnail-height":150,"medium":"https:\/\/museudoporto.pt\/wp-content\/uploads\/2023\/05\/Ludus-225x300.jpg","medium-width":225,"medium-height":300,"medium_large":"https:\/\/museudoporto.pt\/wp-content\/uploads\/2023\/05\/Ludus-768x1024.jpg","medium_large-width":640,"medium_large-height":853,"large":"https:\/\/museudoporto.pt\/wp-content\/uploads\/2023\/05\/Ludus-768x1024.jpg","large-width":640,"large-height":853,"ufg_200_200":"https:\/\/museudoporto.pt\/wp-content\/uploads\/2023\/05\/Ludus.jpg","ufg_200_200-width":150,"ufg_200_200-height":200,"ufg_300_300":"https:\/\/museudoporto.pt\/wp-content\/uploads\/2023\/05\/Ludus.jpg","ufg_300_300-width":225,"ufg_300_300-height":300,"ufg_400_400":"https:\/\/museudoporto.pt\/wp-content\/uploads\/2023\/05\/Ludus.jpg","ufg_400_400-width":300,"ufg_400_400-height":400,"1536x1536":"https:\/\/museudoporto.pt\/wp-content\/uploads\/2023\/05\/Ludus-1152x1536.jpg","1536x1536-width":1152,"1536x1536-height":1536,"2048x2048":"https:\/\/museudoporto.pt\/wp-content\/uploads\/2023\/05\/Ludus.jpg","2048x2048-width":1536,"2048x2048-height":2048}},"gallery":false},"excerpt":"<p>A oficina \u00e9 composta por dois momentos. Primeiro as fam\u00edlias s\u00e3o convidadas a entrar numa imagin\u00e1ria m\u00e1quina de ler a cidade em que observar, sentir, cheirar, escutar e mexer s\u00e3o a\u00e7\u00f5es necess\u00e1rias para descobrir os caminhos a percorrer no tempo e no espa\u00e7o da exposi\u00e7\u00e3o do Reservat\u00f3rio. A seguir constru\u00edmos um jogo de tabuleiro inspirado em brincadeiras da Roma Antiga.<\/p>\n","content":"<p>A oficina \u00e9 composta por dois momentos. Primeiro as fam\u00edlias s\u00e3o convidadas a entrar numa imagin\u00e1ria m\u00e1quina de ler a cidade em que observar, sentir, cheirar, escutar e mexer s\u00e3o a\u00e7\u00f5es necess\u00e1rias para descobrir os caminhos a percorrer no tempo e no espa\u00e7o da exposi\u00e7\u00e3o do Reservat\u00f3rio. A seguir constru\u00edmos um jogo de tabuleiro inspirado em brincadeiras da Roma Antiga.<\/p>\n<p>&nbsp;<\/p>\n<p><strong>Gra\u00e7a Lacerda<\/strong> \u00e9 T\u00e9cnica Superior e faz parte da Equipa de Media\u00e7\u00e3o e Educa\u00e7\u00e3o\/ C\u00e2mara Municipal do Porto. Realiza visitas, oficinas e percursos integrados em projetos culturais e transversais na cidade. Trabalhou no Invent\u00e1rio do Patrim\u00f3nio Arquitet\u00f3nico do Porto, na Galeria Municipal do Porto e na Casa do Infante.<\/p>\n<p>&nbsp;<\/p>\n<h2>DESTINAT\u00c1RIOS<\/h2>\n<p>Oficina dedicada aos mais novos. A partir dos 3 anos.<\/p>\n<h2>INSCRI\u00c7\u00d5ES<\/h2>\n<p>A participa\u00e7\u00e3o na atividade \u00e9 gratuita e requer inscri\u00e7\u00e3o pr\u00e9via atrav\u00e9s do\u00a0<a href=\"https:\/\/questionarios.cm-porto.pt\/index.php\/193637\">formul\u00e1rio<\/a>. Limite de 20 participantes. + info <a href=\"mailto:educativo.museudoporto@cm-porto.pt\">educativo.museudoporto@cm-porto.pt<\/a>. ou <span data-contrast=\"auto\">(+351) 226<\/span><span data-contrast=\"auto\">\u202f<\/span><span data-contrast=\"auto\">057<\/span><span data-contrast=\"auto\">000.<\/span><\/p>\n<h2>ENDERE\u00c7O<\/h2>\n<p>Parque da Pasteleira (Entrada Poente)<br \/>\nRua de Gomes Eanes de Azurara, s\/n<br \/>\n4150-362 Porto<br \/>\nGPS: 41.151579, -8.662588<br \/>\n<a href=\"https:\/\/www.google.com\/maps\/place\/MUSEU+DA+CIDADE%E2%80%94Reservat%C3%B3rio\/@41.1516095,-8.6647695,17z\/data=!3m1!4b1!4m5!3m4!1s0xd246f0639d3f147:0xd6c8046be9a04e58!8m2!3d41.1516095!4d-8.6625808\" target=\"_blank\" rel=\"noopener\" data-cursor-hover=\"ready\">Localiza\u00e7\u00e3o<\/a><\/p>\n<h2>AUTOCARRO<\/h2>\n<p>200, 204, 207, 504<\/p>\n<h2>ESTACIONAMENTO<\/h2>\n<p>Gratuito<\/p>\n<h2>JARDINS<\/h2>\n<p><a href=\"https:\/\/museudoporto.pt\/en\/garden\/parque-da-pasteleira\/\" data-cursor-hover=\"ready\">PARQUE URBANO DA PASTELEIRA<\/a><\/p>\n"}],"previous_link":{"label":"","link":""},"next_link":{"label":"","link":""}},"_links":{"self":[{"href":"https:\/\/museudoporto.pt\/en\/wp-json\/wp\/v2\/resource\/13692","targetHints":{"allow":["GET"]}}],"collection":[{"href":"https:\/\/museudoporto.pt\/en\/wp-json\/wp\/v2\/resource"}],"about":[{"href":"https:\/\/museudoporto.pt\/en\/wp-json\/wp\/v2\/types\/resource"}],"wp:featuredmedia":[{"embeddable":true,"href":"https:\/\/museudoporto.pt\/en\/wp-json\/wp\/v2\/media\/13693"}],"wp:attachment":[{"href":"https:\/\/museudoporto.pt\/en\/wp-json\/wp\/v2\/media?parent=13692"}],"wp:term":[{"taxonomy":"resource_category","embeddable":true,"href":"https:\/\/museudoporto.pt\/en\/wp-json\/wp\/v2\/resource_category?post=13692"}],"curies":[{"name":"wp","href":"https:\/\/api.w.org\/{rel}","templated":true}]}}

<p>Com Graça Lacerda</p>

RESERVATÓRIO

<p>A oficina é composta por dois momentos. Primeiro as famílias são convidadas a entrar numa imaginária máquina de ler a cidade em que observar, sentir, cheirar, escutar e mexer são ações necessárias para descobrir os caminhos a percorrer no tempo e no espaço da exposição do Reservatório. A seguir construímos um jogo de tabuleiro inspirado em brincadeiras da Roma Antiga.</p>

<p>A oficina é composta por dois momentos. Primeiro as famílias são convidadas a entrar numa imaginária máquina de ler a cidade em que observar, sentir, cheirar, escutar e mexer são ações necessárias para descobrir os caminhos a percorrer no tempo e no espaço da exposição do Reservatório. A seguir construímos um jogo de tabuleiro inspirado em brincadeiras da Roma Antiga.</p>
<p>&nbsp;</p>
<p><strong>Graça Lacerda</strong> é Técnica Superior e faz parte da Equipa de Mediação e Educação/ Câmara Municipal do Porto. Realiza visitas, oficinas e percursos integrados em projetos culturais e transversais na cidade. Trabalhou no Inventário do Património Arquitetónico do Porto, na Galeria Municipal do Porto e na Casa do Infante.</p>
<p>&nbsp;</p>
<h2>DESTINATÁRIOS</h2>
<p>Oficina dedicada aos mais novos. A partir dos 3 anos.</p>
<h2>INSCRIÇÕES</h2>
<p>A participação na atividade é gratuita e requer inscrição prévia através do <a href="https://questionarios.cm-porto.pt/index.php/193637">formulário</a>. Limite de 20 participantes. + info <a href="mailto:educativo.museudoporto@cm-porto.pt">educativo.museudoporto@cm-porto.pt</a>. ou <span data-contrast="auto">(+351) 226</span><span data-contrast="auto"> </span><span data-contrast="auto">057</span><span data-contrast="auto">000.</span></p>
<h2>ENDEREÇO</h2>
<p>Parque da Pasteleira (Entrada Poente)<br />
Rua de Gomes Eanes de Azurara, s/n<br />
4150-362 Porto<br />
GPS: 41.151579, -8.662588<br />
<a href="https://www.google.com/maps/place/MUSEU+DA+CIDADE%E2%80%94Reservat%C3%B3rio/@41.1516095,-8.6647695,17z/data=!3m1!4b1!4m5!3m4!1s0xd246f0639d3f147:0xd6c8046be9a04e58!8m2!3d41.1516095!4d-8.6625808" target="_blank" rel="noopener" data-cursor-hover="ready">Localização</a></p>
<h2>AUTOCARRO</h2>
<p>200, 204, 207, 504</p>
<h2>ESTACIONAMENTO</h2>
<p>Gratuito</p>
<h2>JARDINS</h2>
<p><a href="https://museudoporto.pt/en/garden/parque-da-pasteleira/" data-cursor-hover="ready">PARQUE URBANO DA PASTELEIRA</a></p>
