{"id":13706,"date":"2023-07-03T16:01:18","date_gmt":"2023-07-03T15:01:18","guid":{"rendered":"https:\/\/museudoporto.pt\/?post_type=resource&#038;p=13706"},"modified":"2023-07-26T10:56:12","modified_gmt":"2023-07-26T09:56:12","slug":"oficina-para-os-mais-novos-reserva-a-erva-em-conserva-2","status":"publish","type":"resource","link":"https:\/\/museudoporto.pt\/en\/recurso\/oficina-para-os-mais-novos-reserva-a-erva-em-conserva-2\/","title":{"rendered":"OFICINA para os mais novos \u2014 Res~erva a erva em cons~erva #2 (inscri\u00e7\u00f5es encerradas)"},"content":{"rendered":"","protected":false},"featured_media":13690,"template":"","resource_category":[20,52,62,85,24],"class_list":["post-13706","resource","type-resource","status-publish","has-post-thumbnail","hentry","resource_category-atividades","resource_category-oficina","resource_category-oficinas-para-os-mais-novos","resource_category-para-os-mais-novos","resource_category-plataformas-publicas"],"acf":{"ambient_sound":false,"breadcrumb":false,"file":false,"content":[{"acf_fc_layout":"event","display_title":"OFICINA para os mais novos \u2014 Res~erva a erva em cons~erva #2 (inscri\u00e7\u00f5es encerradas)","subtitle":"<p>Por A Recoletora, com a herbalista Fernanda Botelho<\/p>\n","date":{"show_time":true,"type":"sessions","date":null,"start_date":"12\/08\/2023 15:00","end_date":"12\/08\/2023 16:30"},"sessions":[{"ID":13689,"post_author":"13","post_date":"2023-06-22 15:25:59","post_date_gmt":"2023-06-22 14:25:59","post_content":"","post_title":"OFICINA para os mais novos \u2014 Res~erva a erva em cons~erva #1","post_excerpt":"","post_status":"publish","comment_status":"closed","ping_status":"closed","post_password":"","post_name":"oficina-para-os-mais-novos-reserva-a-erva-em-conserva-1","to_ping":"","pinged":"","post_modified":"2023-07-10 12:33:12","post_modified_gmt":"2023-07-10 11:33:12","post_content_filtered":"","post_parent":0,"guid":"https:\/\/museudoporto.pt\/?post_type=resource&#038;p=13689","menu_order":0,"post_type":"resource","post_mime_type":"","comment_count":"0","filter":"raw"}],"location":{"type":"other","station":false,"location":"RESERVAT\u00d3RIO"},"media":{"type":false,"image":{"ID":13691,"id":13691,"title":"Res~erva a erva em cons~erva_A Recoletora_horizontal","filename":"Reserva-a-erva-em-conserva_A-Recoletora_horizontal.jpg","filesize":509300,"url":"https:\/\/museudoporto.pt\/wp-content\/uploads\/2023\/05\/Reserva-a-erva-em-conserva_A-Recoletora_horizontal.jpg","link":"https:\/\/museudoporto.pt\/en\/reserva-a-erva-em-conserva_a-recoletora_horizontal-2\/","alt":"","author":"13","description":"","caption":"","name":"reserva-a-erva-em-conserva_a-recoletora_horizontal-2","status":"inherit","uploaded_to":0,"date":"2023-05-31 16:28:54","modified":"2023-05-31 16:29:12","menu_order":0,"mime_type":"image\/jpeg","type":"image","subtype":"jpeg","icon":"https:\/\/museudoporto.pt\/wp-includes\/images\/media\/default.png","width":1663,"height":1077,"sizes":{"thumbnail":"https:\/\/museudoporto.pt\/wp-content\/uploads\/2023\/05\/Reserva-a-erva-em-conserva_A-Recoletora_horizontal-150x150.jpg","thumbnail-width":150,"thumbnail-height":150,"medium":"https:\/\/museudoporto.pt\/wp-content\/uploads\/2023\/05\/Reserva-a-erva-em-conserva_A-Recoletora_horizontal-300x194.jpg","medium-width":300,"medium-height":194,"medium_large":"https:\/\/museudoporto.pt\/wp-content\/uploads\/2023\/05\/Reserva-a-erva-em-conserva_A-Recoletora_horizontal-768x497.jpg","medium_large-width":640,"medium_large-height":414,"large":"https:\/\/museudoporto.pt\/wp-content\/uploads\/2023\/05\/Reserva-a-erva-em-conserva_A-Recoletora_horizontal-1024x663.jpg","large-width":640,"large-height":414,"ufg_200_200":"https:\/\/museudoporto.pt\/wp-content\/uploads\/2023\/05\/Reserva-a-erva-em-conserva_A-Recoletora_horizontal.jpg","ufg_200_200-width":200,"ufg_200_200-height":130,"ufg_300_300":"https:\/\/museudoporto.pt\/wp-content\/uploads\/2023\/05\/Reserva-a-erva-em-conserva_A-Recoletora_horizontal.jpg","ufg_300_300-width":300,"ufg_300_300-height":194,"ufg_400_400":"https:\/\/museudoporto.pt\/wp-content\/uploads\/2023\/05\/Reserva-a-erva-em-conserva_A-Recoletora_horizontal.jpg","ufg_400_400-width":400,"ufg_400_400-height":259,"1536x1536":"https:\/\/museudoporto.pt\/wp-content\/uploads\/2023\/05\/Reserva-a-erva-em-conserva_A-Recoletora_horizontal-1536x995.jpg","1536x1536-width":1536,"1536x1536-height":995,"2048x2048":"https:\/\/museudoporto.pt\/wp-content\/uploads\/2023\/05\/Reserva-a-erva-em-conserva_A-Recoletora_horizontal.jpg","2048x2048-width":1663,"2048x2048-height":1077}},"gallery":false},"excerpt":"<p>Nesta oficina ao ar livre, vamos aprender o nome das plantas silvestres da \u00e9poca e diferentes formas de conserv\u00e1-las, aproveitando a abund\u00e2ncia que o ver\u00e3o traz. Do passeio explorat\u00f3rio \u00e0s impress\u00f5es bot\u00e2nicas, das tintas comest\u00edveis \u00e0s conservas agridoces&#8230; s\u00e3o v\u00e1rios os exerc\u00edcios que vamos fazer junto ao antigo Reservat\u00f3rio de \u00e1gua do Porto!<\/p>\n","content":"<p>O que \u00e9 um \u201creservat\u00f3rio\u201d? Segundo o dicion\u00e1rio, \u00e9 um espa\u00e7o ou recipiente onde reservamos, acumulamos, guardamos ou preservamos algo.<\/p>\n<p>&nbsp;<\/p>\n<p>Nesta oficina ao ar livre, vamos aprender o nome das ervas e frutos silvestres da \u00e9poca, e diferentes formas de conserv\u00e1-los, aproveitando a abund\u00e2ncia que o ver\u00e3o nos traz. Partindo da visita ao interior do antigo Reservat\u00f3rio de \u00e1gua da cidade, hoje um museu e um dep\u00f3sito dos vest\u00edgios do passado, vamos descobrir algumas estrat\u00e9gias usadas pelos arque\u00f3logos para preservar objetos e replic\u00e1-las com as plantas do Parque Urbano da Pasteleira.<\/p>\n<p>&nbsp;<\/p>\n<p>Do passeio explorat\u00f3rio, com a lupa na m\u00e3o, \u00e0 recole\u00e7\u00e3o; das impress\u00f5es bot\u00e2nicas ao herb\u00e1rio coletivo; das tintas comest\u00edveis para pintar \u00e0s conservas agridoces para mais tarde provar\u2026 s\u00e3o v\u00e1rios os exerc\u00edcios que vamos juntos fazer.<\/p>\n<p>&nbsp;<\/p>\n<p>Somos os guardi\u00f5es das ervas e o nosso lema \u00e9: res~erva a erva em cons~erva!<\/p>\n<p>&nbsp;<\/p>\n<p><strong>A Recoletora<\/strong>\u00a0\u00e9 a pr\u00e1tica comum do artista Alexandre Delmar e da designer Maria Ruivo, dedicada ao estudo dos lugares de reciprocidade e intera\u00e7\u00e3o entre as comunidades humanas e as vegetais. Num trabalho de cont\u00ednua de pesquisa, inventaria\u00e7\u00e3o e mapeamento das plantas espont\u00e2neas comest\u00edveis ao resgate de conhecimentos ancestrais e contempor\u00e2neos, prop\u00f5e-se uma redescoberta da cidade atrav\u00e9s da recole\u00e7\u00e3o e da deambula\u00e7\u00e3o pelos territ\u00f3rios do baldio urbano e da paisagem constru\u00edda. Juntamos bot\u00e2nicos, herbalistas, chefs, artistas, arquitetos e designers num projeto colaborativo e itinerante, que tem como objetivo trabalhar as tem\u00e1ticas relacionadas com a autonomia alimentar, a recole\u00e7\u00e3o, o herbalismo, os saberes-fazer tradicionais, a paisagem, a mem\u00f3ria, a etnobot\u00e2nica ou a literacia ecol\u00f3gica, promovendo a\u00e7\u00f5es participativas como cartografias, caminhadas guiadas, workshops, refei\u00e7\u00f5es partilhadas, performances, conversas, exposi\u00e7\u00f5es e publica\u00e7\u00f5es.<\/p>\n<p>&nbsp;<\/p>\n<h2>DESTINAT\u00c1RIOS<\/h2>\n<p>Oficina dedicada aos mais novos. A partir dos 3 anos.<\/p>\n<h2>INSCRI\u00c7\u00d5ES<\/h2>\n<p>Inscri\u00e7\u00f5es encerradas. Limite de 20 participantes. + info <a href=\"mailto:educativo.museudoporto@cm-porto.pt\">educativo.museudoporto@cm-porto.pt<\/a>. ou <span data-contrast=\"auto\">(+351) 226<\/span><span data-contrast=\"auto\">\u202f<\/span><span data-contrast=\"auto\">057<\/span><span data-contrast=\"auto\">000.<\/span><\/p>\n<p><strong>Nota:<\/strong> Esta ser\u00e1 uma oficina ao ar livre e de experimenta\u00e7\u00e3o, pelo que aconselha-se o uso de roupa velha, cal\u00e7ado confort\u00e1vel, chap\u00e9u e protetor solar. A inscri\u00e7\u00e3o inclui v\u00e1rias ofertas que os pequenos participantes poder\u00e3o levar para casa.<\/p>\n<h2>ENDERE\u00c7O<\/h2>\n<p>Parque da Pasteleira (Entrada Poente)<br \/>\nRua de Gomes Eanes de Azurara, s\/n<br \/>\n4150-362 Porto<br \/>\nGPS: 41.151579, -8.662588<br \/>\n<a href=\"https:\/\/www.google.com\/maps\/place\/MUSEU+DA+CIDADE%E2%80%94Reservat%C3%B3rio\/@41.1516095,-8.6647695,17z\/data=!3m1!4b1!4m5!3m4!1s0xd246f0639d3f147:0xd6c8046be9a04e58!8m2!3d41.1516095!4d-8.6625808\" target=\"_blank\" rel=\"noopener\" data-cursor-hover=\"ready\">Localiza\u00e7\u00e3o<\/a><\/p>\n<h2>AUTOCARRO<\/h2>\n<p>200, 204, 207, 504<\/p>\n<h2>ESTACIONAMENTO<\/h2>\n<p>Gratuito<\/p>\n<h2>JARDINS<\/h2>\n<p><a href=\"https:\/\/museudoporto.pt\/en\/garden\/parque-da-pasteleira\/\" data-cursor-hover=\"ready\">PARQUE URBANO DA PASTELEIRA<\/a><\/p>\n"}],"previous_link":{"label":"","link":""},"next_link":{"label":"","link":""}},"_links":{"self":[{"href":"https:\/\/museudoporto.pt\/en\/wp-json\/wp\/v2\/resource\/13706","targetHints":{"allow":["GET"]}}],"collection":[{"href":"https:\/\/museudoporto.pt\/en\/wp-json\/wp\/v2\/resource"}],"about":[{"href":"https:\/\/museudoporto.pt\/en\/wp-json\/wp\/v2\/types\/resource"}],"wp:featuredmedia":[{"embeddable":true,"href":"https:\/\/museudoporto.pt\/en\/wp-json\/wp\/v2\/media\/13690"}],"wp:attachment":[{"href":"https:\/\/museudoporto.pt\/en\/wp-json\/wp\/v2\/media?parent=13706"}],"wp:term":[{"taxonomy":"resource_category","embeddable":true,"href":"https:\/\/museudoporto.pt\/en\/wp-json\/wp\/v2\/resource_category?post=13706"}],"curies":[{"name":"wp","href":"https:\/\/api.w.org\/{rel}","templated":true}]}}

OFICINA para os mais novos — Res~erva a erva em cons~erva #2 (inscrições encerradas)

RESERVATÓRIO

<p>Nesta oficina ao ar livre, vamos aprender o nome das plantas silvestres da época e diferentes formas de conservá-las, aproveitando a abundância que o verão traz. Do passeio exploratório às impressões botânicas, das tintas comestíveis às conservas agridoces&#8230; são vários os exercícios que vamos fazer junto ao antigo Reservatório de água do Porto!</p>

<p>O que é um “reservatório”? Segundo o dicionário, é um espaço ou recipiente onde reservamos, acumulamos, guardamos ou preservamos algo.</p>
<p>&nbsp;</p>
<p>Nesta oficina ao ar livre, vamos aprender o nome das ervas e frutos silvestres da época, e diferentes formas de conservá-los, aproveitando a abundância que o verão nos traz. Partindo da visita ao interior do antigo Reservatório de água da cidade, hoje um museu e um depósito dos vestígios do passado, vamos descobrir algumas estratégias usadas pelos arqueólogos para preservar objetos e replicá-las com as plantas do Parque Urbano da Pasteleira.</p>
<p>&nbsp;</p>
<p>Do passeio exploratório, com a lupa na mão, à recoleção; das impressões botânicas ao herbário coletivo; das tintas comestíveis para pintar às conservas agridoces para mais tarde provar… são vários os exercícios que vamos juntos fazer.</p>
<p>&nbsp;</p>
<p>Somos os guardiões das ervas e o nosso lema é: res~erva a erva em cons~erva!</p>
<p>&nbsp;</p>
<p><strong>A Recoletora</strong> é a prática comum do artista Alexandre Delmar e da designer Maria Ruivo, dedicada ao estudo dos lugares de reciprocidade e interação entre as comunidades humanas e as vegetais. Num trabalho de contínua de pesquisa, inventariação e mapeamento das plantas espontâneas comestíveis ao resgate de conhecimentos ancestrais e contemporâneos, propõe-se uma redescoberta da cidade através da recoleção e da deambulação pelos territórios do baldio urbano e da paisagem construída. Juntamos botânicos, herbalistas, chefs, artistas, arquitetos e designers num projeto colaborativo e itinerante, que tem como objetivo trabalhar as temáticas relacionadas com a autonomia alimentar, a recoleção, o herbalismo, os saberes-fazer tradicionais, a paisagem, a memória, a etnobotânica ou a literacia ecológica, promovendo ações participativas como cartografias, caminhadas guiadas, workshops, refeições partilhadas, performances, conversas, exposições e publicações.</p>
<p>&nbsp;</p>
<h2>DESTINATÁRIOS</h2>
<p>Oficina dedicada aos mais novos. A partir dos 3 anos.</p>
<h2>INSCRIÇÕES</h2>
<p>Inscrições encerradas. Limite de 20 participantes. + info <a href="mailto:educativo.museudoporto@cm-porto.pt">educativo.museudoporto@cm-porto.pt</a>. ou <span data-contrast="auto">(+351) 226</span><span data-contrast="auto"> </span><span data-contrast="auto">057</span><span data-contrast="auto">000.</span></p>
<p><strong>Nota:</strong> Esta será uma oficina ao ar livre e de experimentação, pelo que aconselha-se o uso de roupa velha, calçado confortável, chapéu e protetor solar. A inscrição inclui várias ofertas que os pequenos participantes poderão levar para casa.</p>
<h2>ENDEREÇO</h2>
<p>Parque da Pasteleira (Entrada Poente)<br />
Rua de Gomes Eanes de Azurara, s/n<br />
4150-362 Porto<br />
GPS: 41.151579, -8.662588<br />
<a href="https://www.google.com/maps/place/MUSEU+DA+CIDADE%E2%80%94Reservat%C3%B3rio/@41.1516095,-8.6647695,17z/data=!3m1!4b1!4m5!3m4!1s0xd246f0639d3f147:0xd6c8046be9a04e58!8m2!3d41.1516095!4d-8.6625808" target="_blank" rel="noopener" data-cursor-hover="ready">Localização</a></p>
<h2>AUTOCARRO</h2>
<p>200, 204, 207, 504</p>
<h2>ESTACIONAMENTO</h2>
<p>Gratuito</p>
<h2>JARDINS</h2>
<p><a href="https://museudoporto.pt/en/garden/parque-da-pasteleira/" data-cursor-hover="ready">PARQUE URBANO DA PASTELEIRA</a></p>
