{"id":13747,"date":"2023-07-03T16:00:26","date_gmt":"2023-07-03T15:00:26","guid":{"rendered":"https:\/\/museudoporto.pt\/?post_type=resource&#038;p=13747"},"modified":"2023-08-08T15:16:12","modified_gmt":"2023-08-08T14:16:12","slug":"oficina-para-os-mais-novos-brasoes-escudos-e-emblemas-3","status":"publish","type":"resource","link":"https:\/\/museudoporto.pt\/en\/recurso\/oficina-para-os-mais-novos-brasoes-escudos-e-emblemas-3\/","title":{"rendered":"OFICINA para os mais novos \u2014 Bras\u00f5es, escudos e emblemas #3"},"content":{"rendered":"","protected":false},"featured_media":13748,"template":"","resource_category":[20,52,62,85,24],"class_list":["post-13747","resource","type-resource","status-publish","has-post-thumbnail","hentry","resource_category-atividades","resource_category-oficina","resource_category-oficinas-para-os-mais-novos","resource_category-para-os-mais-novos","resource_category-plataformas-publicas"],"acf":{"ambient_sound":false,"breadcrumb":false,"file":false,"content":[{"acf_fc_layout":"event","display_title":"OFICINA para os mais novos \u2014 Bras\u00f5es, escudos e emblemas #3","subtitle":"<p>com monitores do Museu do Porto<\/p>\n","date":{"show_time":true,"type":"range","date":null,"start_date":"12\/08\/2023 11:00","end_date":"12\/08\/2023 12:30"},"sessions":null,"location":{"type":"other","station":false,"location":"CASA DO INFANTE"},"media":{"type":false,"image":{"ID":13749,"id":13749,"title":"brasoes_1","filename":"brasoes_1-scaled.jpg","filesize":410683,"url":"https:\/\/museudoporto.pt\/wp-content\/uploads\/2023\/06\/brasoes_1-scaled.jpg","link":"https:\/\/museudoporto.pt\/en\/brasoes_1-2\/","alt":"","author":"13","description":"","caption":"","name":"brasoes_1-2","status":"inherit","uploaded_to":0,"date":"2023-06-07 13:57:26","modified":"2023-08-16 10:03:08","menu_order":0,"mime_type":"image\/jpeg","type":"image","subtype":"jpeg","icon":"https:\/\/museudoporto.pt\/wp-includes\/images\/media\/default.png","width":2560,"height":1707,"sizes":{"thumbnail":"https:\/\/museudoporto.pt\/wp-content\/uploads\/2023\/06\/brasoes_1-150x150.jpg","thumbnail-width":150,"thumbnail-height":150,"medium":"https:\/\/museudoporto.pt\/wp-content\/uploads\/2023\/06\/brasoes_1-300x200.jpg","medium-width":300,"medium-height":200,"medium_large":"https:\/\/museudoporto.pt\/wp-content\/uploads\/2023\/06\/brasoes_1-768x512.jpg","medium_large-width":640,"medium_large-height":427,"large":"https:\/\/museudoporto.pt\/wp-content\/uploads\/2023\/06\/brasoes_1-1024x683.jpg","large-width":640,"large-height":427,"ufg_200_200":"https:\/\/museudoporto.pt\/wp-content\/uploads\/2023\/06\/brasoes_1-scaled.jpg","ufg_200_200-width":200,"ufg_200_200-height":133,"ufg_300_300":"https:\/\/museudoporto.pt\/wp-content\/uploads\/2023\/06\/brasoes_1-scaled.jpg","ufg_300_300-width":300,"ufg_300_300-height":200,"ufg_400_400":"https:\/\/museudoporto.pt\/wp-content\/uploads\/2023\/06\/brasoes_1-scaled.jpg","ufg_400_400-width":400,"ufg_400_400-height":267,"1536x1536":"https:\/\/museudoporto.pt\/wp-content\/uploads\/2023\/06\/brasoes_1-1536x1024.jpg","1536x1536-width":1536,"1536x1536-height":1024,"2048x2048":"https:\/\/museudoporto.pt\/wp-content\/uploads\/2023\/06\/brasoes_1-2048x1365.jpg","2048x2048-width":2048,"2048x2048-height":1365}},"gallery":false},"excerpt":"<p>Durante a visita s\u00e3o explorados os s\u00edmbolos her\u00e1ldicos presentes na Casa do Infante e\/ou exterior. As crian\u00e7as s\u00e3o depois convidadas a construir o seu pr\u00f3prio bras\u00e3o.<\/p>\n","content":"<p>Durante a visita s\u00e3o explorados os s\u00edmbolos her\u00e1ldicos presentes na Casa do Infante e\/ou exterior. As crian\u00e7as s\u00e3o depois convidadas a construir o seu pr\u00f3prio bras\u00e3o.<\/p>\n<p>&nbsp;<\/p>\n<h2>DESTINAT\u00c1RIOS<\/h2>\n<p>Oficina dedicada aos mais novos. A partir dos 3 anos.<\/p>\n<h2>INSCRI\u00c7\u00d5ES<\/h2>\n<p>Inscri\u00e7\u00f5es encerradas.<\/p>\n<h2>ENDERE\u00c7O<\/h2>\n<p>Rua da Alf\u00e2ndega, 10<br \/>\n4050-029 Porto<br \/>\n<span data-ccp-props=\"{\"><a href=\"https:\/\/www.google.com\/maps\/dir\/\/casa+do+infante\/data=!4m6!4m5!1m1!4e2!1m2!1m1!1s0xd2464e048a7dd5f:0xa4c812eb37711092?sa=X&amp;ved=2ahUKEwjXsruLjbDuAhXEZxUIHSP1APAQ9RcwFHoECCYQBA\" target=\"_blank\" rel=\"noopener\" data-cursor-hover=\"ready\">Dire\u00e7\u00f5es<\/a><\/span><\/p>\n<h2>AUTOCARRO<\/h2>\n<p>500, 900, 901, 906, ZM, ZR, 1<\/p>\n<h2>METRO<\/h2>\n<p>S. Bento<\/p>\n<h2>ESTACIONAMENTO<\/h2>\n<p>Pra\u00e7a do Infante D. Henrique<\/p>\n"}],"previous_link":{"label":"","link":""},"next_link":{"label":"","link":""}},"_links":{"self":[{"href":"https:\/\/museudoporto.pt\/en\/wp-json\/wp\/v2\/resource\/13747","targetHints":{"allow":["GET"]}}],"collection":[{"href":"https:\/\/museudoporto.pt\/en\/wp-json\/wp\/v2\/resource"}],"about":[{"href":"https:\/\/museudoporto.pt\/en\/wp-json\/wp\/v2\/types\/resource"}],"wp:featuredmedia":[{"embeddable":true,"href":"https:\/\/museudoporto.pt\/en\/wp-json\/wp\/v2\/media\/13748"}],"wp:attachment":[{"href":"https:\/\/museudoporto.pt\/en\/wp-json\/wp\/v2\/media?parent=13747"}],"wp:term":[{"taxonomy":"resource_category","embeddable":true,"href":"https:\/\/museudoporto.pt\/en\/wp-json\/wp\/v2\/resource_category?post=13747"}],"curies":[{"name":"wp","href":"https:\/\/api.w.org\/{rel}","templated":true}]}}

OFICINA para os mais novos — Brasões, escudos e emblemas #3

<p>Durante a visita são explorados os símbolos heráldicos presentes na Casa do Infante e/ou exterior. As crianças são depois convidadas a construir o seu próprio brasão.</p>

<p>Durante a visita são explorados os símbolos heráldicos presentes na Casa do Infante e/ou exterior. As crianças são depois convidadas a construir o seu próprio brasão.</p>
<p>&nbsp;</p>
<h2>DESTINATÁRIOS</h2>
<p>Oficina dedicada aos mais novos. A partir dos 3 anos.</p>
<h2>INSCRIÇÕES</h2>
<p>Inscrições encerradas.</p>
<h2>ENDEREÇO</h2>
<p>Rua da Alfândega, 10<br />
4050-029 Porto<br />
<span data-ccp-props="{"><a href="https://www.google.com/maps/dir//casa+do+infante/data=!4m6!4m5!1m1!4e2!1m2!1m1!1s0xd2464e048a7dd5f:0xa4c812eb37711092?sa=X&amp;ved=2ahUKEwjXsruLjbDuAhXEZxUIHSP1APAQ9RcwFHoECCYQBA" target="_blank" rel="noopener" data-cursor-hover="ready">Direções</a></span></p>
<h2>AUTOCARRO</h2>
<p>500, 900, 901, 906, ZM, ZR, 1</p>
<h2>METRO</h2>
<p>S. Bento</p>
<h2>ESTACIONAMENTO</h2>
<p>Praça do Infante D. Henrique</p>
