{"id":13750,"date":"2023-07-03T16:02:15","date_gmt":"2023-07-03T15:02:15","guid":{"rendered":"https:\/\/museudoporto.pt\/?post_type=resource&#038;p=13750"},"modified":"2023-07-03T16:02:15","modified_gmt":"2023-07-03T15:02:15","slug":"resgate-20-o-farol-da-cantareira","status":"publish","type":"resource","link":"https:\/\/museudoporto.pt\/en\/recurso\/resgate-20-o-farol-da-cantareira\/","title":{"rendered":"Resgate #20 \u2014 O farol da Cantareira"},"content":{"rendered":"","protected":false},"featured_media":13751,"template":"","resource_category":[20,22],"class_list":["post-13750","resource","type-resource","status-publish","has-post-thumbnail","hentry","resource_category-atividades","resource_category-programas-operativos-2"],"acf":{"ambient_sound":false,"breadcrumb":false,"file":false,"content":[{"acf_fc_layout":"event","display_title":"Resgate #20 \u2014 O farol da Cantareira","subtitle":"<p>Com Manuel Ara\u00fajo<\/p>\n","date":{"show_time":true,"type":"range","date":null,"start_date":"17\/08\/2023 15:30","end_date":"17\/08\/2023 16:30"},"sessions":null,"location":{"type":"other","station":false,"location":"CASA DO INFANTE"},"media":{"type":false,"image":{"ID":13752,"id":13752,"title":"D-ALB-GRA-001-005a","filename":"D-ALB-GRA-001-005a.jpg","filesize":1150335,"url":"https:\/\/museudoporto.pt\/wp-content\/uploads\/2023\/06\/D-ALB-GRA-001-005a.jpg","link":"https:\/\/museudoporto.pt\/en\/d-alb-gra-001-005a-2\/","alt":"","author":"13","description":"","caption":"","name":"d-alb-gra-001-005a-2","status":"inherit","uploaded_to":0,"date":"2023-06-07 14:02:30","modified":"2023-06-07 14:02:52","menu_order":0,"mime_type":"image\/jpeg","type":"image","subtype":"jpeg","icon":"https:\/\/museudoporto.pt\/wp-includes\/images\/media\/default.png","width":2362,"height":1675,"sizes":{"thumbnail":"https:\/\/museudoporto.pt\/wp-content\/uploads\/2023\/06\/D-ALB-GRA-001-005a-150x150.jpg","thumbnail-width":150,"thumbnail-height":150,"medium":"https:\/\/museudoporto.pt\/wp-content\/uploads\/2023\/06\/D-ALB-GRA-001-005a-300x213.jpg","medium-width":300,"medium-height":213,"medium_large":"https:\/\/museudoporto.pt\/wp-content\/uploads\/2023\/06\/D-ALB-GRA-001-005a-768x545.jpg","medium_large-width":640,"medium_large-height":454,"large":"https:\/\/museudoporto.pt\/wp-content\/uploads\/2023\/06\/D-ALB-GRA-001-005a-1024x726.jpg","large-width":640,"large-height":454,"ufg_200_200":"https:\/\/museudoporto.pt\/wp-content\/uploads\/2023\/06\/D-ALB-GRA-001-005a.jpg","ufg_200_200-width":200,"ufg_200_200-height":142,"ufg_300_300":"https:\/\/museudoporto.pt\/wp-content\/uploads\/2023\/06\/D-ALB-GRA-001-005a.jpg","ufg_300_300-width":300,"ufg_300_300-height":213,"ufg_400_400":"https:\/\/museudoporto.pt\/wp-content\/uploads\/2023\/06\/D-ALB-GRA-001-005a.jpg","ufg_400_400-width":400,"ufg_400_400-height":284,"1536x1536":"https:\/\/museudoporto.pt\/wp-content\/uploads\/2023\/06\/D-ALB-GRA-001-005a-1536x1089.jpg","1536x1536-width":1536,"1536x1536-height":1089,"2048x2048":"https:\/\/museudoporto.pt\/wp-content\/uploads\/2023\/06\/D-ALB-GRA-001-005a-2048x1452.jpg","2048x2048-width":2048,"2048x2048-height":1452}},"gallery":false},"excerpt":"<p>A partir da primeira metade do s\u00e9culo XVI \u201cnasceu\u201d no Porto o primeiro farol portugu\u00eas para orientar a navega\u00e7\u00e3o. \u00c9 sobre a hist\u00f3ria desta rara joia da renascen\u00e7a o Resgate deste m\u00eas.<\/p>\n","content":"<p>A partir da primeira metade do s\u00e9culo XVI \u201cnasceu\u201d no Porto o primeiro farol portugu\u00eas para orientar a navega\u00e7\u00e3o. \u00c9 sobre a hist\u00f3ria desta rara joia da renascen\u00e7a o Resgate deste m\u00eas.<\/p>\n<p>&nbsp;<\/p>\n<p><strong>Manuel Ara\u00fajo<\/strong> \u00e9 t\u00e9cnico superior da C\u00e2mara Municipal do Porto. Desenvolve atividade no Arquivo Hist\u00f3rico Municipal do Porto onde, entre outras atividades, orienta percursos culturais na cidade mostrando recantos e contando hist\u00f3rias que fazem parte da identidade \u201ctripeira\u201d.<\/p>\n<p>&nbsp;<\/p>\n<p><strong>Resgate<br \/>\n<\/strong>Atrav\u00e9s do resgate da documenta\u00e7\u00e3o dos espa\u00e7os do Museu do Porto propomos ampliar o entendimento das altera\u00e7\u00f5es experimentadas ao longo dos tempos. Acontece a cada terceira quinta-feira do m\u00eas, e tem entrada gratuita, mediante inscri\u00e7\u00e3o.<\/p>\n<h2>INSCRI\u00c7\u00d5ES<\/h2>\n<p>A participa\u00e7\u00e3o na atividade \u00e9 gratuita e requer inscri\u00e7\u00e3o pr\u00e9via atrav\u00e9s de\u00a0<a href=\"https:\/\/questionarios.cm-porto.pt\/index.php\/422493\" data-cursor-hover=\"ready\">formul\u00e1rio<\/a>. Limite de 70 participantes. + info <a href=\"mailto:educativo.museudoporto@cm-porto.pt\">educativo.museudoporto@cm-porto.pt<\/a>. ou <span data-contrast=\"auto\">(+351) 226<\/span><span data-contrast=\"auto\">\u202f<\/span><span data-contrast=\"auto\">057<\/span><span data-contrast=\"auto\">000.<\/span><\/p>\n<h2>ENDERE\u00c7O<\/h2>\n<p>Rua da Alf\u00e2ndega, 10<br \/>\n4050-029 Porto<br \/>\n<a href=\"https:\/\/www.google.com\/maps\/dir\/\/casa+do+infante\/data=!4m6!4m5!1m1!4e2!1m2!1m1!1s0xd2464e048a7dd5f:0xa4c812eb37711092?sa=X&amp;ved=2ahUKEwjXsruLjbDuAhXEZxUIHSP1APAQ9RcwFHoECCYQBA\" target=\"_blank\" rel=\"noopener\" data-cursor-hover=\"ready\">Dire\u00e7\u00f5es<\/a><\/p>\n<h2>AUTOCARRO<\/h2>\n<p>500, 900, 901, 906, ZM, ZR, 1<\/p>\n<h2>METRO<\/h2>\n<p>S. Bento<\/p>\n<h2>ESTACIONAMENTO<\/h2>\n<p>Pra\u00e7a do Infante D. Henrique<\/p>\n"}],"previous_link":{"label":"","link":""},"next_link":{"label":"","link":""}},"_links":{"self":[{"href":"https:\/\/museudoporto.pt\/en\/wp-json\/wp\/v2\/resource\/13750","targetHints":{"allow":["GET"]}}],"collection":[{"href":"https:\/\/museudoporto.pt\/en\/wp-json\/wp\/v2\/resource"}],"about":[{"href":"https:\/\/museudoporto.pt\/en\/wp-json\/wp\/v2\/types\/resource"}],"wp:featuredmedia":[{"embeddable":true,"href":"https:\/\/museudoporto.pt\/en\/wp-json\/wp\/v2\/media\/13751"}],"wp:attachment":[{"href":"https:\/\/museudoporto.pt\/en\/wp-json\/wp\/v2\/media?parent=13750"}],"wp:term":[{"taxonomy":"resource_category","embeddable":true,"href":"https:\/\/museudoporto.pt\/en\/wp-json\/wp\/v2\/resource_category?post=13750"}],"curies":[{"name":"wp","href":"https:\/\/api.w.org\/{rel}","templated":true}]}}

<p>Com Manuel Araújo</p>

<p>A partir da primeira metade do século XVI “nasceu” no Porto o primeiro farol português para orientar a navegação. É sobre a história desta rara joia da renascença o Resgate deste mês.</p>

<p>A partir da primeira metade do século XVI “nasceu” no Porto o primeiro farol português para orientar a navegação. É sobre a história desta rara joia da renascença o Resgate deste mês.</p>
<p>&nbsp;</p>
<p><strong>Manuel Araújo</strong> é técnico superior da Câmara Municipal do Porto. Desenvolve atividade no Arquivo Histórico Municipal do Porto onde, entre outras atividades, orienta percursos culturais na cidade mostrando recantos e contando histórias que fazem parte da identidade “tripeira”.</p>
<p>&nbsp;</p>
<p><strong>Resgate<br />
</strong>Através do resgate da documentação dos espaços do Museu do Porto propomos ampliar o entendimento das alterações experimentadas ao longo dos tempos. Acontece a cada terceira quinta-feira do mês, e tem entrada gratuita, mediante inscrição.</p>
<h2>INSCRIÇÕES</h2>
<p>A participação na atividade é gratuita e requer inscrição prévia através de <a href="https://questionarios.cm-porto.pt/index.php/422493" data-cursor-hover="ready">formulário</a>. Limite de 70 participantes. + info <a href="mailto:educativo.museudoporto@cm-porto.pt">educativo.museudoporto@cm-porto.pt</a>. ou <span data-contrast="auto">(+351) 226</span><span data-contrast="auto"> </span><span data-contrast="auto">057</span><span data-contrast="auto">000.</span></p>
<h2>ENDEREÇO</h2>
<p>Rua da Alfândega, 10<br />
4050-029 Porto<br />
<a href="https://www.google.com/maps/dir//casa+do+infante/data=!4m6!4m5!1m1!4e2!1m2!1m1!1s0xd2464e048a7dd5f:0xa4c812eb37711092?sa=X&amp;ved=2ahUKEwjXsruLjbDuAhXEZxUIHSP1APAQ9RcwFHoECCYQBA" target="_blank" rel="noopener" data-cursor-hover="ready">Direções</a></p>
<h2>AUTOCARRO</h2>
<p>500, 900, 901, 906, ZM, ZR, 1</p>
<h2>METRO</h2>
<p>S. Bento</p>
<h2>ESTACIONAMENTO</h2>
<p>Praça do Infante D. Henrique</p>
