{"id":13873,"date":"2023-06-20T11:43:55","date_gmt":"2023-06-20T10:43:55","guid":{"rendered":"https:\/\/museudoporto.pt\/?post_type=resource&#038;p=13873"},"modified":"2023-06-21T12:10:30","modified_gmt":"2023-06-21T11:10:30","slug":"oficina-para-os-mais-novos-sussurros-desenho-e-poesia-visual","status":"publish","type":"resource","link":"https:\/\/museudoporto.pt\/en\/recurso\/oficina-para-os-mais-novos-sussurros-desenho-e-poesia-visual\/","title":{"rendered":"OFICINA para os mais novos \u2014 SUSSURROS | DESENHO E POESIA VISUAL"},"content":{"rendered":"","protected":false},"featured_media":13874,"template":"","resource_category":[20,52,62,85,24],"class_list":["post-13873","resource","type-resource","status-publish","has-post-thumbnail","hentry","resource_category-atividades","resource_category-oficina","resource_category-oficinas-para-os-mais-novos","resource_category-para-os-mais-novos","resource_category-plataformas-publicas"],"acf":{"ambient_sound":false,"breadcrumb":false,"file":false,"content":[{"acf_fc_layout":"event","display_title":"OFICINA para os mais novos \u2014 SUSSURROS | DESENHO E POESIA VISUAL","subtitle":"<p>Com Catarina Real<\/p>\n<p>Semana de 18 a 21 JUL, das 10H \u00e0s 12H<\/p>\n","date":{"show_time":true,"type":"range","date":null,"start_date":"18\/07\/2023 10:00","end_date":"21\/07\/2023 12:00"},"sessions":null,"location":{"type":"other","station":false,"location":"BIBLIOTECA MUNICIPAL ALMEIDA GARRETT"},"media":{"type":false,"image":{"ID":13875,"id":13875,"title":"catarina real","filename":"catarina-real-scaled.jpg","filesize":410025,"url":"https:\/\/museudoporto.pt\/wp-content\/uploads\/2023\/06\/catarina-real-scaled.jpg","link":"https:\/\/museudoporto.pt\/en\/catarina-real-2\/","alt":"","author":"13","description":"","caption":"","name":"catarina-real-2","status":"inherit","uploaded_to":0,"date":"2023-06-20 10:37:42","modified":"2023-06-20 10:38:00","menu_order":0,"mime_type":"image\/jpeg","type":"image","subtype":"jpeg","icon":"https:\/\/museudoporto.pt\/wp-includes\/images\/media\/default.png","width":2560,"height":1707,"sizes":{"thumbnail":"https:\/\/museudoporto.pt\/wp-content\/uploads\/2023\/06\/catarina-real-150x150.jpg","thumbnail-width":150,"thumbnail-height":150,"medium":"https:\/\/museudoporto.pt\/wp-content\/uploads\/2023\/06\/catarina-real-300x200.jpg","medium-width":300,"medium-height":200,"medium_large":"https:\/\/museudoporto.pt\/wp-content\/uploads\/2023\/06\/catarina-real-768x512.jpg","medium_large-width":640,"medium_large-height":427,"large":"https:\/\/museudoporto.pt\/wp-content\/uploads\/2023\/06\/catarina-real-1024x683.jpg","large-width":640,"large-height":427,"ufg_200_200":"https:\/\/museudoporto.pt\/wp-content\/uploads\/2023\/06\/catarina-real-scaled.jpg","ufg_200_200-width":200,"ufg_200_200-height":133,"ufg_300_300":"https:\/\/museudoporto.pt\/wp-content\/uploads\/2023\/06\/catarina-real-scaled.jpg","ufg_300_300-width":300,"ufg_300_300-height":200,"ufg_400_400":"https:\/\/museudoporto.pt\/wp-content\/uploads\/2023\/06\/catarina-real-scaled.jpg","ufg_400_400-width":400,"ufg_400_400-height":267,"1536x1536":"https:\/\/museudoporto.pt\/wp-content\/uploads\/2023\/06\/catarina-real-1536x1024.jpg","1536x1536-width":1536,"1536x1536-height":1024,"2048x2048":"https:\/\/museudoporto.pt\/wp-content\/uploads\/2023\/06\/catarina-real-2048x1365.jpg","2048x2048-width":2048,"2048x2048-height":1365}},"gallery":false},"excerpt":"<p>O amor \u00e9 o sussurro de palavras carinhosas ao ouvido uns dos outros. Esta oficina ser\u00e1 centrada no desenho de sussurros, e na tradu\u00e7\u00e3o de texturas sonoras para texturas visuais. Utilizaremos a t\u00e9cnica de <em>frottage<\/em>, muitas palavras e alguns recortes, para poder enviar amor aos que n\u00e3o est\u00e3o \u00e0 m\u00e3o de um sussurro no ouvido!<\/p>\n","content":"<p>O amor \u00e9 o sussurro de palavras carinhosas ao ouvido uns dos outros. Esta oficina ser\u00e1 centrada no desenho de sussurros, e na tradu\u00e7\u00e3o de texturas sonoras para texturas visuais. Utilizaremos a t\u00e9cnica de <em>frottage<\/em>, muitas palavras e alguns recortes, para poder enviar amor aos que n\u00e3o est\u00e3o \u00e0 m\u00e3o de um sussurro no ouvido!<\/p>\n<p>&nbsp;<\/p>\n<h2>DESTINAT\u00c1RIOS<\/h2>\n<p>Faixa et\u00e1ria: 8 aos 12 anos<\/p>\n<h2>INSCRI\u00c7\u00d5ES<\/h2>\n<p>A participa\u00e7\u00e3o na atividade \u00e9 gratuita mediante inscri\u00e7\u00e3o semanal obrigat\u00f3ria por <a href=\"https:\/\/bmp.cm-porto.pt\/inscricao_Sussuros\"><span style=\"text-decoration: underline;\">formul\u00e1rio<\/span><\/a>.<\/p>\n<p>+ info <a href=\"mailto:bmp@cm-porto.pt\">bmp@cm-porto.pt<\/a>. ou\u00a0<span data-contrast=\"auto\">(+351) <\/span>226 081 000.<\/p>\n<div class=\"row cabinet-block\">\n<div class=\"mdc-post\">\n<div class=\"row\">\n<div class=\"col-xs-8 col-md-5 col-md-offset-1 col-xl-4 block-text block-text--marg\">\n<h2>ENDERE\u00c7O<\/h2>\n<p>Jardins do Pal\u00e1cio de Cristal<br \/>\nRua de Dom Manuel II<br \/>\n4050-239 Porto<\/p>\n<h2>AUTOCARRO<\/h2>\n<p>1M, 200, 201, 207, 208, 302, 303, 501, 507, 601, ZM, 12M, 13M<br \/>\nCircular Massarelos \u2013 Carmo<\/p>\n<h2>ESTACIONAMENTO<\/h2>\n<p>Pal\u00e1cio de Cristal<\/p>\n<\/div>\n<\/div>\n<\/div>\n<\/div>\n<p>&nbsp;<\/p>\n"}],"previous_link":{"label":"","link":""},"next_link":{"label":"","link":""}},"_links":{"self":[{"href":"https:\/\/museudoporto.pt\/en\/wp-json\/wp\/v2\/resource\/13873","targetHints":{"allow":["GET"]}}],"collection":[{"href":"https:\/\/museudoporto.pt\/en\/wp-json\/wp\/v2\/resource"}],"about":[{"href":"https:\/\/museudoporto.pt\/en\/wp-json\/wp\/v2\/types\/resource"}],"wp:featuredmedia":[{"embeddable":true,"href":"https:\/\/museudoporto.pt\/en\/wp-json\/wp\/v2\/media\/13874"}],"wp:attachment":[{"href":"https:\/\/museudoporto.pt\/en\/wp-json\/wp\/v2\/media?parent=13873"}],"wp:term":[{"taxonomy":"resource_category","embeddable":true,"href":"https:\/\/museudoporto.pt\/en\/wp-json\/wp\/v2\/resource_category?post=13873"}],"curies":[{"name":"wp","href":"https:\/\/api.w.org\/{rel}","templated":true}]}}

<p>Com Catarina Real</p>
<p>Semana de 18 a 21 JUL, das 10H às 12H</p>

<p>O amor é o sussurro de palavras carinhosas ao ouvido uns dos outros. Esta oficina será centrada no desenho de sussurros, e na tradução de texturas sonoras para texturas visuais. Utilizaremos a técnica de <em>frottage</em>, muitas palavras e alguns recortes, para poder enviar amor aos que não estão à mão de um sussurro no ouvido!</p>

<p>O amor é o sussurro de palavras carinhosas ao ouvido uns dos outros. Esta oficina será centrada no desenho de sussurros, e na tradução de texturas sonoras para texturas visuais. Utilizaremos a técnica de <em>frottage</em>, muitas palavras e alguns recortes, para poder enviar amor aos que não estão à mão de um sussurro no ouvido!</p>
<p>&nbsp;</p>
<h2>DESTINATÁRIOS</h2>
<p>Faixa etária: 8 aos 12 anos</p>
<h2>INSCRIÇÕES</h2>
<p>A participação na atividade é gratuita mediante inscrição semanal obrigatória por <a href="https://bmp.cm-porto.pt/inscricao_Sussuros"><span style="text-decoration: underline;">formulário</span></a>.</p>
<p>+ info <a href="mailto:bmp@cm-porto.pt">bmp@cm-porto.pt</a>. ou <span data-contrast="auto">(+351) </span>226 081 000.</p>
<div class="row cabinet-block">
<div class="mdc-post">
<div class="row">
<div class="col-xs-8 col-md-5 col-md-offset-1 col-xl-4 block-text block-text--marg">
<h2>ENDEREÇO</h2>
<p>Jardins do Palácio de Cristal<br />
Rua de Dom Manuel II<br />
4050-239 Porto</p>
<h2>AUTOCARRO</h2>
<p>1M, 200, 201, 207, 208, 302, 303, 501, 507, 601, ZM, 12M, 13M<br />
Circular Massarelos – Carmo</p>
<h2>ESTACIONAMENTO</h2>
<p>Palácio de Cristal</p>
</div>
</div>
</div>
</div>
<p>&nbsp;</p>
