{"id":13920,"date":"2023-06-26T11:50:25","date_gmt":"2023-06-26T10:50:25","guid":{"rendered":"https:\/\/museudoporto.pt\/?post_type=resource&#038;p=13920"},"modified":"2023-06-27T16:28:20","modified_gmt":"2023-06-27T15:28:20","slug":"visita-com-o-artista-sala-de-fumo","status":"publish","type":"resource","link":"https:\/\/museudoporto.pt\/en\/recurso\/visita-com-o-artista-sala-de-fumo\/","title":{"rendered":"VISITA \u00c0 EXPOSI\u00c7\u00c3O \u00abSALA DE FUMO\u00bb E LAN\u00c7AMENTO DE EDI\u00c7\u00c3O DE ARTISTA \u2014 N.O.R.W.A.Y."},"content":{"rendered":"","protected":false},"featured_media":13921,"template":"","resource_category":[20,49],"class_list":["post-13920","resource","type-resource","status-publish","has-post-thumbnail","hentry","resource_category-atividades","resource_category-visitas-orientadas"],"acf":{"ambient_sound":false,"breadcrumb":false,"file":false,"content":[{"acf_fc_layout":"event","display_title":"VISITA \u00c0 EXPOSI\u00c7\u00c3O \u00abSALA DE FUMO\u00bb E LAN\u00c7AMENTO DE EDI\u00c7\u00c3O DE ARTISTA \u2014 N.O.R.W.A.Y.","subtitle":"<p>Com Tiago Madaleno<\/p>\n","date":{"show_time":true,"type":"range","date":null,"start_date":"02\/07\/2023 15:00","end_date":"02\/07\/2023 17:00"},"sessions":null,"location":{"type":"other","station":false,"location":"GABINETE DE DESENHO\/MUSEU GUERRA JUNQUEIRO"},"media":{"type":false,"image":{"ID":13922,"id":13922,"title":"Sala de Fumo_008","filename":"Sala-de-Fumo_008-scaled.jpg","filesize":802056,"url":"https:\/\/museudoporto.pt\/wp-content\/uploads\/2023\/06\/Sala-de-Fumo_008-scaled.jpg","link":"https:\/\/museudoporto.pt\/en\/sala-de-fumo_008-2\/","alt":"","author":"13","description":"","caption":"","name":"sala-de-fumo_008-2","status":"inherit","uploaded_to":0,"date":"2023-06-26 10:48:07","modified":"2023-06-26 10:48:29","menu_order":0,"mime_type":"image\/jpeg","type":"image","subtype":"jpeg","icon":"https:\/\/museudoporto.pt\/wp-includes\/images\/media\/default.png","width":2560,"height":1707,"sizes":{"thumbnail":"https:\/\/museudoporto.pt\/wp-content\/uploads\/2023\/06\/Sala-de-Fumo_008-150x150.jpg","thumbnail-width":150,"thumbnail-height":150,"medium":"https:\/\/museudoporto.pt\/wp-content\/uploads\/2023\/06\/Sala-de-Fumo_008-300x200.jpg","medium-width":300,"medium-height":200,"medium_large":"https:\/\/museudoporto.pt\/wp-content\/uploads\/2023\/06\/Sala-de-Fumo_008-768x512.jpg","medium_large-width":640,"medium_large-height":427,"large":"https:\/\/museudoporto.pt\/wp-content\/uploads\/2023\/06\/Sala-de-Fumo_008-1024x683.jpg","large-width":640,"large-height":427,"ufg_200_200":"https:\/\/museudoporto.pt\/wp-content\/uploads\/2023\/06\/Sala-de-Fumo_008-scaled.jpg","ufg_200_200-width":200,"ufg_200_200-height":133,"ufg_300_300":"https:\/\/museudoporto.pt\/wp-content\/uploads\/2023\/06\/Sala-de-Fumo_008-scaled.jpg","ufg_300_300-width":300,"ufg_300_300-height":200,"ufg_400_400":"https:\/\/museudoporto.pt\/wp-content\/uploads\/2023\/06\/Sala-de-Fumo_008-scaled.jpg","ufg_400_400-width":400,"ufg_400_400-height":267,"1536x1536":"https:\/\/museudoporto.pt\/wp-content\/uploads\/2023\/06\/Sala-de-Fumo_008-1536x1024.jpg","1536x1536-width":1536,"1536x1536-height":1024,"2048x2048":"https:\/\/museudoporto.pt\/wp-content\/uploads\/2023\/06\/Sala-de-Fumo_008-2048x1366.jpg","2048x2048-width":2048,"2048x2048-height":1366}},"gallery":false},"excerpt":"<p><a href=\"https:\/\/museudoporto.pt\/en\/recurso\/sala-de-fumo\/\"><em>Sala de Fumo<\/em><\/a> \u00e9 uma exposi\u00e7\u00e3o da autoria de Tiago Madaleno que nos apresenta um exerc\u00edcio narrativo em torno do artista alem\u00e3o Kurt Schwitters (1887-1948). Um ensaio que remonta a epis\u00f3dios passados no seu ex\u00edlio durante a Segunda Guerra Mundial: primeiro na Noruega, onde pintou paisagens que vendia aos turistas, depois em Inglaterra, no Hutchinson Camp (Isle of Man), onde se refugiou na mem\u00f3ria dessas paisagens norueguesas perdidas.<\/p>\n","content":"<p>Visita no \u00e2mbito da programa\u00e7\u00e3o paralela da exposi\u00e7\u00e3o <a href=\"https:\/\/museudoporto.pt\/en\/recurso\/sala-de-fumo\/\"><em>Sala de Fumo<\/em><\/a>, da autoria de Tiago Madaleno, que nos apresenta um exerc\u00edcio narrativo em torno do artista alem\u00e3o Kurt Schwitters (1887-1948). Um ensaio que remonta a epis\u00f3dios passados no seu ex\u00edlio durante a Segunda Guerra Mundial: primeiro na Noruega, onde pintou paisagens que vendia aos turistas, depois em Inglaterra, no Hutchinson Camp (Isle of Man), onde se refugiou na mem\u00f3ria dessas paisagens norueguesas perdidas.<\/p>\n<p>&nbsp;<\/p>\n<p><strong>LAN\u00c7AMENTO DE EDI\u00c7\u00c3O DE ARTISTA \u2014 N.O.R.W.A.Y.<\/strong><\/p>\n<p>Como forma de colmatar a dist\u00e2ncia, era comum, durante a Segunda Guerra Mundial, militares em servi\u00e7o, utilizarem acr\u00f3nimos com nomes de pa\u00edses ou cidades para enviarem mensagens \u00edntimas a entes queridos. N.O.R.W.A.Y. utiliza este jogo de oculta\u00e7\u00e3o para continuar o exerc\u00edcio narrativo em torno do artista alem\u00e3o Kurt Schwitters (1887-1948) apresentado em <a href=\"https:\/\/museudoporto.pt\/en\/recurso\/sala-de-fumo\/\">Sala de Fumo<\/a>, no Museu Guerra Junqueiro.<\/p>\n<p>&nbsp;<\/p>\n<p><strong>Tiago Madaleno<\/strong>\u00a0nasceu em 1992, em Vila Nova de Gaia. Vive e trabalha no Porto. Madaleno \u00e9 um artista portugu\u00eas cujo trabalho explora uma abordagem transdisciplinar, em que as imagens navegam entre diferentes meios, como estrat\u00e9gia para desenvolver narrativas e pensar sobre performance. Estudou na Faculdade de Belas Artes da Universidade do Porto (FBAUP), concluindo o Mestrado em Pintura (2014-2016) com o projeto\u00a0<em>Clepsidra \u2013 Imagem, documento e a\u00e7\u00e3o.<\/em><\/p>\n<p>&nbsp;<\/p>\n<div class=\"row cabinet-block\">\n<div class=\"mdc-post\">\n<div class=\"row\">\n<div class=\"col-xs-8 col-md-5 col-md-offset-1 col-xl-4 block-text block-text--marg\">\n<h2>BILHETES<\/h2>\n<p>Entrada gratuita.<\/p>\n<h2>HOR\u00c1RIO<\/h2>\n<p>Ter\u00e7a\u2014Domingo<strong><br \/>\n<\/strong>10H\u201417H30<\/p>\n<p>Encerra \u00e0 segunda-feira e dias feriados.<\/p>\n<h2>ENDERE\u00c7O<\/h2>\n<p>Rua de D. Hugo, 32, 4050-305 Porto<br \/>\n<a href=\"https:\/\/www.google.com\/maps\/place\/MUSEU+DA+CIDADE%E2%80%94Casa+Guerra+Junqueiro\/@41.1425396,-8.6129004,17z\/data=!3m1!4b1!4m5!3m4!1s0xd2464e132d5e43b:0x44c2f6c27dfef83e!8m2!3d41.1425396!4d-8.6107064\" target=\"_blank\" rel=\"noopener\" data-cursor-hover=\"ready\">Dire\u00e7\u00f5es<\/a><\/p>\n<h2>AUTOCARRO<\/h2>\n<p>22, 207, 303, 400, 904, 905, ZH, 202, 207, 303, 400, 500, 900, 901, 904, 905, 906, ZH<\/p>\n<h2>METRO<\/h2>\n<p>S. Bento<br \/>\nFunicular: Batalha<\/p>\n<h2>ESTACIONAMENTO<\/h2>\n<p>Dom Jo\u00e3o I<\/p>\n<\/div>\n<\/div>\n<\/div>\n<\/div>\n"}],"previous_link":{"label":"","link":""},"next_link":{"label":"","link":""}},"_links":{"self":[{"href":"https:\/\/museudoporto.pt\/en\/wp-json\/wp\/v2\/resource\/13920","targetHints":{"allow":["GET"]}}],"collection":[{"href":"https:\/\/museudoporto.pt\/en\/wp-json\/wp\/v2\/resource"}],"about":[{"href":"https:\/\/museudoporto.pt\/en\/wp-json\/wp\/v2\/types\/resource"}],"wp:featuredmedia":[{"embeddable":true,"href":"https:\/\/museudoporto.pt\/en\/wp-json\/wp\/v2\/media\/13921"}],"wp:attachment":[{"href":"https:\/\/museudoporto.pt\/en\/wp-json\/wp\/v2\/media?parent=13920"}],"wp:term":[{"taxonomy":"resource_category","embeddable":true,"href":"https:\/\/museudoporto.pt\/en\/wp-json\/wp\/v2\/resource_category?post=13920"}],"curies":[{"name":"wp","href":"https:\/\/api.w.org\/{rel}","templated":true}]}}

VISITA À EXPOSIÇÃO «SALA DE FUMO» E LANÇAMENTO DE EDIÇÃO DE ARTISTA — N.O.R.W.A.Y.

<p><a href="https://museudoporto.pt/en/recurso/sala-de-fumo/"><em>Sala de Fumo</em></a> é uma exposição da autoria de Tiago Madaleno que nos apresenta um exercício narrativo em torno do artista alemão Kurt Schwitters (1887-1948). Um ensaio que remonta a episódios passados no seu exílio durante a Segunda Guerra Mundial: primeiro na Noruega, onde pintou paisagens que vendia aos turistas, depois em Inglaterra, no Hutchinson Camp (Isle of Man), onde se refugiou na memória dessas paisagens norueguesas perdidas.</p>

<p>Visita no âmbito da programação paralela da exposição <a href="https://museudoporto.pt/en/recurso/sala-de-fumo/"><em>Sala de Fumo</em></a>, da autoria de Tiago Madaleno, que nos apresenta um exercício narrativo em torno do artista alemão Kurt Schwitters (1887-1948). Um ensaio que remonta a episódios passados no seu exílio durante a Segunda Guerra Mundial: primeiro na Noruega, onde pintou paisagens que vendia aos turistas, depois em Inglaterra, no Hutchinson Camp (Isle of Man), onde se refugiou na memória dessas paisagens norueguesas perdidas.</p>
<p>&nbsp;</p>
<p><strong>LANÇAMENTO DE EDIÇÃO DE ARTISTA — N.O.R.W.A.Y.</strong></p>
<p>Como forma de colmatar a distância, era comum, durante a Segunda Guerra Mundial, militares em serviço, utilizarem acrónimos com nomes de países ou cidades para enviarem mensagens íntimas a entes queridos. N.O.R.W.A.Y. utiliza este jogo de ocultação para continuar o exercício narrativo em torno do artista alemão Kurt Schwitters (1887-1948) apresentado em <a href="https://museudoporto.pt/en/recurso/sala-de-fumo/">Sala de Fumo</a>, no Museu Guerra Junqueiro.</p>
<p>&nbsp;</p>
<p><strong>Tiago Madaleno</strong> nasceu em 1992, em Vila Nova de Gaia. Vive e trabalha no Porto. Madaleno é um artista português cujo trabalho explora uma abordagem transdisciplinar, em que as imagens navegam entre diferentes meios, como estratégia para desenvolver narrativas e pensar sobre performance. Estudou na Faculdade de Belas Artes da Universidade do Porto (FBAUP), concluindo o Mestrado em Pintura (2014-2016) com o projeto <em>Clepsidra – Imagem, documento e ação.</em></p>
<p>&nbsp;</p>
<div class="row cabinet-block">
<div class="mdc-post">
<div class="row">
<div class="col-xs-8 col-md-5 col-md-offset-1 col-xl-4 block-text block-text--marg">
<h2>BILHETES</h2>
<p>Entrada gratuita.</p>
<h2>HORÁRIO</h2>
<p>Terça—Domingo<strong><br />
</strong>10H—17H30</p>
<p>Encerra à segunda-feira e dias feriados.</p>
<h2>ENDEREÇO</h2>
<p>Rua de D. Hugo, 32, 4050-305 Porto<br />
<a href="https://www.google.com/maps/place/MUSEU+DA+CIDADE%E2%80%94Casa+Guerra+Junqueiro/@41.1425396,-8.6129004,17z/data=!3m1!4b1!4m5!3m4!1s0xd2464e132d5e43b:0x44c2f6c27dfef83e!8m2!3d41.1425396!4d-8.6107064" target="_blank" rel="noopener" data-cursor-hover="ready">Direções</a></p>
<h2>AUTOCARRO</h2>
<p>22, 207, 303, 400, 904, 905, ZH, 202, 207, 303, 400, 500, 900, 901, 904, 905, 906, ZH</p>
<h2>METRO</h2>
<p>S. Bento<br />
Funicular: Batalha</p>
<h2>ESTACIONAMENTO</h2>
<p>Dom João I</p>
</div>
</div>
</div>
</div>
