{"id":14028,"date":"2023-07-03T16:15:23","date_gmt":"2023-07-03T15:15:23","guid":{"rendered":"https:\/\/museudoporto.pt\/?post_type=resource&#038;p=14028"},"modified":"2023-10-26T12:47:32","modified_gmt":"2023-10-26T11:47:32","slug":"inventario-19-decomposicao-da-paisagem","status":"publish","type":"resource","link":"https:\/\/museudoporto.pt\/en\/recurso\/inventario-19-decomposicao-da-paisagem\/","title":{"rendered":"INVENT\u00c1RIO #19 \u2014 [De]composi\u00e7\u00e3o da Paisagem"},"content":{"rendered":"","protected":false},"featured_media":14496,"template":"","resource_category":[20,23,52,86,24],"class_list":["post-14028","resource","type-resource","status-publish","has-post-thumbnail","hentry","resource_category-atividades","resource_category-inventario","resource_category-oficina","resource_category-para-adultos","resource_category-plataformas-publicas"],"acf":{"ambient_sound":false,"breadcrumb":false,"file":false,"content":[{"acf_fc_layout":"event","display_title":"INVENT\u00c1RIO #19 \u2014 [De]composi\u00e7\u00e3o da Paisagem","subtitle":"<p>Com Rita Ladeiro e Joana Alves-Ferreira<\/p>\n","date":{"show_time":true,"type":"range","date":null,"start_date":"26\/08\/2023 15:00","end_date":"26\/08\/2023 17:00"},"sessions":null,"location":{"type":"other","station":false,"location":"CASA DO INFANTE"},"media":{"type":false,"image":{"ID":14497,"id":14497,"title":"gifmaker_me","filename":"gifmaker_me.gif","filesize":1223758,"url":"https:\/\/museudoporto.pt\/wp-content\/uploads\/2023\/07\/gifmaker_me.gif","link":"https:\/\/museudoporto.pt\/en\/gifmaker_me-2\/","alt":"","author":"11","description":"","caption":"","name":"gifmaker_me-2","status":"inherit","uploaded_to":0,"date":"2023-08-10 15:55:58","modified":"2023-08-10 16:12:46","menu_order":0,"mime_type":"image\/gif","type":"image","subtype":"gif","icon":"https:\/\/museudoporto.pt\/wp-includes\/images\/media\/default.png","width":992,"height":684,"sizes":{"thumbnail":"https:\/\/museudoporto.pt\/wp-content\/uploads\/2023\/07\/gifmaker_me-150x150.gif","thumbnail-width":150,"thumbnail-height":150,"medium":"https:\/\/museudoporto.pt\/wp-content\/uploads\/2023\/07\/gifmaker_me-300x207.gif","medium-width":300,"medium-height":207,"medium_large":"https:\/\/museudoporto.pt\/wp-content\/uploads\/2023\/07\/gifmaker_me-768x530.gif","medium_large-width":640,"medium_large-height":442,"large":"https:\/\/museudoporto.pt\/wp-content\/uploads\/2023\/07\/gifmaker_me.gif","large-width":640,"large-height":441,"ufg_200_200":"https:\/\/museudoporto.pt\/wp-content\/uploads\/2023\/07\/gifmaker_me.gif","ufg_200_200-width":200,"ufg_200_200-height":138,"ufg_300_300":"https:\/\/museudoporto.pt\/wp-content\/uploads\/2023\/07\/gifmaker_me.gif","ufg_300_300-width":300,"ufg_300_300-height":207,"ufg_400_400":"https:\/\/museudoporto.pt\/wp-content\/uploads\/2023\/07\/gifmaker_me.gif","ufg_400_400-width":400,"ufg_400_400-height":276,"1536x1536":"https:\/\/museudoporto.pt\/wp-content\/uploads\/2023\/07\/gifmaker_me.gif","1536x1536-width":992,"1536x1536-height":684,"2048x2048":"https:\/\/museudoporto.pt\/wp-content\/uploads\/2023\/07\/gifmaker_me.gif","2048x2048-width":992,"2048x2048-height":684}},"gallery":[{"ID":14493,"id":14493,"title":"Repton 2","filename":"Repton-2.jpg","filesize":345565,"url":"https:\/\/museudoporto.pt\/wp-content\/uploads\/2023\/07\/Repton-2.jpg","link":"https:\/\/museudoporto.pt\/en\/repton-2-2\/","alt":"","author":"11","description":"","caption":"","name":"repton-2-2","status":"inherit","uploaded_to":0,"date":"2023-08-10 15:53:07","modified":"2023-08-10 15:53:14","menu_order":0,"mime_type":"image\/jpeg","type":"image","subtype":"jpeg","icon":"https:\/\/museudoporto.pt\/wp-includes\/images\/media\/default.png","width":992,"height":684,"sizes":{"thumbnail":"https:\/\/museudoporto.pt\/wp-content\/uploads\/2023\/07\/Repton-2-150x150.jpg","thumbnail-width":150,"thumbnail-height":150,"medium":"https:\/\/museudoporto.pt\/wp-content\/uploads\/2023\/07\/Repton-2-300x207.jpg","medium-width":300,"medium-height":207,"medium_large":"https:\/\/museudoporto.pt\/wp-content\/uploads\/2023\/07\/Repton-2-768x530.jpg","medium_large-width":640,"medium_large-height":442,"large":"https:\/\/museudoporto.pt\/wp-content\/uploads\/2023\/07\/Repton-2.jpg","large-width":640,"large-height":441,"ufg_200_200":"https:\/\/museudoporto.pt\/wp-content\/uploads\/2023\/07\/Repton-2.jpg","ufg_200_200-width":200,"ufg_200_200-height":138,"ufg_300_300":"https:\/\/museudoporto.pt\/wp-content\/uploads\/2023\/07\/Repton-2.jpg","ufg_300_300-width":300,"ufg_300_300-height":207,"ufg_400_400":"https:\/\/museudoporto.pt\/wp-content\/uploads\/2023\/07\/Repton-2.jpg","ufg_400_400-width":400,"ufg_400_400-height":276,"1536x1536":"https:\/\/museudoporto.pt\/wp-content\/uploads\/2023\/07\/Repton-2.jpg","1536x1536-width":992,"1536x1536-height":684,"2048x2048":"https:\/\/museudoporto.pt\/wp-content\/uploads\/2023\/07\/Repton-2.jpg","2048x2048-width":992,"2048x2048-height":684}},{"ID":14495,"id":14495,"title":"repton1","filename":"repton1.jpg","filesize":364980,"url":"https:\/\/museudoporto.pt\/wp-content\/uploads\/2023\/07\/repton1.jpg","link":"https:\/\/museudoporto.pt\/en\/repton1-2\/","alt":"","author":"11","description":"","caption":"","name":"repton1-2","status":"inherit","uploaded_to":0,"date":"2023-08-10 15:53:08","modified":"2023-08-10 15:53:17","menu_order":0,"mime_type":"image\/jpeg","type":"image","subtype":"jpeg","icon":"https:\/\/museudoporto.pt\/wp-includes\/images\/media\/default.png","width":997,"height":687,"sizes":{"thumbnail":"https:\/\/museudoporto.pt\/wp-content\/uploads\/2023\/07\/repton1-150x150.jpg","thumbnail-width":150,"thumbnail-height":150,"medium":"https:\/\/museudoporto.pt\/wp-content\/uploads\/2023\/07\/repton1-300x207.jpg","medium-width":300,"medium-height":207,"medium_large":"https:\/\/museudoporto.pt\/wp-content\/uploads\/2023\/07\/repton1-768x529.jpg","medium_large-width":640,"medium_large-height":441,"large":"https:\/\/museudoporto.pt\/wp-content\/uploads\/2023\/07\/repton1.jpg","large-width":640,"large-height":441,"ufg_200_200":"https:\/\/museudoporto.pt\/wp-content\/uploads\/2023\/07\/repton1.jpg","ufg_200_200-width":200,"ufg_200_200-height":138,"ufg_300_300":"https:\/\/museudoporto.pt\/wp-content\/uploads\/2023\/07\/repton1.jpg","ufg_300_300-width":300,"ufg_300_300-height":207,"ufg_400_400":"https:\/\/museudoporto.pt\/wp-content\/uploads\/2023\/07\/repton1.jpg","ufg_400_400-width":400,"ufg_400_400-height":276,"1536x1536":"https:\/\/museudoporto.pt\/wp-content\/uploads\/2023\/07\/repton1.jpg","1536x1536-width":997,"1536x1536-height":687,"2048x2048":"https:\/\/museudoporto.pt\/wp-content\/uploads\/2023\/07\/repton1.jpg","2048x2048-width":997,"2048x2048-height":687}}]},"excerpt":"<p>A exposi\u00e7\u00e3o <em>Parque da Cidade: Composi\u00e7\u00e3o da Paisagem<\/em> \u00e9 o espa\u00e7o de encontro para um passeio entre as v\u00e1rias camadas que habitam a ideia de parque. Balan\u00e7ando nas fronteiras do natural e do constru\u00eddo, dos elementos que se revelam, mas tamb\u00e9m dos que se escondem, partiremos para uma experi\u00eancia de desconstru\u00e7\u00e3o, que embocar\u00e1 numa proposta criativa de re(composi\u00e7\u00e3o) da paisagem.<\/p>\n","content":"<p>A exposi\u00e7\u00e3o <a href=\"https:\/\/museudoporto.pt\/en\/recurso\/parque-da-cidade-composicao-da-paisagem\/\"><em>Parque da Cidade: Composi\u00e7\u00e3o da Paisagem<\/em><\/a> \u00e9 o espa\u00e7o de encontro para um passeio entre as v\u00e1rias camadas que habitam a ideia de parque. Balan\u00e7ando nas fronteiras do natural e do constru\u00eddo, dos elementos que se revelam, mas tamb\u00e9m dos que se escondem, partiremos para uma experi\u00eancia de desconstru\u00e7\u00e3o, que embocar\u00e1 numa proposta criativa de re(composi\u00e7\u00e3o) da paisagem.<\/p>\n<p>&nbsp;<\/p>\n<p><strong>Rita Ladeiro<\/strong> estudou Engenharia Civil na Faculdade de Engenharia da Universidade do Porto, tendo trabalhado na \u00e1rea at\u00e9 ao ano de 2012. Ingressou no curso Gest\u00e3o do Patrim\u00f3nio Cultural da Escola Superior de Educa\u00e7\u00e3o e realizou trabalho de investiga\u00e7\u00e3o no Centro de Investiga\u00e7\u00e3o e Inova\u00e7\u00e3o em Educa\u00e7\u00e3o e no Centro de Estudos de Sociologia e Est\u00e9tica Musical. Mestre em Teoria e Cr\u00edtica da Arte, em 2019, pela Faculdade de Belas Artes da Universidade do Porto, com uma investiga\u00e7\u00e3o sobre o pensamento pl\u00e1stico de \u00c2ngelo de Sousa. Atualmente integra a equipa de Media\u00e7\u00e3o e Educa\u00e7\u00e3o do Museu do Porto, pertencendo \u00e0 Divis\u00e3o Municipal de Museus<strong>.<\/strong><\/p>\n<p>&nbsp;<\/p>\n<p><strong>Joana Alves-Ferreira<\/strong> \u00e9 arque\u00f3loga (Faculdade de Letras da Universidade do Porto, 2004) e investigadora no Centro de Estudos em Arqueologia, Artes e Ci\u00eancias do Patrim\u00f3nio | Universidade de Coimbra. Nesta institui\u00e7\u00e3o, desenvolve o seu projeto de doutoramento em torno do lugar de narra\u00e7\u00e3o do Neol\u00edtico enquanto modelo de narra\u00e7\u00e3o da diferen\u00e7a e figura de uma gram\u00e1tica homo-hegem\u00f3nica, que, nas cartografias discursivas e pol\u00edticas contempor\u00e2neas, atualiza uma puls\u00e3o colonizadora sobre o outro. \u00c9 editora da revista \u03ba\u03b1\u03b9\u03c1\u03bf\u0301\u03c2 | kairo\u0301s, na mesma institui\u00e7\u00e3o. Atualmente integra a equipa de gest\u00e3o de projetos da Divis\u00e3o Municipal de Museus em colabora\u00e7\u00e3o com o Museu do Porto.<\/p>\n<p>&nbsp;<\/p>\n<p><strong>INVENT\u00c1RIO<\/strong><br \/>\nInvent\u00e1rio participado de ruas, edif\u00edcios, lugares, obras de arte p\u00fablica, da cidade. Ler as ruas, lugares e edif\u00edcios, conduzir o olhar, olhar de outras formas e documentar, a partir de registos fotogr\u00e1ficos, gr\u00e1ficos, escritos, os elementos observados.<\/p>\n<p>&nbsp;<\/p>\n<h2>INSCRI\u00c7\u00d5ES<\/h2>\n<p>A participa\u00e7\u00e3o na atividade \u00e9 gratuita. Inscri\u00e7\u00f5es atrav\u00e9s do preenchimento do <a href=\"https:\/\/questionarios.cm-porto.pt\/index.php\/837338\">formul\u00e1rio<\/a>. Limite de 20 participantes. + info <a href=\"mailto:educativo.museudoporto@cm-porto.pt\">educativo.museudoporto@cm-porto.pt<\/a>. ou <span data-contrast=\"auto\">(+351) 226<\/span><span data-contrast=\"auto\">\u202f<\/span><span data-contrast=\"auto\">057<\/span><span data-contrast=\"auto\">000<\/span>.<\/p>\n<div class=\"row cabinet-block\">\n<div class=\"mdc-post\">\n<div class=\"row\">\n<div class=\"col-xs-8 col-md-5 col-md-offset-1 col-xl-4 block-text block-text--marg\">\n<div class=\"row block-text text-no-indent\">\n<div class=\"col-xs-8 col-sm-7 col-md-5 col-md-offset-3 col-xl-4 col-xl-offset-4\">\n<div class=\"row cabinet-block\">\n<div class=\"mdc-post\">\n<div class=\"row\">\n<div class=\"col-xs-8 col-md-5 col-md-offset-1 col-xl-4 block-text block-text--marg\">\n<div class=\"row cabinet-block\">\n<div class=\"mdc-post\">\n<div class=\"row\">\n<div class=\"col-xs-8 col-md-5 col-md-offset-1 col-xl-4 block-text block-text--marg\">\n<h2>ENDERE\u00c7O<\/h2>\n<p>Rua da Alf\u00e2ndega, 10<br \/>\n4050-029 Porto<br \/>\n<a href=\"https:\/\/www.google.com\/maps\/dir\/\/casa+do+infante\/data=!4m6!4m5!1m1!4e2!1m2!1m1!1s0xd2464e048a7dd5f:0xa4c812eb37711092?sa=X&amp;ved=2ahUKEwjXsruLjbDuAhXEZxUIHSP1APAQ9RcwFHoECCYQBA\" target=\"_blank\" rel=\"noopener\" data-cursor-hover=\"ready\">Dire\u00e7\u00f5es<\/a><\/p>\n<h2>AUTOCARRO<\/h2>\n<p>500, 900, 901, 906, ZM, ZR, 1<\/p>\n<h2>METRO<\/h2>\n<p>S. Bento<\/p>\n<h2>ESTACIONAMENTO<\/h2>\n<p>Pra\u00e7a do Infante D. Henrique<\/p>\n<\/div>\n<\/div>\n<\/div>\n<\/div>\n<\/div>\n<\/div>\n<\/div>\n<\/div>\n<\/div>\n<\/div>\n<\/div>\n<\/div>\n<\/div>\n<\/div>\n"}],"previous_link":{"label":"","link":""},"next_link":{"label":"","link":""}},"_links":{"self":[{"href":"https:\/\/museudoporto.pt\/en\/wp-json\/wp\/v2\/resource\/14028","targetHints":{"allow":["GET"]}}],"collection":[{"href":"https:\/\/museudoporto.pt\/en\/wp-json\/wp\/v2\/resource"}],"about":[{"href":"https:\/\/museudoporto.pt\/en\/wp-json\/wp\/v2\/types\/resource"}],"wp:featuredmedia":[{"embeddable":true,"href":"https:\/\/museudoporto.pt\/en\/wp-json\/wp\/v2\/media\/14496"}],"wp:attachment":[{"href":"https:\/\/museudoporto.pt\/en\/wp-json\/wp\/v2\/media?parent=14028"}],"wp:term":[{"taxonomy":"resource_category","embeddable":true,"href":"https:\/\/museudoporto.pt\/en\/wp-json\/wp\/v2\/resource_category?post=14028"}],"curies":[{"name":"wp","href":"https:\/\/api.w.org\/{rel}","templated":true}]}}

INVENTÁRIO #19 — [De]composição da Paisagem

<p>A exposição <em>Parque da Cidade: Composição da Paisagem</em> é o espaço de encontro para um passeio entre as várias camadas que habitam a ideia de parque. Balançando nas fronteiras do natural e do construído, dos elementos que se revelam, mas também dos que se escondem, partiremos para uma experiência de desconstrução, que embocará numa proposta criativa de re(composição) da paisagem.</p>

<p>A exposição <a href="https://museudoporto.pt/en/recurso/parque-da-cidade-composicao-da-paisagem/"><em>Parque da Cidade: Composição da Paisagem</em></a> é o espaço de encontro para um passeio entre as várias camadas que habitam a ideia de parque. Balançando nas fronteiras do natural e do construído, dos elementos que se revelam, mas também dos que se escondem, partiremos para uma experiência de desconstrução, que embocará numa proposta criativa de re(composição) da paisagem.</p>
<p>&nbsp;</p>
<p><strong>Rita Ladeiro</strong> estudou Engenharia Civil na Faculdade de Engenharia da Universidade do Porto, tendo trabalhado na área até ao ano de 2012. Ingressou no curso Gestão do Património Cultural da Escola Superior de Educação e realizou trabalho de investigação no Centro de Investigação e Inovação em Educação e no Centro de Estudos de Sociologia e Estética Musical. Mestre em Teoria e Crítica da Arte, em 2019, pela Faculdade de Belas Artes da Universidade do Porto, com uma investigação sobre o pensamento plástico de Ângelo de Sousa. Atualmente integra a equipa de Mediação e Educação do Museu do Porto, pertencendo à Divisão Municipal de Museus<strong>.</strong></p>
<p>&nbsp;</p>
<p><strong>Joana Alves-Ferreira</strong> é arqueóloga (Faculdade de Letras da Universidade do Porto, 2004) e investigadora no Centro de Estudos em Arqueologia, Artes e Ciências do Património | Universidade de Coimbra. Nesta instituição, desenvolve o seu projeto de doutoramento em torno do lugar de narração do Neolítico enquanto modelo de narração da diferença e figura de uma gramática homo-hegemónica, que, nas cartografias discursivas e políticas contemporâneas, atualiza uma pulsão colonizadora sobre o outro. É editora da revista καιρός | kairós, na mesma instituição. Atualmente integra a equipa de gestão de projetos da Divisão Municipal de Museus em colaboração com o Museu do Porto.</p>
<p>&nbsp;</p>
<p><strong>INVENTÁRIO</strong><br />
Inventário participado de ruas, edifícios, lugares, obras de arte pública, da cidade. Ler as ruas, lugares e edifícios, conduzir o olhar, olhar de outras formas e documentar, a partir de registos fotográficos, gráficos, escritos, os elementos observados.</p>
<p>&nbsp;</p>
<h2>INSCRIÇÕES</h2>
<p>A participação na atividade é gratuita. Inscrições através do preenchimento do <a href="https://questionarios.cm-porto.pt/index.php/837338">formulário</a>. Limite de 20 participantes. + info <a href="mailto:educativo.museudoporto@cm-porto.pt">educativo.museudoporto@cm-porto.pt</a>. ou <span data-contrast="auto">(+351) 226</span><span data-contrast="auto"> </span><span data-contrast="auto">057</span><span data-contrast="auto">000</span>.</p>
<div class="row cabinet-block">
<div class="mdc-post">
<div class="row">
<div class="col-xs-8 col-md-5 col-md-offset-1 col-xl-4 block-text block-text--marg">
<div class="row block-text text-no-indent">
<div class="col-xs-8 col-sm-7 col-md-5 col-md-offset-3 col-xl-4 col-xl-offset-4">
<div class="row cabinet-block">
<div class="mdc-post">
<div class="row">
<div class="col-xs-8 col-md-5 col-md-offset-1 col-xl-4 block-text block-text--marg">
<div class="row cabinet-block">
<div class="mdc-post">
<div class="row">
<div class="col-xs-8 col-md-5 col-md-offset-1 col-xl-4 block-text block-text--marg">
<h2>ENDEREÇO</h2>
<p>Rua da Alfândega, 10<br />
4050-029 Porto<br />
<a href="https://www.google.com/maps/dir//casa+do+infante/data=!4m6!4m5!1m1!4e2!1m2!1m1!1s0xd2464e048a7dd5f:0xa4c812eb37711092?sa=X&amp;ved=2ahUKEwjXsruLjbDuAhXEZxUIHSP1APAQ9RcwFHoECCYQBA" target="_blank" rel="noopener" data-cursor-hover="ready">Direções</a></p>
<h2>AUTOCARRO</h2>
<p>500, 900, 901, 906, ZM, ZR, 1</p>
<h2>METRO</h2>
<p>S. Bento</p>
<h2>ESTACIONAMENTO</h2>
<p>Praça do Infante D. Henrique</p>
</div>
</div>
</div>
</div>
</div>
</div>
</div>
</div>
</div>
</div>
</div>
</div>
</div>
</div>
