{"id":14090,"date":"2023-07-04T16:06:26","date_gmt":"2023-07-04T15:06:26","guid":{"rendered":"https:\/\/museudoporto.pt\/?post_type=resource&#038;p=14090"},"modified":"2024-06-26T10:17:14","modified_gmt":"2024-06-26T09:17:14","slug":"dia-aberto-maos-a-obra-campanha-de-limpeza-do-patrimonio","status":"publish","type":"resource","link":"https:\/\/museudoporto.pt\/en\/recurso\/dia-aberto-maos-a-obra-campanha-de-limpeza-do-patrimonio\/","title":{"rendered":"DIA ABERTO \u2014 M\u00c3OS \u00c0 OBRA: Campanha de Limpeza do Patrim\u00f3nio"},"content":{"rendered":"","protected":false},"featured_media":14091,"template":"","resource_category":[20,52,86,85,24],"class_list":["post-14090","resource","type-resource","status-publish","has-post-thumbnail","hentry","resource_category-atividades","resource_category-oficina","resource_category-para-adultos","resource_category-para-os-mais-novos","resource_category-plataformas-publicas"],"acf":{"ambient_sound":false,"breadcrumb":false,"file":false,"content":[{"acf_fc_layout":"event","display_title":"DIA ABERTO \u2014 M\u00c3OS \u00c0 OBRA: Campanha de Limpeza do Patrim\u00f3nio","subtitle":"<p>Com Carolina Barata, Ana Cabral e Rita Veiga<\/p>\n<div class=\"mdc-post__info\">\n<p>S\u00c1B 16 SET, 10H\u201412h30 | 14H\u201416H30 (2 sess\u00f5es)<\/p>\n<\/div>\n","date":{"show_time":true,"type":"range","date":null,"start_date":"16\/09\/2023 10:00","end_date":"16\/09\/2023 16:30"},"sessions":null,"location":{"type":"other","station":false,"location":"CASA MARTA ORTIG\u00c3O SAMPAIO"},"media":{"type":false,"image":{"ID":14092,"id":14092,"title":"oficina_maos_a_obra","filename":"oficina_maos_a_obra-scaled.jpg","filesize":601525,"url":"https:\/\/museudoporto.pt\/wp-content\/uploads\/2023\/07\/oficina_maos_a_obra-scaled.jpg","link":"https:\/\/museudoporto.pt\/en\/oficina_maos_a_obra-2\/","alt":"","author":"13","description":"","caption":"","name":"oficina_maos_a_obra-2","status":"inherit","uploaded_to":0,"date":"2023-07-04 15:01:19","modified":"2023-07-04 15:01:38","menu_order":0,"mime_type":"image\/jpeg","type":"image","subtype":"jpeg","icon":"https:\/\/museudoporto.pt\/wp-includes\/images\/media\/default.png","width":1920,"height":2560,"sizes":{"thumbnail":"https:\/\/museudoporto.pt\/wp-content\/uploads\/2023\/07\/oficina_maos_a_obra-150x150.jpg","thumbnail-width":150,"thumbnail-height":150,"medium":"https:\/\/museudoporto.pt\/wp-content\/uploads\/2023\/07\/oficina_maos_a_obra-225x300.jpg","medium-width":225,"medium-height":300,"medium_large":"https:\/\/museudoporto.pt\/wp-content\/uploads\/2023\/07\/oficina_maos_a_obra-768x1024.jpg","medium_large-width":640,"medium_large-height":853,"large":"https:\/\/museudoporto.pt\/wp-content\/uploads\/2023\/07\/oficina_maos_a_obra-768x1024.jpg","large-width":640,"large-height":853,"ufg_200_200":"https:\/\/museudoporto.pt\/wp-content\/uploads\/2023\/07\/oficina_maos_a_obra-scaled.jpg","ufg_200_200-width":150,"ufg_200_200-height":200,"ufg_300_300":"https:\/\/museudoporto.pt\/wp-content\/uploads\/2023\/07\/oficina_maos_a_obra-scaled.jpg","ufg_300_300-width":225,"ufg_300_300-height":300,"ufg_400_400":"https:\/\/museudoporto.pt\/wp-content\/uploads\/2023\/07\/oficina_maos_a_obra-scaled.jpg","ufg_400_400-width":300,"ufg_400_400-height":400,"1536x1536":"https:\/\/museudoporto.pt\/wp-content\/uploads\/2023\/07\/oficina_maos_a_obra-1152x1536.jpg","1536x1536-width":1152,"1536x1536-height":1536,"2048x2048":"https:\/\/museudoporto.pt\/wp-content\/uploads\/2023\/07\/oficina_maos_a_obra-1536x2048.jpg","2048x2048-width":1536,"2048x2048-height":2048}},"gallery":false},"excerpt":"<p>\u00abM\u00e3os \u00e0 Obra\u00bb \u00e9 um programa participativo que se pretende realizar uma vez por ano no Museu do Porto, em que os participantes s\u00e3o desafiados a juntarem-se \u00e0 equipa do Museu numa campanha de limpeza do Patrim\u00f3nio que o Munic\u00edpio conserva mas que \u00e9 de todos. Nesta primeira edi\u00e7\u00e3o de \u00abM\u00e3os \u00e0 Obra\u00bb vamos limpar a pedra presente no jardim da Casa Marta Ortig\u00e3o Sampaio.<\/p>\n","content":"<p>\u00abM\u00e3os \u00e0 Obra\u00bb \u00e9 um programa participativo que se pretende realizar uma vez por ano no Museu do Porto, em que os participantes s\u00e3o desafiados a juntarem-se \u00e0 equipa do Museu numa campanha de limpeza do Patrim\u00f3nio que o Munic\u00edpio conserva mas que \u00e9 de todos. Nesta primeira edi\u00e7\u00e3o de \u00abM\u00e3os \u00e0 Obra\u00bb vamos limpar a pedra presente no jardim da Casa Marta Ortig\u00e3o Sampaio.<\/p>\n<p>&nbsp;<\/p>\n<p><strong>Nota<\/strong>: Aconselha-se o uso de roupa de trabalho e galochas ou cal\u00e7ado imperme\u00e1vel.<\/p>\n<p>&nbsp;<\/p>\n<div class=\"row cabinet-block\">\n<div class=\"mdc-post\">\n<div class=\"row\">\n<div class=\"col-xs-8 col-md-5 col-md-offset-1 col-xl-4 block-text block-text--marg\">\n<h2>DESTINAT\u00c1RIOS<\/h2>\n<p>Para maiores de 10 anos (acompanhado de um familiar adulto) e adultos .<\/p>\n<h2>INSCRI\u00c7\u00d5ES<\/h2>\n<p>A participa\u00e7\u00e3o na atividade \u00e9 gratuita e requer inscri\u00e7\u00e3o pr\u00e9via atrav\u00e9s do\u00a0<a href=\"https:\/\/questionarios.cm-porto.pt\/index.php\/822287\" data-cursor-hover=\"ready\">formul\u00e1rio<\/a>. Limite de 15 participantes em cada sess\u00e3o (manh\u00e3 \/ tarde). + info <a href=\"mailto:educativo.museudoporto@cm-porto.pt\" data-cursor-hover=\"ready\">educativo.museudoporto@cm-porto.pt<\/a>. ou\u00a0<span data-contrast=\"auto\">(+351) 226<\/span><span data-contrast=\"auto\">\u202f<\/span><span data-contrast=\"auto\">057<\/span><span data-contrast=\"auto\">000.<\/span><\/p>\n<h2>ENDERE\u00c7O<\/h2>\n<p>Rua de Nossa Senhora de F\u00e1tima, 299<br \/>\n4050-428 Porto<br \/>\nGPS: 41.159457, -8.625454<br \/>\n<a href=\"https:\/\/www.google.com\/maps\/place\/MUSEU+DA+CIDADE%E2%80%94Casa+Marta+Ortig%C3%A3o+Sampaio\/@41.1593654,-8.6277251,17z\/data=!3m1!4b1!4m5!3m4!1s0xd2465a8407f48ad:0x570d5413b98c531a!8m2!3d41.1593654!4d-8.6255364\" target=\"_blank\" rel=\"noopener\" data-cursor-hover=\"ready\">Localiza\u00e7\u00e3o<\/a><\/p>\n<h2>AUTOCARRO<\/h2>\n<p>203, 302, 203, 302, 508<\/p>\n<h2>METRO<\/h2>\n<p>Carolina Micha\u00eblis<\/p>\n<h2>ESTACIONAMENTO<\/h2>\n<p>Casa da M\u00fasica<\/p>\n<h2>JARDINS<\/h2>\n<p><a href=\"https:\/\/museudoporto.pt\/en\/garden\/jardim-e-casa-marta-ortigao-sampaio\/\" data-cursor-hover=\"ready\">MARTA ORTIG\u00c3O SAMPAIO<\/a><\/p>\n<\/div>\n<\/div>\n<\/div>\n<\/div>\n"}],"previous_link":{"label":"","link":""},"next_link":{"label":"","link":""}},"_links":{"self":[{"href":"https:\/\/museudoporto.pt\/en\/wp-json\/wp\/v2\/resource\/14090","targetHints":{"allow":["GET"]}}],"collection":[{"href":"https:\/\/museudoporto.pt\/en\/wp-json\/wp\/v2\/resource"}],"about":[{"href":"https:\/\/museudoporto.pt\/en\/wp-json\/wp\/v2\/types\/resource"}],"wp:featuredmedia":[{"embeddable":true,"href":"https:\/\/museudoporto.pt\/en\/wp-json\/wp\/v2\/media\/14091"}],"wp:attachment":[{"href":"https:\/\/museudoporto.pt\/en\/wp-json\/wp\/v2\/media?parent=14090"}],"wp:term":[{"taxonomy":"resource_category","embeddable":true,"href":"https:\/\/museudoporto.pt\/en\/wp-json\/wp\/v2\/resource_category?post=14090"}],"curies":[{"name":"wp","href":"https:\/\/api.w.org\/{rel}","templated":true}]}}

DIA ABERTO — MÃOS À OBRA: Campanha de Limpeza do Património

<p>Com Carolina Barata, Ana Cabral e Rita Veiga</p>
<div class="mdc-post__info">
<p>SÁB 16 SET, 10H—12h30 | 14H—16H30 (2 sessões)</p>
</div>

CASA MARTA ORTIGÃO SAMPAIO

<p>«Mãos à Obra» é um programa participativo que se pretende realizar uma vez por ano no Museu do Porto, em que os participantes são desafiados a juntarem-se à equipa do Museu numa campanha de limpeza do Património que o Município conserva mas que é de todos. Nesta primeira edição de «Mãos à Obra» vamos limpar a pedra presente no jardim da Casa Marta Ortigão Sampaio.</p>

<p>«Mãos à Obra» é um programa participativo que se pretende realizar uma vez por ano no Museu do Porto, em que os participantes são desafiados a juntarem-se à equipa do Museu numa campanha de limpeza do Património que o Município conserva mas que é de todos. Nesta primeira edição de «Mãos à Obra» vamos limpar a pedra presente no jardim da Casa Marta Ortigão Sampaio.</p>
<p>&nbsp;</p>
<p><strong>Nota</strong>: Aconselha-se o uso de roupa de trabalho e galochas ou calçado impermeável.</p>
<p>&nbsp;</p>
<div class="row cabinet-block">
<div class="mdc-post">
<div class="row">
<div class="col-xs-8 col-md-5 col-md-offset-1 col-xl-4 block-text block-text--marg">
<h2>DESTINATÁRIOS</h2>
<p>Para maiores de 10 anos (acompanhado de um familiar adulto) e adultos .</p>
<h2>INSCRIÇÕES</h2>
<p>A participação na atividade é gratuita e requer inscrição prévia através do <a href="https://questionarios.cm-porto.pt/index.php/822287" data-cursor-hover="ready">formulário</a>. Limite de 15 participantes em cada sessão (manhã / tarde). + info <a href="mailto:educativo.museudoporto@cm-porto.pt" data-cursor-hover="ready">educativo.museudoporto@cm-porto.pt</a>. ou <span data-contrast="auto">(+351) 226</span><span data-contrast="auto"> </span><span data-contrast="auto">057</span><span data-contrast="auto">000.</span></p>
<h2>ENDEREÇO</h2>
<p>Rua de Nossa Senhora de Fátima, 299<br />
4050-428 Porto<br />
GPS: 41.159457, -8.625454<br />
<a href="https://www.google.com/maps/place/MUSEU+DA+CIDADE%E2%80%94Casa+Marta+Ortig%C3%A3o+Sampaio/@41.1593654,-8.6277251,17z/data=!3m1!4b1!4m5!3m4!1s0xd2465a8407f48ad:0x570d5413b98c531a!8m2!3d41.1593654!4d-8.6255364" target="_blank" rel="noopener" data-cursor-hover="ready">Localização</a></p>
<h2>AUTOCARRO</h2>
<p>203, 302, 203, 302, 508</p>
<h2>METRO</h2>
<p>Carolina Michaëlis</p>
<h2>ESTACIONAMENTO</h2>
<p>Casa da Música</p>
<h2>JARDINS</h2>
<p><a href="https://museudoporto.pt/en/garden/jardim-e-casa-marta-ortigao-sampaio/" data-cursor-hover="ready">MARTA ORTIGÃO SAMPAIO</a></p>
</div>
</div>
</div>
</div>
