{"id":14256,"date":"2023-07-12T15:11:32","date_gmt":"2023-07-12T14:11:32","guid":{"rendered":"https:\/\/museudoporto.pt\/?post_type=resource&#038;p=14256"},"modified":"2023-08-04T11:11:31","modified_gmt":"2023-08-04T10:11:31","slug":"biblioteca-na-feira-do-livro-espetaculo-para-bebes-monstros-de-companhia-2","status":"publish","type":"resource","link":"https:\/\/museudoporto.pt\/en\/recurso\/biblioteca-na-feira-do-livro-espetaculo-para-bebes-monstros-de-companhia-2\/","title":{"rendered":"BIBLIOTECA NA FEIRA DO LIVRO \u2014 ESPET\u00c1CULO PARA BEB\u00c9S \u00abMONSTROS DE COMPANHIA\u00bb"},"content":{"rendered":"","protected":false},"featured_media":14319,"template":"","resource_category":[20],"class_list":["post-14256","resource","type-resource","status-publish","has-post-thumbnail","hentry","resource_category-atividades"],"acf":{"ambient_sound":false,"breadcrumb":false,"file":false,"content":[{"acf_fc_layout":"event","display_title":"BIBLIOTECA NA FEIRA DO LIVRO \u2014 ESPET\u00c1CULO PARA BEB\u00c9S \u00abMONSTROS DE COMPANHIA\u00bb","subtitle":"<p>Com o Teatro para Beb\u00e9s (Hymnus)<\/p>\n","date":{"show_time":true,"type":"range","date":null,"start_date":"10\/09\/2023 11:30","end_date":"10\/09\/2023 12:30"},"sessions":null,"location":{"type":"other","station":false,"location":"BIBLIOTECA MUNICIPAL ALMEIDA GARRETT \/ SALA UNICER"},"media":{"type":false,"image":{"ID":14320,"id":14320,"title":"4","filename":"4.jpg","filesize":641989,"url":"https:\/\/museudoporto.pt\/wp-content\/uploads\/2023\/07\/4.jpg","link":"https:\/\/museudoporto.pt\/en\/4-6-2\/","alt":"","author":"13","description":"","caption":"","name":"4-6-2","status":"inherit","uploaded_to":0,"date":"2023-07-18 10:24:51","modified":"2023-07-18 10:25:09","menu_order":0,"mime_type":"image\/jpeg","type":"image","subtype":"jpeg","icon":"https:\/\/museudoporto.pt\/wp-includes\/images\/media\/default.png","width":1201,"height":879,"sizes":{"thumbnail":"https:\/\/museudoporto.pt\/wp-content\/uploads\/2023\/07\/4-150x150.jpg","thumbnail-width":150,"thumbnail-height":150,"medium":"https:\/\/museudoporto.pt\/wp-content\/uploads\/2023\/07\/4-300x220.jpg","medium-width":300,"medium-height":220,"medium_large":"https:\/\/museudoporto.pt\/wp-content\/uploads\/2023\/07\/4-768x562.jpg","medium_large-width":640,"medium_large-height":468,"large":"https:\/\/museudoporto.pt\/wp-content\/uploads\/2023\/07\/4-1024x749.jpg","large-width":640,"large-height":468,"ufg_200_200":"https:\/\/museudoporto.pt\/wp-content\/uploads\/2023\/07\/4.jpg","ufg_200_200-width":200,"ufg_200_200-height":146,"ufg_300_300":"https:\/\/museudoporto.pt\/wp-content\/uploads\/2023\/07\/4.jpg","ufg_300_300-width":300,"ufg_300_300-height":220,"ufg_400_400":"https:\/\/museudoporto.pt\/wp-content\/uploads\/2023\/07\/4.jpg","ufg_400_400-width":400,"ufg_400_400-height":293,"1536x1536":"https:\/\/museudoporto.pt\/wp-content\/uploads\/2023\/07\/4.jpg","1536x1536-width":1201,"1536x1536-height":879,"2048x2048":"https:\/\/museudoporto.pt\/wp-content\/uploads\/2023\/07\/4.jpg","2048x2048-width":1201,"2048x2048-height":879}},"gallery":false},"excerpt":"<p>Quando chega a noite, o sol d\u00e1 lugar \u00e0 lua, as luzes jogam com as sombras e as sombras podem fazer-nos medo. Mas ao Tico n\u00e3o! \u00c9 que ele s\u00f3 tem monstros amigos! Vem ouvir connosco os sons que a noite faz e brincar com as sombras. Quem sabe se n\u00e3o encontras tamb\u00e9m o teu monstro de estima\u00e7\u00e3o?<\/p>\n","content":"<p>Quando chega a noite, o sol d\u00e1 lugar \u00e0 lua, as luzes jogam com as sombras e as sombras podem fazer-nos medo. Mas ao Tico n\u00e3o! \u00c9 que ele s\u00f3 tem monstros amigos! Vem ouvir connosco os sons que a noite faz e brincar com as sombras. Quem sabe se n\u00e3o encontras tamb\u00e9m o teu monstro de estima\u00e7\u00e3o?<\/p>\n<p>&nbsp;<\/p>\n<p>No \u00e2mbito da programa\u00e7\u00e3o da\u00a0<a href=\"https:\/\/www.feiradolivro.porto.pt\/\" data-cursor-hover=\"ready\">Feira do Livro do Porto<\/a>.<\/p>\n<h2>DESTINAT\u00c1RIOS<\/h2>\n<p>Atividade dedicada aos mais novos. Para beb\u00e9s dos 18 aos 36 meses.<\/p>\n<h2>INSCRI\u00c7\u00d5ES<\/h2>\n<p>Entrada livre, sujeita \u00e0 lota\u00e7\u00e3o da sala.<\/p>\n<h2>ENDERE\u00c7O<\/h2>\n<p>Jardins do Pal\u00e1cio de Cristal<br \/>\nRua de Dom Manuel II<br \/>\n4050-239 Porto<\/p>\n<h2>AUTOCARRO<\/h2>\n<p>1M, 200, 201, 207, 208, 302, 303, 501, 507, 601, ZM, 12M, 13M<br \/>\nCircular Massarelos \u2013 Carmo<\/p>\n<h2>ESTACIONAMENTO<\/h2>\n<p>Pal\u00e1cio de Cristal<\/p>\n"}],"previous_link":{"label":"","link":""},"next_link":{"label":"","link":""}},"_links":{"self":[{"href":"https:\/\/museudoporto.pt\/en\/wp-json\/wp\/v2\/resource\/14256","targetHints":{"allow":["GET"]}}],"collection":[{"href":"https:\/\/museudoporto.pt\/en\/wp-json\/wp\/v2\/resource"}],"about":[{"href":"https:\/\/museudoporto.pt\/en\/wp-json\/wp\/v2\/types\/resource"}],"wp:featuredmedia":[{"embeddable":true,"href":"https:\/\/museudoporto.pt\/en\/wp-json\/wp\/v2\/media\/14319"}],"wp:attachment":[{"href":"https:\/\/museudoporto.pt\/en\/wp-json\/wp\/v2\/media?parent=14256"}],"wp:term":[{"taxonomy":"resource_category","embeddable":true,"href":"https:\/\/museudoporto.pt\/en\/wp-json\/wp\/v2\/resource_category?post=14256"}],"curies":[{"name":"wp","href":"https:\/\/api.w.org\/{rel}","templated":true}]}}

BIBLIOTECA NA FEIRA DO LIVRO — ESPETÁCULO PARA BEBÉS «MONSTROS DE COMPANHIA»

<p>Com o Teatro para Bebés (Hymnus)</p>

<p>Quando chega a noite, o sol dá lugar à lua, as luzes jogam com as sombras e as sombras podem fazer-nos medo. Mas ao Tico não! É que ele só tem monstros amigos! Vem ouvir connosco os sons que a noite faz e brincar com as sombras. Quem sabe se não encontras também o teu monstro de estimação?</p>

<p>Quando chega a noite, o sol dá lugar à lua, as luzes jogam com as sombras e as sombras podem fazer-nos medo. Mas ao Tico não! É que ele só tem monstros amigos! Vem ouvir connosco os sons que a noite faz e brincar com as sombras. Quem sabe se não encontras também o teu monstro de estimação?</p>
<p>&nbsp;</p>
<p>No âmbito da programação da <a href="https://www.feiradolivro.porto.pt/" data-cursor-hover="ready">Feira do Livro do Porto</a>.</p>
<h2>DESTINATÁRIOS</h2>
<p>Atividade dedicada aos mais novos. Para bebés dos 18 aos 36 meses.</p>
<h2>INSCRIÇÕES</h2>
<p>Entrada livre, sujeita à lotação da sala.</p>
<h2>ENDEREÇO</h2>
<p>Jardins do Palácio de Cristal<br />
Rua de Dom Manuel II<br />
4050-239 Porto</p>
<h2>AUTOCARRO</h2>
<p>1M, 200, 201, 207, 208, 302, 303, 501, 507, 601, ZM, 12M, 13M<br />
Circular Massarelos – Carmo</p>
<h2>ESTACIONAMENTO</h2>
<p>Palácio de Cristal</p>
