{"id":14554,"date":"2023-09-08T16:00:32","date_gmt":"2023-09-08T15:00:32","guid":{"rendered":"https:\/\/museudoporto.pt\/?post_type=resource&#038;p=14554"},"modified":"2023-09-11T10:53:31","modified_gmt":"2023-09-11T09:53:31","slug":"conferencia-true-ferramentas-para-ler-o-mundo-o-jornalismo-escolar-hoje","status":"publish","type":"resource","link":"https:\/\/museudoporto.pt\/en\/recurso\/conferencia-true-ferramentas-para-ler-o-mundo-o-jornalismo-escolar-hoje\/","title":{"rendered":"Confer\u00eancia True \u2014 Ferramentas para ler o mundo. O jornalismo escolar hoje"},"content":{"rendered":"","protected":false},"featured_media":14559,"template":"","resource_category":[20],"class_list":["post-14554","resource","type-resource","status-publish","has-post-thumbnail","hentry","resource_category-atividades"],"acf":{"ambient_sound":false,"breadcrumb":false,"file":false,"content":[{"acf_fc_layout":"event","display_title":"Confer\u00eancia True \u2014 Ferramentas para ler o mundo. O jornalismo escolar hoje","subtitle":"<p>Com Jorge Sobrado, David Pontes, B\u00e1rbara Sim\u00f5es e <span lang=\"pt\">Rui Zink<\/span><\/p>\n","date":{"show_time":true,"type":"range","date":null,"start_date":"14\/09\/2023 14:30","end_date":"14\/09\/2023 17:30"},"sessions":null,"location":{"type":"other","station":false,"location":"BIBLIOTECA MUNICIPAL ALMEIDA GARRETT"},"media":{"type":false,"image":{"ID":14560,"id":14560,"title":"auditorio bmag","filename":"auditorio-bmag.png","filesize":6086383,"url":"https:\/\/museudoporto.pt\/wp-content\/uploads\/2023\/09\/auditorio-bmag.png","link":"https:\/\/museudoporto.pt\/en\/auditorio-bmag-2\/","alt":"","author":"11","description":"","caption":"","name":"auditorio-bmag-2","status":"inherit","uploaded_to":0,"date":"2023-09-11 09:51:05","modified":"2023-09-11 09:51:36","menu_order":0,"mime_type":"image\/png","type":"image","subtype":"png","icon":"https:\/\/museudoporto.pt\/wp-includes\/images\/media\/default.png","width":2717,"height":1795,"sizes":{"thumbnail":"https:\/\/museudoporto.pt\/wp-content\/uploads\/2023\/09\/auditorio-bmag-150x150.png","thumbnail-width":150,"thumbnail-height":150,"medium":"https:\/\/museudoporto.pt\/wp-content\/uploads\/2023\/09\/auditorio-bmag-300x198.png","medium-width":300,"medium-height":198,"medium_large":"https:\/\/museudoporto.pt\/wp-content\/uploads\/2023\/09\/auditorio-bmag-768x507.png","medium_large-width":640,"medium_large-height":423,"large":"https:\/\/museudoporto.pt\/wp-content\/uploads\/2023\/09\/auditorio-bmag-1024x677.png","large-width":640,"large-height":423,"ufg_200_200":"https:\/\/museudoporto.pt\/wp-content\/uploads\/2023\/09\/auditorio-bmag.png","ufg_200_200-width":200,"ufg_200_200-height":132,"ufg_300_300":"https:\/\/museudoporto.pt\/wp-content\/uploads\/2023\/09\/auditorio-bmag.png","ufg_300_300-width":300,"ufg_300_300-height":198,"ufg_400_400":"https:\/\/museudoporto.pt\/wp-content\/uploads\/2023\/09\/auditorio-bmag.png","ufg_400_400-width":400,"ufg_400_400-height":264,"1536x1536":"https:\/\/museudoporto.pt\/wp-content\/uploads\/2023\/09\/auditorio-bmag-1536x1015.png","1536x1536-width":1536,"1536x1536-height":1015,"2048x2048":"https:\/\/museudoporto.pt\/wp-content\/uploads\/2023\/09\/auditorio-bmag-2048x1353.png","2048x2048-width":2048,"2048x2048-height":1353}},"gallery":false},"excerpt":"<p>O ano letivo 2023-24 ficar\u00e1 marcado pela estreia da plataforma de cria\u00e7\u00e3o de jornais escolares digitais\u00a0<span class=\"mark8kdh0puc1\" data-markjs=\"true\" data-ogac=\"\" data-ogab=\"\" data-ogsc=\"\" data-ogsb=\"\">TRUE<\/span>. Alunos e professores passam a ter \u00e0 disposi\u00e7\u00e3o um\u00a0<em>backoffice<\/em>\u00a0gratuito que lhes permitir\u00e1 escrever e publicar not\u00edcias, entrevistas e reportagens; carregar v\u00eddeos; divulgar fotogalerias.<\/p>\n<p>&nbsp;<\/p>\n<p>Na confer\u00eancia de apresenta\u00e7\u00e3o do projeto, debatemos \u00abO jornalismo escolar hoje\u00bb, suas potencialidades e principais desafios. Cruzamos a voz de quem tem uma longa experi\u00eancia de fazer jornais nas escolas com a dos que, n\u00e3o a tendo, querem muito come\u00e7ar.\u00a0Desinforma\u00e7\u00e3o combate-se com informa\u00e7\u00e3o e os jornais escolares desempenham um papel amplamente reconhecido como fulcral.<\/p>\n","content":"<p>O ano letivo 2023-24 ficar\u00e1 marcado pela estreia da plataforma de cria\u00e7\u00e3o de jornais escolares digitais\u00a0<span class=\"mark8kdh0puc1\" data-markjs=\"true\" data-ogac=\"\" data-ogab=\"\" data-ogsc=\"\" data-ogsb=\"\">TRUE<\/span>. Alunos e professores passam a ter \u00e0 disposi\u00e7\u00e3o um\u00a0backoffice\u00a0gratuito que lhes permitir\u00e1 escrever e publicar not\u00edcias, entrevistas e reportagens; carregar v\u00eddeos; divulgar fotogalerias.<\/p>\n<p>&nbsp;<\/p>\n<p>Na confer\u00eancia de apresenta\u00e7\u00e3o do projeto, debatemos \u00abO jornalismo escolar hoje\u00bb, suas potencialidades e principais desafios. Cruzamos a voz de quem tem uma longa experi\u00eancia de fazer jornais nas escolas com a dos que, n\u00e3o a tendo, querem muito come\u00e7ar.\u00a0Desinforma\u00e7\u00e3o combate-se com informa\u00e7\u00e3o e os jornais escolares desempenham um papel amplamente reconhecido como fulcral.<\/p>\n<p>&nbsp;<\/p>\n<p>O projeto\u00a0<span class=\"mark8kdh0puc1\" data-markjs=\"true\" data-ogac=\"\" data-ogab=\"\" data-ogsc=\"\" data-ogsb=\"\">TRUE<\/span>\u00a0\u2212 Trustworthy\u00a0news and Related content for a\u00a0Unified writing Environment\u00a0\u00e9 promovido pelo P\u00daBLICO,\u00a0a empresa de tecnologias\u00a0digitais MOG e a\u00a0Universidade de Aveiro. O acesso faz-se a partir do\u00a0site\u00a0do P\u00daBLICO na Escola.<\/p>\n<p>&nbsp;<\/p>\n<p><span style=\"text-decoration: underline;\"><span lang=\"pt\">ABERTURA<\/span><\/span><\/p>\n<p>Jorge Sobrado (Diretor do Museu e Bibliotecas do Porto)<\/p>\n<p><span lang=\"pt\">David Pontes (<\/span><span lang=\"pt\">Diretor do jornal P\u00fablico)<\/span><\/p>\n<p>&nbsp;<\/p>\n<p><span style=\"text-decoration: underline;\"><span lang=\"pt\">Apresenta\u00e7\u00e3o do\u00a0<span class=\"mark6xyby2ogl\" data-markjs=\"true\" data-ogac=\"\" data-ogab=\"\" data-ogsc=\"\" data-ogsb=\"\">TRUE<\/span><\/span><\/span><\/p>\n<p><span lang=\"pt\">B\u00e1rbara Sim\u00f5es\u00a0 (jornalista e coordenadora do projeto P\u00daBLICO na Escola )<\/span><\/p>\n<p><span lang=\"pt\">\u00a0<\/span><\/p>\n<p><span style=\"text-decoration: underline;\">MESA REDONDA<\/span><\/p>\n<p><span lang=\"pt\">Com a participa\u00e7\u00e3o de professores e alunos dos agrupamentos de escolas Abade de Ba\u00e7al (Bragan\u00e7a), Cerco (Porto) e Diogo de Macedo (Gaia).<\/span><\/p>\n<p><span lang=\"pt\">Modera\u00e7\u00e3o: B\u00e1rbara Sim\u00f5es<\/span><\/p>\n<p>&nbsp;<\/p>\n<p><span lang=\"pt\">\u00a0<\/span><\/p>\n<p><span style=\"text-decoration: underline;\"><span lang=\"pt\">FECHO<\/span><\/span><\/p>\n<p><span lang=\"pt\">Rui Zink, <em>O<\/em><\/span><em><span lang=\"pt\"> jornal escolar como espa\u00e7o\/experi\u00eancia de liberdade<\/span><\/em><\/p>\n<p><span lang=\"pt\">\u00a0<\/span><\/p>\n<p>&nbsp;<\/p>\n<h2>INSCRI\u00c7\u00d5ES<\/h2>\n<p>Entrada livre, sujeita \u00e0 lota\u00e7\u00e3o do espa\u00e7o.<\/p>\n<h2>ENDERE\u00c7O<\/h2>\n<p>Jardins do Pal\u00e1cio de Cristal<br \/>\nRua de Dom Manuel II<br \/>\n4050-239 Porto<\/p>\n<h2>AUTOCARRO<\/h2>\n<p>1M, 200, 201, 207, 208, 302, 303, 501, 507, 601, ZM, 12M, 13M<br \/>\nCircular Massarelos \u2013 Carmo<\/p>\n<h2>ESTACIONAMENTO<\/h2>\n<p>Pal\u00e1cio de Cristal<\/p>\n"}],"previous_link":{"label":"","link":""},"next_link":{"label":"","link":""}},"_links":{"self":[{"href":"https:\/\/museudoporto.pt\/en\/wp-json\/wp\/v2\/resource\/14554","targetHints":{"allow":["GET"]}}],"collection":[{"href":"https:\/\/museudoporto.pt\/en\/wp-json\/wp\/v2\/resource"}],"about":[{"href":"https:\/\/museudoporto.pt\/en\/wp-json\/wp\/v2\/types\/resource"}],"wp:featuredmedia":[{"embeddable":true,"href":"https:\/\/museudoporto.pt\/en\/wp-json\/wp\/v2\/media\/14559"}],"wp:attachment":[{"href":"https:\/\/museudoporto.pt\/en\/wp-json\/wp\/v2\/media?parent=14554"}],"wp:term":[{"taxonomy":"resource_category","embeddable":true,"href":"https:\/\/museudoporto.pt\/en\/wp-json\/wp\/v2\/resource_category?post=14554"}],"curies":[{"name":"wp","href":"https:\/\/api.w.org\/{rel}","templated":true}]}}

Conferência True — Ferramentas para ler o mundo. O jornalismo escolar hoje

<p>Com Jorge Sobrado, David Pontes, Bárbara Simões e <span lang="pt">Rui Zink</span></p>

<p>O ano letivo 2023-24 ficará marcado pela estreia da plataforma de criação de jornais escolares digitais <span class="mark8kdh0puc1" data-markjs="true" data-ogac="" data-ogab="" data-ogsc="" data-ogsb="">TRUE</span>. Alunos e professores passam a ter à disposição um <em>backoffice</em> gratuito que lhes permitirá escrever e publicar notícias, entrevistas e reportagens; carregar vídeos; divulgar fotogalerias.</p>
<p>&nbsp;</p>
<p>Na conferência de apresentação do projeto, debatemos «O jornalismo escolar hoje», suas potencialidades e principais desafios. Cruzamos a voz de quem tem uma longa experiência de fazer jornais nas escolas com a dos que, não a tendo, querem muito começar. Desinformação combate-se com informação e os jornais escolares desempenham um papel amplamente reconhecido como fulcral.</p>

<p>O ano letivo 2023-24 ficará marcado pela estreia da plataforma de criação de jornais escolares digitais <span class="mark8kdh0puc1" data-markjs="true" data-ogac="" data-ogab="" data-ogsc="" data-ogsb="">TRUE</span>. Alunos e professores passam a ter à disposição um backoffice gratuito que lhes permitirá escrever e publicar notícias, entrevistas e reportagens; carregar vídeos; divulgar fotogalerias.</p>
<p>&nbsp;</p>
<p>Na conferência de apresentação do projeto, debatemos «O jornalismo escolar hoje», suas potencialidades e principais desafios. Cruzamos a voz de quem tem uma longa experiência de fazer jornais nas escolas com a dos que, não a tendo, querem muito começar. Desinformação combate-se com informação e os jornais escolares desempenham um papel amplamente reconhecido como fulcral.</p>
<p>&nbsp;</p>
<p>O projeto <span class="mark8kdh0puc1" data-markjs="true" data-ogac="" data-ogab="" data-ogsc="" data-ogsb="">TRUE</span> − Trustworthy news and Related content for a Unified writing Environment é promovido pelo PÚBLICO, a empresa de tecnologias digitais MOG e a Universidade de Aveiro. O acesso faz-se a partir do site do PÚBLICO na Escola.</p>
<p>&nbsp;</p>
<p><span style="text-decoration: underline;"><span lang="pt">ABERTURA</span></span></p>
<p>Jorge Sobrado (Diretor do Museu e Bibliotecas do Porto)</p>
<p><span lang="pt">David Pontes (</span><span lang="pt">Diretor do jornal Público)</span></p>
<p>&nbsp;</p>
<p><span style="text-decoration: underline;"><span lang="pt">Apresentação do <span class="mark6xyby2ogl" data-markjs="true" data-ogac="" data-ogab="" data-ogsc="" data-ogsb="">TRUE</span></span></span></p>
<p><span lang="pt">Bárbara Simões  (jornalista e coordenadora do projeto PÚBLICO na Escola )</span></p>
<p><span lang="pt"> </span></p>
<p><span style="text-decoration: underline;">MESA REDONDA</span></p>
<p><span lang="pt">Com a participação de professores e alunos dos agrupamentos de escolas Abade de Baçal (Bragança), Cerco (Porto) e Diogo de Macedo (Gaia).</span></p>
<p><span lang="pt">Moderação: Bárbara Simões</span></p>
<p>&nbsp;</p>
<p><span lang="pt"> </span></p>
<p><span style="text-decoration: underline;"><span lang="pt">FECHO</span></span></p>
<p><span lang="pt">Rui Zink, <em>O</em></span><em><span lang="pt"> jornal escolar como espaço/experiência de liberdade</span></em></p>
<p><span lang="pt"> </span></p>
<p>&nbsp;</p>
<h2>INSCRIÇÕES</h2>
<p>Entrada livre, sujeita à lotação do espaço.</p>
<h2>ENDEREÇO</h2>
<p>Jardins do Palácio de Cristal<br />
Rua de Dom Manuel II<br />
4050-239 Porto</p>
<h2>AUTOCARRO</h2>
<p>1M, 200, 201, 207, 208, 302, 303, 501, 507, 601, ZM, 12M, 13M<br />
Circular Massarelos – Carmo</p>
<h2>ESTACIONAMENTO</h2>
<p>Palácio de Cristal</p>
