{"id":14708,"date":"2023-09-29T15:20:03","date_gmt":"2023-09-29T14:20:03","guid":{"rendered":"https:\/\/museudoporto.pt\/?post_type=resource&#038;p=14708"},"modified":"2023-10-20T16:07:37","modified_gmt":"2023-10-20T15:07:37","slug":"oficina-liberdade-de-impressao-vem-personalizar-o-teu-ex-libris-em-tetra-pack","status":"publish","type":"resource","link":"https:\/\/museudoporto.pt\/en\/recurso\/oficina-liberdade-de-impressao-vem-personalizar-o-teu-ex-libris-em-tetra-pack\/","title":{"rendered":"OFICINA LIBERDADE DE IMPRESS\u00c3O \u2014 VEM PERSONALIZAR O TEU EX-LIBRIS EM TETRA-PACK"},"content":{"rendered":"","protected":false},"featured_media":14709,"template":"","resource_category":[20,52,62,85,24],"class_list":["post-14708","resource","type-resource","status-publish","has-post-thumbnail","hentry","resource_category-atividades","resource_category-oficina","resource_category-oficinas-para-os-mais-novos","resource_category-para-os-mais-novos","resource_category-plataformas-publicas"],"acf":{"breadcrumb":false,"ambient_sound":false,"file":false,"content":[{"acf_fc_layout":"event","display_title":"OFICINA LIBERDADE DE IMPRESS\u00c3O \u2014 VEM PERSONALIZAR O TEU EX-LIBRIS EM TETRA-PACK","subtitle":"<p>Com Ana Torrie<\/p>\n","date":{"show_time":true,"type":"range","date":null,"start_date":"28\/10\/2023 11:00","end_date":"28\/10\/2023 16:00"},"sessions":null,"location":{"type":"other","station":false,"location":"BIBLIOTECA MUNICIPAL ALMEIDA GARRETT"},"media":{"type":false,"image":{"ID":14710,"id":14710,"title":"28_OUT_Banner_PLASMA_LDI","filename":"28_OUT_Banner_PLASMA_LDI-scaled.jpg","filesize":442348,"url":"https:\/\/museudoporto.pt\/wp-content\/uploads\/2023\/09\/28_OUT_Banner_PLASMA_LDI-scaled.jpg","link":"https:\/\/museudoporto.pt\/en\/28_out_banner_plasma_ldi-2\/","alt":"","author":"7","description":"","caption":"","name":"28_out_banner_plasma_ldi-2","status":"inherit","uploaded_to":0,"date":"2023-09-29 16:52:44","modified":"2023-09-29 16:52:52","menu_order":0,"mime_type":"image\/jpeg","type":"image","subtype":"jpeg","icon":"https:\/\/museudoporto.pt\/wp-includes\/images\/media\/default.png","width":2560,"height":1440,"sizes":{"thumbnail":"https:\/\/museudoporto.pt\/wp-content\/uploads\/2023\/09\/28_OUT_Banner_PLASMA_LDI-150x150.jpg","thumbnail-width":150,"thumbnail-height":150,"medium":"https:\/\/museudoporto.pt\/wp-content\/uploads\/2023\/09\/28_OUT_Banner_PLASMA_LDI-300x169.jpg","medium-width":300,"medium-height":169,"medium_large":"https:\/\/museudoporto.pt\/wp-content\/uploads\/2023\/09\/28_OUT_Banner_PLASMA_LDI-768x432.jpg","medium_large-width":640,"medium_large-height":360,"large":"https:\/\/museudoporto.pt\/wp-content\/uploads\/2023\/09\/28_OUT_Banner_PLASMA_LDI-1024x576.jpg","large-width":640,"large-height":360,"ufg_200_200":"https:\/\/museudoporto.pt\/wp-content\/uploads\/2023\/09\/28_OUT_Banner_PLASMA_LDI-scaled.jpg","ufg_200_200-width":200,"ufg_200_200-height":113,"ufg_300_300":"https:\/\/museudoporto.pt\/wp-content\/uploads\/2023\/09\/28_OUT_Banner_PLASMA_LDI-scaled.jpg","ufg_300_300-width":300,"ufg_300_300-height":169,"ufg_400_400":"https:\/\/museudoporto.pt\/wp-content\/uploads\/2023\/09\/28_OUT_Banner_PLASMA_LDI-scaled.jpg","ufg_400_400-width":400,"ufg_400_400-height":225,"1536x1536":"https:\/\/museudoporto.pt\/wp-content\/uploads\/2023\/09\/28_OUT_Banner_PLASMA_LDI-1536x864.jpg","1536x1536-width":1536,"1536x1536-height":864,"2048x2048":"https:\/\/museudoporto.pt\/wp-content\/uploads\/2023\/09\/28_OUT_Banner_PLASMA_LDI-2048x1152.jpg","2048x2048-width":2048,"2048x2048-height":1152}},"gallery":false},"excerpt":"<p>Nesta oficina as crian\u00e7as s\u00e3o incentivadas a \u201cconstruir\u201d a sua biblioteca pessoal, atrav\u00e9s da cria\u00e7\u00e3o de um ex-l\u00edbris personalizado em tetra-pack.<\/p>\n","content":"<p>Nesta oficina as crian\u00e7as s\u00e3o incentivadas a \u201cconstruir\u201d a sua biblioteca pessoal, atrav\u00e9s da cria\u00e7\u00e3o de um ex-l\u00edbris personalizado em tetra-pack.<\/p>\n<p>Das 11H \u00c0S 12H &#8211; 15H \u00c0S 16H<\/p>\n<p>Para crian\u00e7as dos 6 aos 10 anos.<\/p>\n<p>&nbsp;<\/p>\n<p><strong>Ana Torrie<\/strong> \u00e9 p\u00f3s-graduada em Gravura, mestre em Desenho e T\u00e9cnicas de Impress\u00e3o e licenciada em Escultura na Faculdade de Belas Artes da Universidade do Porto. Publicou o livro \u201cSilvestre\u201d, que foi adquirido para a cole\u00e7\u00e3o de livros de artista da Funda\u00e7\u00e3o Calouste Gulbenkian.<\/p>\n<h2>BILHETES<\/h2>\n<p>A participa\u00e7\u00e3o na atividade \u00e9 gratuita e requer inscri\u00e7\u00e3o pr\u00e9via atrav\u00e9s do\u00a0<a href=\"https:\/\/bmp.cm-porto.pt\/inscricao_liberdadeimpressao\">formul\u00e1rio<\/a>.<\/p>\n<h2>ENDERE\u00c7O<\/h2>\n<p>Jardins do Pal\u00e1cio de Cristal<br \/>\nRua de Dom Manuel II<br \/>\n4050-239 Porto<\/p>\n<h2>AUTOCARRO<\/h2>\n<p>1M, 200, 201, 207, 208, 302, 303, 501, 507, 601, ZM, 12M, 13M<br \/>\nCircular Massarelos \u2013 Carmo<\/p>\n<h2>ESTACIONAMENTO<\/h2>\n<p>Pal\u00e1cio de Cristal<\/p>\n"}],"previous_link":{"label":"","link":""},"next_link":{"label":"","link":""}},"_links":{"self":[{"href":"https:\/\/museudoporto.pt\/en\/wp-json\/wp\/v2\/resource\/14708","targetHints":{"allow":["GET"]}}],"collection":[{"href":"https:\/\/museudoporto.pt\/en\/wp-json\/wp\/v2\/resource"}],"about":[{"href":"https:\/\/museudoporto.pt\/en\/wp-json\/wp\/v2\/types\/resource"}],"wp:featuredmedia":[{"embeddable":true,"href":"https:\/\/museudoporto.pt\/en\/wp-json\/wp\/v2\/media\/14709"}],"wp:attachment":[{"href":"https:\/\/museudoporto.pt\/en\/wp-json\/wp\/v2\/media?parent=14708"}],"wp:term":[{"taxonomy":"resource_category","embeddable":true,"href":"https:\/\/museudoporto.pt\/en\/wp-json\/wp\/v2\/resource_category?post=14708"}],"curies":[{"name":"wp","href":"https:\/\/api.w.org\/{rel}","templated":true}]}}

OFICINA LIBERDADE DE IMPRESSÃO — VEM PERSONALIZAR O TEU EX-LIBRIS EM TETRA-PACK

<p>Nesta oficina as crianças são incentivadas a “construir” a sua biblioteca pessoal, através da criação de um ex-líbris personalizado em tetra-pack.</p>

<p>Nesta oficina as crianças são incentivadas a “construir” a sua biblioteca pessoal, através da criação de um ex-líbris personalizado em tetra-pack.</p>
<p>Das 11H ÀS 12H &#8211; 15H ÀS 16H</p>
<p>Para crianças dos 6 aos 10 anos.</p>
<p>&nbsp;</p>
<p><strong>Ana Torrie</strong> é pós-graduada em Gravura, mestre em Desenho e Técnicas de Impressão e licenciada em Escultura na Faculdade de Belas Artes da Universidade do Porto. Publicou o livro “Silvestre”, que foi adquirido para a coleção de livros de artista da Fundação Calouste Gulbenkian.</p>
<h2>BILHETES</h2>
<p>A participação na atividade é gratuita e requer inscrição prévia através do <a href="https://bmp.cm-porto.pt/inscricao_liberdadeimpressao">formulário</a>.</p>
<h2>ENDEREÇO</h2>
<p>Jardins do Palácio de Cristal<br />
Rua de Dom Manuel II<br />
4050-239 Porto</p>
<h2>AUTOCARRO</h2>
<p>1M, 200, 201, 207, 208, 302, 303, 501, 507, 601, ZM, 12M, 13M<br />
Circular Massarelos – Carmo</p>
<h2>ESTACIONAMENTO</h2>
<p>Palácio de Cristal</p>
