{"id":14811,"date":"2023-10-20T16:29:31","date_gmt":"2023-10-20T15:29:31","guid":{"rendered":"https:\/\/museudoporto.pt\/?post_type=resource&#038;p=14811"},"modified":"2026-04-21T12:05:28","modified_gmt":"2026-04-21T11:05:28","slug":"arqueossitio","status":"publish","type":"resource","link":"https:\/\/museudoporto.pt\/en\/recurso\/arqueossitio\/","title":{"rendered":"ARQUEOSS\u00cdTIO"},"content":{"rendered":"","protected":false},"featured_media":9828,"template":"","resource_category":[20,80,24,22],"class_list":["post-14811","resource","type-resource","status-publish","has-post-thumbnail","hentry","resource_category-atividades","resource_category-longa-duracao","resource_category-plataformas-publicas","resource_category-programas-operativos-2"],"acf":{"ambient_sound":false,"breadcrumb":false,"file":false,"content":[{"acf_fc_layout":"event","display_title":"ARQUEOSS\u00cdTIO","subtitle":"","date":{"show_time":false,"type":"date","date":"09\/12\/2023 16:00","start_date":"09\/12\/2023 16:00","end_date":"31\/12\/2025 17:30"},"sessions":null,"location":{"type":"other","station":false,"location":"ARQUEOSS\u00cdTIO"},"media":{"type":false,"image":{"ID":9829,"id":9829,"title":"Arqueossitio (1)","filename":"Arqueossitio-1-scaled.jpg","filesize":659471,"url":"https:\/\/museudoporto.pt\/wp-content\/uploads\/2022\/06\/Arqueossitio-1-scaled.jpg","link":"https:\/\/museudoporto.pt\/en\/arqueossitio-1-2-2\/","alt":"","author":"7","description":"","caption":"","name":"arqueossitio-1-2-2","status":"inherit","uploaded_to":0,"date":"2022-06-09 11:08:45","modified":"2023-10-20 15:24:04","menu_order":0,"mime_type":"image\/jpeg","type":"image","subtype":"jpeg","icon":"https:\/\/museudoporto.pt\/wp-includes\/images\/media\/default.png","width":2560,"height":1661,"sizes":{"thumbnail":"https:\/\/museudoporto.pt\/wp-content\/uploads\/2022\/06\/Arqueossitio-1-150x150.jpg","thumbnail-width":150,"thumbnail-height":150,"medium":"https:\/\/museudoporto.pt\/wp-content\/uploads\/2022\/06\/Arqueossitio-1-300x195.jpg","medium-width":300,"medium-height":195,"medium_large":"https:\/\/museudoporto.pt\/wp-content\/uploads\/2022\/06\/Arqueossitio-1-768x498.jpg","medium_large-width":640,"medium_large-height":415,"large":"https:\/\/museudoporto.pt\/wp-content\/uploads\/2022\/06\/Arqueossitio-1-1024x664.jpg","large-width":640,"large-height":415,"ufg_200_200":"https:\/\/museudoporto.pt\/wp-content\/uploads\/2022\/06\/Arqueossitio-1-scaled.jpg","ufg_200_200-width":200,"ufg_200_200-height":130,"ufg_300_300":"https:\/\/museudoporto.pt\/wp-content\/uploads\/2022\/06\/Arqueossitio-1-scaled.jpg","ufg_300_300-width":300,"ufg_300_300-height":195,"ufg_400_400":"https:\/\/museudoporto.pt\/wp-content\/uploads\/2022\/06\/Arqueossitio-1-scaled.jpg","ufg_400_400-width":400,"ufg_400_400-height":260,"1536x1536":"https:\/\/museudoporto.pt\/wp-content\/uploads\/2022\/06\/Arqueossitio-1-1536x997.jpg","1536x1536-width":1536,"1536x1536-height":997,"2048x2048":"https:\/\/museudoporto.pt\/wp-content\/uploads\/2022\/06\/Arqueossitio-1-2048x1329.jpg","2048x2048-width":2048,"2048x2048-height":1329}},"gallery":false},"excerpt":"<p>Perto da S\u00e9, no Centro Hist\u00f3rico do Porto, Patrim\u00f3nio Mundial, est\u00e1 conservada a mais longa sequ\u00eancia estratigr\u00e1fica da ocupa\u00e7\u00e3o humana no Porto, vest\u00edgios que testemunham a longa diacronia do aglomerado, com origens no I mil\u00e9nio a.C. Em apenas tr\u00eas metros de profundidade, detetaram-se vinte camadas arqueol\u00f3gicas, integrando ru\u00ednas arquitet\u00f3nicas e esp\u00f3lios dos s\u00e9culos V-IV a.C. at\u00e9 \u00e0 atualidade. O Arqueoss\u00edtio foi reaberto ao p\u00fablico em dezembro de 2023, retomando a visita \u00e0s suas ru\u00ednas hist\u00f3ricas no piso inferior do espa\u00e7o.<\/p>\n","content":"<p>Neste espa\u00e7o que o Museu e Bibliotecas do Porto inauguraram em dezembro de 2023, desvenda-se uma cidade oculta com narrativas singulares do permanente movimento de (re)constru\u00e7\u00e3o, feito no cruzamento dos diferentes tempos da cidade. O Arqueoss\u00edtio da Rua D. Hugo 5 \u00e9 um local surpreendente que revela as diferentes camadas de uma hist\u00f3ria com mais de 2500 anos. Do di\u00e1logo entre a arquitetura e a arqueologia resultou, assim, uma aut\u00eantica janela do tempo, no qual os visitantes podem contemplar a continua (re)constru\u00e7\u00e3o da cidade desde a Idade do Ferro at\u00e9 aos dias de hoje.<br \/>\nNeste local, foram pela primeira vez reconhecidos vest\u00edgios do castro proto-hist\u00f3rico da Penaventosa, que esteve na origem do burgo medieval portuense. Foram identificados vest\u00edgios de uma casa, com a caracter\u00edstica planta circular, datada dos s\u00e9culos II-I a.C. Aqui, \u00e9 tamb\u00e9m vis\u00edvel um tramo da muralha rom\u00e2nica do Porto. A sua integra\u00e7\u00e3o no urbanismo da cidade decorreu no \u00e2mbito das profundas obras em torno da S\u00e9 ocorridas nas d\u00e9cadas de 1940\/50. Nas escava\u00e7\u00f5es arqueol\u00f3gicas constata-se que a muralha subsiste, ainda que de modo oculto, como um elemento estruturante da paisagem. J\u00e1 no s\u00e9culo XIV, o interior do edif\u00edcio era uma viela de liga\u00e7\u00e3o entre a antiga Rua do Redemoinho (hoje D. Hugo) e a cerca rom\u00e2nica. Parte da parede norte, onde s\u00e3o vis\u00edveis uma porta e uma janela com arco em ogiva, era a fachada de uma casa que se desenvolvia para o atual largo. Do lado oposto, descobriram-se os alicerces de uma outra casa constru\u00edda nos s\u00e9culos XII-XIII. Na \u00e1rea central, encontrava-se o piso da viela, primeiro, em terra batida e, posteriormente, lajeada. O edif\u00edcio que chegou aos nossos dias \u00e9 o resultado de uma reforma do s\u00e9culo XIX. Estas obras aproveitaram algumas das paredes das antigas habita\u00e7\u00f5es das \u00e9pocas Medieval e Moderna, transformando a antiga viela num espa\u00e7o de cocheira, com uma \u00e1rea de est\u00e1bulo para os animais e outra para guardar as viaturas.<\/p>\n<p>&nbsp;<\/p>\n<h2>HOR\u00c1RIO<\/h2>\n<p>Ter\u00e7a\u2014Domingo<strong><br \/>\n<\/strong>10H\u201417H30<\/p>\n<p>Encerra \u00e0s segundas e dias feriados.<\/p>\n<h2>ENDERE\u00c7O<\/h2>\n<p>Rua de D. Hugo, 5, 4050-305 Porto<\/p>\n<h2>AUTOCARRO<\/h2>\n<p>202, 207, 303, 400, 500, 900, 901, 904, 905, 906, ZH 22, 9M 11M, 8M, 201<\/p>\n<h2>METRO<\/h2>\n<p>S. Bento<\/p>\n<h2>ESTACIONAMENTO<\/h2>\n<p>Duque de Loul\u00e9, Pra\u00e7a das Cardosas<\/p>\n"}],"previous_link":{"label":"","link":""},"next_link":{"label":"","link":""}},"_links":{"self":[{"href":"https:\/\/museudoporto.pt\/en\/wp-json\/wp\/v2\/resource\/14811","targetHints":{"allow":["GET"]}}],"collection":[{"href":"https:\/\/museudoporto.pt\/en\/wp-json\/wp\/v2\/resource"}],"about":[{"href":"https:\/\/museudoporto.pt\/en\/wp-json\/wp\/v2\/types\/resource"}],"wp:featuredmedia":[{"embeddable":true,"href":"https:\/\/museudoporto.pt\/en\/wp-json\/wp\/v2\/media\/9828"}],"wp:attachment":[{"href":"https:\/\/museudoporto.pt\/en\/wp-json\/wp\/v2\/media?parent=14811"}],"wp:term":[{"taxonomy":"resource_category","embeddable":true,"href":"https:\/\/museudoporto.pt\/en\/wp-json\/wp\/v2\/resource_category?post=14811"}],"curies":[{"name":"wp","href":"https:\/\/api.w.org\/{rel}","templated":true}]}}

ARQUEOSSÍTIO

<p>Perto da Sé, no Centro Histórico do Porto, Património Mundial, está conservada a mais longa sequência estratigráfica da ocupação humana no Porto, vestígios que testemunham a longa diacronia do aglomerado, com origens no I milénio a.C. Em apenas três metros de profundidade, detetaram-se vinte camadas arqueológicas, integrando ruínas arquitetónicas e espólios dos séculos V-IV a.C. até à atualidade. O Arqueossítio foi reaberto ao público em dezembro de 2023, retomando a visita às suas ruínas históricas no piso inferior do espaço.</p>

<p>Neste espaço que o Museu e Bibliotecas do Porto inauguraram em dezembro de 2023, desvenda-se uma cidade oculta com narrativas singulares do permanente movimento de (re)construção, feito no cruzamento dos diferentes tempos da cidade. O Arqueossítio da Rua D. Hugo 5 é um local surpreendente que revela as diferentes camadas de uma história com mais de 2500 anos. Do diálogo entre a arquitetura e a arqueologia resultou, assim, uma autêntica janela do tempo, no qual os visitantes podem contemplar a continua (re)construção da cidade desde a Idade do Ferro até aos dias de hoje.<br />
Neste local, foram pela primeira vez reconhecidos vestígios do castro proto-histórico da Penaventosa, que esteve na origem do burgo medieval portuense. Foram identificados vestígios de uma casa, com a característica planta circular, datada dos séculos II-I a.C. Aqui, é também visível um tramo da muralha românica do Porto. A sua integração no urbanismo da cidade decorreu no âmbito das profundas obras em torno da Sé ocorridas nas décadas de 1940/50. Nas escavações arqueológicas constata-se que a muralha subsiste, ainda que de modo oculto, como um elemento estruturante da paisagem. Já no século XIV, o interior do edifício era uma viela de ligação entre a antiga Rua do Redemoinho (hoje D. Hugo) e a cerca românica. Parte da parede norte, onde são visíveis uma porta e uma janela com arco em ogiva, era a fachada de uma casa que se desenvolvia para o atual largo. Do lado oposto, descobriram-se os alicerces de uma outra casa construída nos séculos XII-XIII. Na área central, encontrava-se o piso da viela, primeiro, em terra batida e, posteriormente, lajeada. O edifício que chegou aos nossos dias é o resultado de uma reforma do século XIX. Estas obras aproveitaram algumas das paredes das antigas habitações das épocas Medieval e Moderna, transformando a antiga viela num espaço de cocheira, com uma área de estábulo para os animais e outra para guardar as viaturas.</p>
<p>&nbsp;</p>
<h2>HORÁRIO</h2>
<p>Terça—Domingo<strong><br />
</strong>10H—17H30</p>
<p>Encerra às segundas e dias feriados.</p>
<h2>ENDEREÇO</h2>
<p>Rua de D. Hugo, 5, 4050-305 Porto</p>
<h2>AUTOCARRO</h2>
<p>202, 207, 303, 400, 500, 900, 901, 904, 905, 906, ZH 22, 9M 11M, 8M, 201</p>
<h2>METRO</h2>
<p>S. Bento</p>
<h2>ESTACIONAMENTO</h2>
<p>Duque de Loulé, Praça das Cardosas</p>
