{"id":14888,"date":"2023-11-21T15:11:03","date_gmt":"2023-11-21T15:11:03","guid":{"rendered":"https:\/\/museudoporto.pt\/?post_type=resource&#038;p=14888"},"modified":"2023-11-24T17:46:10","modified_gmt":"2023-11-24T17:46:10","slug":"visita-guiada-a-urgencia-da-cidade-o-porto-e-100-anos-de-fernando-tavora","status":"publish","type":"resource","link":"https:\/\/museudoporto.pt\/en\/recurso\/visita-guiada-a-urgencia-da-cidade-o-porto-e-100-anos-de-fernando-tavora\/","title":{"rendered":"VISITA GUIADA \u2014 A URG\u00caNCIA DA CIDADE: O PORTO E 100 ANOS DE FERNANDO T\u00c1VORA"},"content":{"rendered":"","protected":false},"featured_media":14889,"template":"","resource_category":[20,86,24,49],"class_list":["post-14888","resource","type-resource","status-publish","has-post-thumbnail","hentry","resource_category-atividades","resource_category-para-adultos","resource_category-plataformas-publicas","resource_category-visitas-orientadas"],"acf":{"ambient_sound":false,"breadcrumb":false,"file":false,"content":[{"acf_fc_layout":"event","display_title":"VISITA GUIADA \u2014 A URG\u00caNCIA DA CIDADE: O PORTO E 100 ANOS DE FERNANDO T\u00c1VORA","subtitle":"<p>Com Jorge Sobrado, Manuel Real e Jo\u00e3o Rapag\u00e3o<\/p>\n","date":{"show_time":true,"type":"range","date":null,"start_date":"25\/11\/2023 16:00","end_date":"25\/11\/2023 17:00"},"sessions":null,"location":{"type":"other","station":false,"location":"ANTIGA CASA DA C\u00c2MARA"},"media":{"type":false,"image":{"ID":14890,"id":14890,"title":"\u201cA Urg\u00eancia da Cidade\u201d","filename":"CMP03092023RUIOLIVEIRA00009-scaled.jpg","filesize":627885,"url":"https:\/\/museudoporto.pt\/wp-content\/uploads\/2023\/11\/CMP03092023RUIOLIVEIRA00009-scaled.jpg","link":"https:\/\/museudoporto.pt\/en\/a-urgencia-da-cidade-2-2\/","alt":"","author":"11","description":"","caption":"Porto, 03\/09\/2023 - \u201cA Urg\u00eancia da Cidade\u201d, exposi\u00e7\u00e3o dedicada a Fernando T\u00e1vora\r(Rui Oliveira\/CMP)","name":"a-urgencia-da-cidade-2-2","status":"inherit","uploaded_to":0,"date":"2023-11-21 15:07:30","modified":"2023-11-21 15:08:37","menu_order":0,"mime_type":"image\/jpeg","type":"image","subtype":"jpeg","icon":"https:\/\/museudoporto.pt\/wp-includes\/images\/media\/default.png","width":2560,"height":1706,"sizes":{"thumbnail":"https:\/\/museudoporto.pt\/wp-content\/uploads\/2023\/11\/CMP03092023RUIOLIVEIRA00009-150x150.jpg","thumbnail-width":150,"thumbnail-height":150,"medium":"https:\/\/museudoporto.pt\/wp-content\/uploads\/2023\/11\/CMP03092023RUIOLIVEIRA00009-300x200.jpg","medium-width":300,"medium-height":200,"medium_large":"https:\/\/museudoporto.pt\/wp-content\/uploads\/2023\/11\/CMP03092023RUIOLIVEIRA00009-768x512.jpg","medium_large-width":640,"medium_large-height":427,"large":"https:\/\/museudoporto.pt\/wp-content\/uploads\/2023\/11\/CMP03092023RUIOLIVEIRA00009-1024x683.jpg","large-width":640,"large-height":427,"ufg_200_200":"https:\/\/museudoporto.pt\/wp-content\/uploads\/2023\/11\/CMP03092023RUIOLIVEIRA00009-scaled.jpg","ufg_200_200-width":200,"ufg_200_200-height":133,"ufg_300_300":"https:\/\/museudoporto.pt\/wp-content\/uploads\/2023\/11\/CMP03092023RUIOLIVEIRA00009-scaled.jpg","ufg_300_300-width":300,"ufg_300_300-height":200,"ufg_400_400":"https:\/\/museudoporto.pt\/wp-content\/uploads\/2023\/11\/CMP03092023RUIOLIVEIRA00009-scaled.jpg","ufg_400_400-width":400,"ufg_400_400-height":267,"1536x1536":"https:\/\/museudoporto.pt\/wp-content\/uploads\/2023\/11\/CMP03092023RUIOLIVEIRA00009-1536x1024.jpg","1536x1536-width":1536,"1536x1536-height":1024,"2048x2048":"https:\/\/museudoporto.pt\/wp-content\/uploads\/2023\/11\/CMP03092023RUIOLIVEIRA00009-2048x1365.jpg","2048x2048-width":2048,"2048x2048-height":1365}},"gallery":false},"excerpt":"<p>O Museu do Porto comemora o centen\u00e1rio do nascimento do arquiteto com a\u00a0<a href=\"https:\/\/museudoporto.pt\/en\/recurso\/a-urgencia-da-cidade-o-porto-e-100-anos-de-fernando-tavora\/\">exposi\u00e7\u00e3o \u00abA Urg\u00eancia da Cidade\u00bb<\/a>, que reabriu a Antiga Casa da C\u00e2mara, e um vasto programa paralelo. Nos \u00faltimos dias de apresenta\u00e7\u00e3o da exposi\u00e7\u00e3o, est\u00e3o agendadas duas visitas guiadas de participa\u00e7\u00e3o gratuita.<\/p>\n","content":"<p>O Museu do Porto comemora o centen\u00e1rio do nascimento do arquiteto com a\u00a0<a href=\"https:\/\/museudoporto.pt\/en\/recurso\/a-urgencia-da-cidade-o-porto-e-100-anos-de-fernando-tavora\/\">exposi\u00e7\u00e3o <em>A Urg\u00eancia da Cidade<\/em><\/a>, que reabriu a Antiga Casa da C\u00e2mara, e um vasto programa paralelo. Nos \u00faltimos dias de apresenta\u00e7\u00e3o da exposi\u00e7\u00e3o, est\u00e3o agendadas duas visitas guiadas de participa\u00e7\u00e3o gratuita.<\/p>\n<p>Para s\u00e1bado, 25 de novembro \u00e0s 16h, est\u00e1 marcada uma visita guiada com a participa\u00e7\u00e3o de Jorge Sobrado, Diretor do Museu e Bibliotecas do Porto e coordenador da exposi\u00e7\u00e3o, de Manuel Real, consultor cient\u00edfico da iniciativa, e do arquiteto e professor que colaborou no desenho museogr\u00e1fico, Jo\u00e3o Rapag\u00e3o. No dia seguinte, domingo \u00e0s 11h, a exposi\u00e7\u00e3o ser\u00e1 apresentada por Jo\u00e3o Covita, Diretor Executivo do Museu do Porto, Manuel Real e Jo\u00e3o Rapag\u00e3o. A entrada \u00e9 livre, mas sujeita a <a href=\"https:\/\/questionarios.cm-porto.pt\/index.php\/726621?lang=pt\">inscri\u00e7\u00e3o pr\u00e9via<\/a>.<\/p>\n<p>&nbsp;<\/p>\n<p><strong>S\u00c1B 25 NOV, 16H<\/strong><\/p>\n<p>Com Jorge Sobrado, Manuel Real e Jo\u00e3o Rapag\u00e3o<\/p>\n<p>&nbsp;<\/p>\n<p><strong>DOM 26 NOV, 11H<\/strong><\/p>\n<p>Com Jo\u00e3o Covita, Manuel Real e Jo\u00e3o Rapag\u00e3o<\/p>\n<p>&nbsp;<\/p>\n<h2>INSCRI\u00c7\u00c3O<\/h2>\n<p>Inscri\u00e7\u00f5es encerradas.<\/p>\n<h2>Endere\u00e7o<\/h2>\n<p>Rua de S\u00e3o Sebasti\u00e3o, s\/n 4000-013 Porto<br \/>\nGPS: 41.143039, -8.611626<\/p>\n<h2>Autocarro<\/h2>\n<p>30, 500, 600<br \/>\nComboio: S\u00e3o Bento &#8211; L. Braga, L. Guimar\u00e3es, L. Marco<\/p>\n<h2>Metro<\/h2>\n<p>S\u00e3o Bento<\/p>\n<h2>Estacionamento<\/h2>\n<p>Pra\u00e7a de Lisboa; Pal\u00e1cio da Justi\u00e7a; Ribeira, Cardosas<\/p>\n"}],"previous_link":{"label":"","link":""},"next_link":{"label":"","link":""}},"_links":{"self":[{"href":"https:\/\/museudoporto.pt\/en\/wp-json\/wp\/v2\/resource\/14888","targetHints":{"allow":["GET"]}}],"collection":[{"href":"https:\/\/museudoporto.pt\/en\/wp-json\/wp\/v2\/resource"}],"about":[{"href":"https:\/\/museudoporto.pt\/en\/wp-json\/wp\/v2\/types\/resource"}],"wp:featuredmedia":[{"embeddable":true,"href":"https:\/\/museudoporto.pt\/en\/wp-json\/wp\/v2\/media\/14889"}],"wp:attachment":[{"href":"https:\/\/museudoporto.pt\/en\/wp-json\/wp\/v2\/media?parent=14888"}],"wp:term":[{"taxonomy":"resource_category","embeddable":true,"href":"https:\/\/museudoporto.pt\/en\/wp-json\/wp\/v2\/resource_category?post=14888"}],"curies":[{"name":"wp","href":"https:\/\/api.w.org\/{rel}","templated":true}]}}

VISITA GUIADA — A URGÊNCIA DA CIDADE: O PORTO E 100 ANOS DE FERNANDO TÁVORA

<p>Com Jorge Sobrado, Manuel Real e João Rapagão</p>

ANTIGA CASA DA CÂMARA

“A Urgência da Cidade”

Porto, 03/09/2023 - “A Urgência da Cidade”, exposição dedicada a Fernando Távora(Rui Oliveira/CMP)

<p>O Museu do Porto comemora o centenário do nascimento do arquiteto com a <a href="https://museudoporto.pt/en/recurso/a-urgencia-da-cidade-o-porto-e-100-anos-de-fernando-tavora/">exposição «A Urgência da Cidade»</a>, que reabriu a Antiga Casa da Câmara, e um vasto programa paralelo. Nos últimos dias de apresentação da exposição, estão agendadas duas visitas guiadas de participação gratuita.</p>

<p>O Museu do Porto comemora o centenário do nascimento do arquiteto com a <a href="https://museudoporto.pt/en/recurso/a-urgencia-da-cidade-o-porto-e-100-anos-de-fernando-tavora/">exposição <em>A Urgência da Cidade</em></a>, que reabriu a Antiga Casa da Câmara, e um vasto programa paralelo. Nos últimos dias de apresentação da exposição, estão agendadas duas visitas guiadas de participação gratuita.</p>
<p>Para sábado, 25 de novembro às 16h, está marcada uma visita guiada com a participação de Jorge Sobrado, Diretor do Museu e Bibliotecas do Porto e coordenador da exposição, de Manuel Real, consultor científico da iniciativa, e do arquiteto e professor que colaborou no desenho museográfico, João Rapagão. No dia seguinte, domingo às 11h, a exposição será apresentada por João Covita, Diretor Executivo do Museu do Porto, Manuel Real e João Rapagão. A entrada é livre, mas sujeita a <a href="https://questionarios.cm-porto.pt/index.php/726621?lang=pt">inscrição prévia</a>.</p>
<p>&nbsp;</p>
<p><strong>SÁB 25 NOV, 16H</strong></p>
<p>Com Jorge Sobrado, Manuel Real e João Rapagão</p>
<p>&nbsp;</p>
<p><strong>DOM 26 NOV, 11H</strong></p>
<p>Com João Covita, Manuel Real e João Rapagão</p>
<p>&nbsp;</p>
<h2>INSCRIÇÃO</h2>
<p>Inscrições encerradas.</p>
<h2>Endereço</h2>
<p>Rua de São Sebastião, s/n 4000-013 Porto<br />
GPS: 41.143039, -8.611626</p>
<h2>Autocarro</h2>
<p>30, 500, 600<br />
Comboio: São Bento &#8211; L. Braga, L. Guimarães, L. Marco</p>
<h2>Metro</h2>
<p>São Bento</p>
<h2>Estacionamento</h2>
<p>Praça de Lisboa; Palácio da Justiça; Ribeira, Cardosas</p>
