{"id":15074,"date":"2023-12-19T17:15:27","date_gmt":"2023-12-19T17:15:27","guid":{"rendered":"https:\/\/museudoporto.pt\/?post_type=resource&#038;p=15074"},"modified":"2024-01-08T10:15:18","modified_gmt":"2024-01-08T10:15:18","slug":"deriva-25-capelas-desaparecidas-do-porto-2","status":"publish","type":"resource","link":"https:\/\/museudoporto.pt\/en\/recurso\/deriva-25-capelas-desaparecidas-do-porto-2\/","title":{"rendered":"DERIVA #25 \u2014 CAPELAS DESAPARECIDAS DO PORTO"},"content":{"rendered":"","protected":false},"featured_media":15115,"template":"","resource_category":[20,65,27,22],"class_list":["post-15074","resource","type-resource","status-publish","has-post-thumbnail","hentry","resource_category-atividades","resource_category-caminhos-atividade","resource_category-deriva","resource_category-programas-operativos-2"],"acf":{"ambient_sound":false,"breadcrumb":false,"file":false,"content":[{"acf_fc_layout":"event","display_title":"DERIVA #25 \u2014 CAPELAS DESAPARECIDAS DO PORTO","subtitle":"<p>Com Manuel Ara\u00fajo<\/p>\n","date":{"show_time":true,"type":"range","date":null,"start_date":"13\/01\/2024 14:30","end_date":"13\/01\/2024 16:30"},"sessions":null,"location":{"type":"other","station":false,"location":"LARGO S. DOMINGOS"},"media":{"type":false,"image":{"ID":15116,"id":15116,"title":"Capelas desaparecidas do Porto","filename":"Capelas-desaparecidas-do-Porto.jpg","filesize":97095,"url":"https:\/\/museudoporto.pt\/wp-content\/uploads\/2023\/12\/Capelas-desaparecidas-do-Porto.jpg","link":"https:\/\/museudoporto.pt\/en\/capelas-desaparecidas-do-porto-2\/","alt":"","author":"11","description":"","caption":"","name":"capelas-desaparecidas-do-porto-2","status":"inherit","uploaded_to":0,"date":"2023-12-27 14:42:55","modified":"2023-12-27 14:44:40","menu_order":0,"mime_type":"image\/jpeg","type":"image","subtype":"jpeg","icon":"https:\/\/museudoporto.pt\/wp-includes\/images\/media\/default.png","width":744,"height":623,"sizes":{"thumbnail":"https:\/\/museudoporto.pt\/wp-content\/uploads\/2023\/12\/Capelas-desaparecidas-do-Porto-150x150.jpg","thumbnail-width":150,"thumbnail-height":150,"medium":"https:\/\/museudoporto.pt\/wp-content\/uploads\/2023\/12\/Capelas-desaparecidas-do-Porto-300x251.jpg","medium-width":300,"medium-height":251,"medium_large":"https:\/\/museudoporto.pt\/wp-content\/uploads\/2023\/12\/Capelas-desaparecidas-do-Porto.jpg","medium_large-width":640,"medium_large-height":536,"large":"https:\/\/museudoporto.pt\/wp-content\/uploads\/2023\/12\/Capelas-desaparecidas-do-Porto.jpg","large-width":640,"large-height":536,"ufg_200_200":"https:\/\/museudoporto.pt\/wp-content\/uploads\/2023\/12\/Capelas-desaparecidas-do-Porto.jpg","ufg_200_200-width":200,"ufg_200_200-height":167,"ufg_300_300":"https:\/\/museudoporto.pt\/wp-content\/uploads\/2023\/12\/Capelas-desaparecidas-do-Porto.jpg","ufg_300_300-width":300,"ufg_300_300-height":251,"ufg_400_400":"https:\/\/museudoporto.pt\/wp-content\/uploads\/2023\/12\/Capelas-desaparecidas-do-Porto.jpg","ufg_400_400-width":400,"ufg_400_400-height":335,"1536x1536":"https:\/\/museudoporto.pt\/wp-content\/uploads\/2023\/12\/Capelas-desaparecidas-do-Porto.jpg","1536x1536-width":744,"1536x1536-height":623,"2048x2048":"https:\/\/museudoporto.pt\/wp-content\/uploads\/2023\/12\/Capelas-desaparecidas-do-Porto.jpg","2048x2048-width":744,"2048x2048-height":623}},"gallery":false},"excerpt":"<p>\u00c9 feito um percurso pela cidade de oitocentos, per\u00edodo de grandes transforma\u00e7\u00f5es pol\u00edticas e urban\u00edsticas, \u00e0 procura destes locais de culto que hoje j\u00e1 n\u00e3o fazem parte da paisagem.<\/p>\n","content":"<p>\u00c9 feito um percurso pela cidade de oitocentos, per\u00edodo de grandes transforma\u00e7\u00f5es pol\u00edticas e urban\u00edsticas, \u00e0 procura destes locais de culto que hoje j\u00e1 n\u00e3o fazem parte da paisagem.<\/p>\n<p>&nbsp;<\/p>\n<p><strong>Ponto de encontro<\/strong>\u00a0Largo S. Domingos<\/p>\n<p>&nbsp;<\/p>\n<p>Aconselhamos o uso de cal\u00e7ado confort\u00e1vel e agasalho ou imperme\u00e1vel. Atividade n\u00e3o coberta por seguro de acidentes pessoais.<\/p>\n<p>&nbsp;<\/p>\n<h2>INSCRI\u00c7\u00d5ES<\/h2>\n<p>Inscri\u00e7\u00f5es encerradas.<\/p>\n"}],"previous_link":{"label":"DERIVA #25 \u2014 CAPELAS DESAPARECIDAS DO PORTO","link":"https:\/\/museudoporto.pt\/en\/recurso\/deriva-25-capelas-desaparecidas-do-porto\/"},"next_link":{"label":"","link":""}},"_links":{"self":[{"href":"https:\/\/museudoporto.pt\/en\/wp-json\/wp\/v2\/resource\/15074","targetHints":{"allow":["GET"]}}],"collection":[{"href":"https:\/\/museudoporto.pt\/en\/wp-json\/wp\/v2\/resource"}],"about":[{"href":"https:\/\/museudoporto.pt\/en\/wp-json\/wp\/v2\/types\/resource"}],"wp:featuredmedia":[{"embeddable":true,"href":"https:\/\/museudoporto.pt\/en\/wp-json\/wp\/v2\/media\/15115"}],"wp:attachment":[{"href":"https:\/\/museudoporto.pt\/en\/wp-json\/wp\/v2\/media?parent=15074"}],"wp:term":[{"taxonomy":"resource_category","embeddable":true,"href":"https:\/\/museudoporto.pt\/en\/wp-json\/wp\/v2\/resource_category?post=15074"}],"curies":[{"name":"wp","href":"https:\/\/api.w.org\/{rel}","templated":true}]}}

<p>Com Manuel Araújo</p>

<p>É feito um percurso pela cidade de oitocentos, período de grandes transformações políticas e urbanísticas, à procura destes locais de culto que hoje já não fazem parte da paisagem.</p>

<p>É feito um percurso pela cidade de oitocentos, período de grandes transformações políticas e urbanísticas, à procura destes locais de culto que hoje já não fazem parte da paisagem.</p>
<p>&nbsp;</p>
<p><strong>Ponto de encontro</strong> Largo S. Domingos</p>
<p>&nbsp;</p>
<p>Aconselhamos o uso de calçado confortável e agasalho ou impermeável. Atividade não coberta por seguro de acidentes pessoais.</p>
<p>&nbsp;</p>
<h2>INSCRIÇÕES</h2>
<p>Inscrições encerradas.</p>
