{"id":15206,"date":"2024-01-22T18:10:23","date_gmt":"2024-01-22T18:10:23","guid":{"rendered":"https:\/\/museudoporto.pt\/?post_type=resource&#038;p=15206"},"modified":"2024-01-22T18:10:23","modified_gmt":"2024-01-22T18:10:23","slug":"corpo-de-intervencao-coro-intergeracional-e-multicultural-da-palavra-dita-2","status":"publish","type":"resource","link":"https:\/\/museudoporto.pt\/en\/recurso\/corpo-de-intervencao-coro-intergeracional-e-multicultural-da-palavra-dita-2\/","title":{"rendered":"COR(P)O DE INTERVEN\u00c7\u00c3O \u2014 CORO INTERGERACIONAL E MULTICULTURAL DA PALAVRA DITA"},"content":{"rendered":"","protected":false},"featured_media":15204,"template":"","resource_category":[20],"class_list":["post-15206","resource","type-resource","status-publish","has-post-thumbnail","hentry","resource_category-atividades"],"acf":{"breadcrumb":false,"ambient_sound":false,"file":false,"content":[{"acf_fc_layout":"event","display_title":"COR(P)O DE INTERVEN\u00c7\u00c3O \u2014 CORO INTERGERACIONAL E MULTICULTURAL DA PALAVRA DITA","subtitle":"<p>Com o Bairro dos Livros<\/p>\n","date":{"show_time":true,"type":"range","date":null,"start_date":"09\/02\/2024 15:00","end_date":"09\/02\/2024 18:00"},"sessions":null,"location":{"type":"other","station":false,"location":"BIBLIOTECA MUNICIPAL ALMEIDA GARRETT \/ SALA UNICER"},"media":{"type":false,"image":{"ID":15205,"id":15205,"title":"reabertura da Biblioteca Popular de Pedro Ivo","filename":"corpo-de-intervencao-scaled.jpg","filesize":426464,"url":"https:\/\/museudoporto.pt\/wp-content\/uploads\/2024\/01\/corpo-de-intervencao-scaled.jpg","link":"https:\/\/museudoporto.pt\/en\/reabertura-da-biblioteca-popular-de-pedro-ivo-4-2\/","alt":"","author":"7","description":"","caption":"Porto, 01\/06\/2023 - reabertura da Biblioteca Popular de Pedro Ivo\r(Rui Oliveira\/CMP)","name":"reabertura-da-biblioteca-popular-de-pedro-ivo-4-2","status":"inherit","uploaded_to":0,"date":"2024-01-22 18:05:02","modified":"2024-01-22 18:06:11","menu_order":0,"mime_type":"image\/jpeg","type":"image","subtype":"jpeg","icon":"https:\/\/museudoporto.pt\/wp-includes\/images\/media\/default.png","width":2560,"height":1706,"sizes":{"thumbnail":"https:\/\/museudoporto.pt\/wp-content\/uploads\/2024\/01\/corpo-de-intervencao-150x150.jpg","thumbnail-width":150,"thumbnail-height":150,"medium":"https:\/\/museudoporto.pt\/wp-content\/uploads\/2024\/01\/corpo-de-intervencao-300x200.jpg","medium-width":300,"medium-height":200,"medium_large":"https:\/\/museudoporto.pt\/wp-content\/uploads\/2024\/01\/corpo-de-intervencao-768x512.jpg","medium_large-width":640,"medium_large-height":427,"large":"https:\/\/museudoporto.pt\/wp-content\/uploads\/2024\/01\/corpo-de-intervencao-1024x683.jpg","large-width":640,"large-height":427,"ufg_200_200":"https:\/\/museudoporto.pt\/wp-content\/uploads\/2024\/01\/corpo-de-intervencao-scaled.jpg","ufg_200_200-width":200,"ufg_200_200-height":133,"ufg_300_300":"https:\/\/museudoporto.pt\/wp-content\/uploads\/2024\/01\/corpo-de-intervencao-scaled.jpg","ufg_300_300-width":300,"ufg_300_300-height":200,"ufg_400_400":"https:\/\/museudoporto.pt\/wp-content\/uploads\/2024\/01\/corpo-de-intervencao-scaled.jpg","ufg_400_400-width":400,"ufg_400_400-height":267,"1536x1536":"https:\/\/museudoporto.pt\/wp-content\/uploads\/2024\/01\/corpo-de-intervencao-1536x1024.jpg","1536x1536-width":1536,"1536x1536-height":1024,"2048x2048":"https:\/\/museudoporto.pt\/wp-content\/uploads\/2024\/01\/corpo-de-intervencao-2048x1365.jpg","2048x2048-width":2048,"2048x2048-height":1365}},"gallery":false},"excerpt":"<p>As inscri\u00e7\u00f5es ainda est\u00e3o abertas para participar no Cor(p)o Intergeracional e Multicultural da Palavra Dita. At\u00e9 meados de mar\u00e7o, com o Bairro dos Livros, reescrevemos o Cancioneiro do Porto. O projeto vencedor do concurso de ideias para a Biblioteca Popular de Pedro Ivo, e promovido pelos Museus e Bibliotecas do Porto, \u00e9 dirigido aos v\u00e1rios p\u00fablicos adultos nacionais e estrangeiros que se cruzam no territ\u00f3rio geogr\u00e1fico da Biblioteca Popular, proporcionando um espa\u00e7o de di\u00e1logo que versar\u00e1 sobre os temas atuais que desafiam estas comunidades.<br \/>\nUm conjunto de 60 cidad\u00e3os dar\u00e1 corpo a um coletivo plural de interven\u00e7\u00e3o po\u00e9tica, atualizando o Cancioneiro do Porto. O projeto conta com as participa\u00e7\u00f5es do rapper MAZE (Dealema), do poeta e diseur Renato Filipe Cardoso, da escritora e bibliotec\u00e1ria Raquel Patriarca e do investigador e<br \/>\nlivreiro Paulo Br\u00e1s.<br \/>\nNo processo de produ\u00e7\u00e3o desta pe\u00e7a art\u00edstica ser\u00e3o articuladas diferentes \u00e1reas disciplinares, desde a tradi\u00e7\u00e3o oral, o teatro, o som, usando a Literatura e o pensamento cr\u00edtico como ferramenta aglutinadora. No final, haver\u00e1 um espet\u00e1culo coletivo que ocupar\u00e1 o Coreto da Pra\u00e7a Marqu\u00eas de Pombal.<\/p>\n<p>&nbsp;<\/p>\n","content":"<p>As inscri\u00e7\u00f5es ainda est\u00e3o abertas para participar no Cor(p)o Intergeracional e Multicultural da Palavra Dita. At\u00e9 meados de mar\u00e7o, com o Bairro dos Livros, reescrevemos o Cancioneiro do Porto. O projeto vencedor do concurso de ideias para a Biblioteca Popular de Pedro Ivo, e promovido pelos Museus e Bibliotecas do Porto, \u00e9 dirigido aos v\u00e1rios p\u00fablicos adultos nacionais e estrangeiros que se cruzam no territ\u00f3rio geogr\u00e1fico da Biblioteca Popular, proporcionando um espa\u00e7o de di\u00e1logo que versar\u00e1 sobre os temas atuais que desafiam estas comunidades.<br \/>\nUm conjunto de 60 cidad\u00e3os dar\u00e1 corpo a um coletivo plural de interven\u00e7\u00e3o po\u00e9tica, atualizando o Cancioneiro do Porto. O projeto conta com as participa\u00e7\u00f5es do rapper MAZE (Dealema), do poeta e diseur Renato Filipe Cardoso, da escritora e bibliotec\u00e1ria Raquel Patriarca e do investigador e<br \/>\nlivreiro Paulo Br\u00e1s.<br \/>\nNo processo de produ\u00e7\u00e3o desta pe\u00e7a art\u00edstica ser\u00e3o articuladas diferentes \u00e1reas disciplinares, desde a tradi\u00e7\u00e3o oral, o teatro, o som, usando a Literatura e o pensamento cr\u00edtico como ferramenta aglutinadora. No final, haver\u00e1 um espet\u00e1culo coletivo que ocupar\u00e1 o Coreto da Pra\u00e7a Marqu\u00eas de Pombal.<\/p>\n<p>&nbsp;<\/p>\n<h2>INSCRI\u00c7\u00d5ES<\/h2>\n<p>Atrav\u00e9s do preenchimento do formul\u00e1rio.<\/p>\n<h2>ENDERE\u00c7O<\/h2>\n<p><strong>Palacete dos Viscondes de Balsem\u00e3o<\/strong><br \/>\nPra\u00e7a de Carlos Alberto 71, 4050-157 Porto<br \/>\nGPS: 41.148946, -8.615291<br \/>\n<a href=\"https:\/\/www.google.com\/maps\/place\/Banco+de+Materiais\/@41.1490054,-8.6176654,17z\/data=!3m1!4b1!4m5!3m4!1s0xd2464fd4d348d21:0x54131be739d73b3e!8m2!3d41.1490054!4d-8.6154767\" target=\"_blank\" rel=\"noopener\" data-cursor-hover=\"ready\">Localiza\u00e7\u00e3o<\/a><\/p>\n<h2>AUTOCARRO<\/h2>\n<p>22, 304, 305, 507, 601, 602<\/p>\n<h2>METRO<\/h2>\n<p>Trindade<\/p>\n<h2>ESTACIONAMENTO<\/h2>\n<p>Carlos Alberto, Le\u00f5es;<br \/>\nPra\u00e7a de Lisboa<\/p>\n"}],"previous_link":{"label":"","link":""},"next_link":{"label":"","link":""}},"_links":{"self":[{"href":"https:\/\/museudoporto.pt\/en\/wp-json\/wp\/v2\/resource\/15206","targetHints":{"allow":["GET"]}}],"collection":[{"href":"https:\/\/museudoporto.pt\/en\/wp-json\/wp\/v2\/resource"}],"about":[{"href":"https:\/\/museudoporto.pt\/en\/wp-json\/wp\/v2\/types\/resource"}],"wp:featuredmedia":[{"embeddable":true,"href":"https:\/\/museudoporto.pt\/en\/wp-json\/wp\/v2\/media\/15204"}],"wp:attachment":[{"href":"https:\/\/museudoporto.pt\/en\/wp-json\/wp\/v2\/media?parent=15206"}],"wp:term":[{"taxonomy":"resource_category","embeddable":true,"href":"https:\/\/museudoporto.pt\/en\/wp-json\/wp\/v2\/resource_category?post=15206"}],"curies":[{"name":"wp","href":"https:\/\/api.w.org\/{rel}","templated":true}]}}

COR(P)O DE INTERVENÇÃO — CORO INTERGERACIONAL E MULTICULTURAL DA PALAVRA DITA

<p>As inscrições ainda estão abertas para participar no Cor(p)o Intergeracional e Multicultural da Palavra Dita. Até meados de março, com o Bairro dos Livros, reescrevemos o Cancioneiro do Porto. O projeto vencedor do concurso de ideias para a Biblioteca Popular de Pedro Ivo, e promovido pelos Museus e Bibliotecas do Porto, é dirigido aos vários públicos adultos nacionais e estrangeiros que se cruzam no território geográfico da Biblioteca Popular, proporcionando um espaço de diálogo que versará sobre os temas atuais que desafiam estas comunidades.<br />
Um conjunto de 60 cidadãos dará corpo a um coletivo plural de intervenção poética, atualizando o Cancioneiro do Porto. O projeto conta com as participações do rapper MAZE (Dealema), do poeta e diseur Renato Filipe Cardoso, da escritora e bibliotecária Raquel Patriarca e do investigador e<br />
livreiro Paulo Brás.<br />
No processo de produção desta peça artística serão articuladas diferentes áreas disciplinares, desde a tradição oral, o teatro, o som, usando a Literatura e o pensamento crítico como ferramenta aglutinadora. No final, haverá um espetáculo coletivo que ocupará o Coreto da Praça Marquês de Pombal.</p>
<p>&nbsp;</p>

<p>As inscrições ainda estão abertas para participar no Cor(p)o Intergeracional e Multicultural da Palavra Dita. Até meados de março, com o Bairro dos Livros, reescrevemos o Cancioneiro do Porto. O projeto vencedor do concurso de ideias para a Biblioteca Popular de Pedro Ivo, e promovido pelos Museus e Bibliotecas do Porto, é dirigido aos vários públicos adultos nacionais e estrangeiros que se cruzam no território geográfico da Biblioteca Popular, proporcionando um espaço de diálogo que versará sobre os temas atuais que desafiam estas comunidades.<br />
Um conjunto de 60 cidadãos dará corpo a um coletivo plural de intervenção poética, atualizando o Cancioneiro do Porto. O projeto conta com as participações do rapper MAZE (Dealema), do poeta e diseur Renato Filipe Cardoso, da escritora e bibliotecária Raquel Patriarca e do investigador e<br />
livreiro Paulo Brás.<br />
No processo de produção desta peça artística serão articuladas diferentes áreas disciplinares, desde a tradição oral, o teatro, o som, usando a Literatura e o pensamento crítico como ferramenta aglutinadora. No final, haverá um espetáculo coletivo que ocupará o Coreto da Praça Marquês de Pombal.</p>
<p>&nbsp;</p>
<h2>INSCRIÇÕES</h2>
<p>Através do preenchimento do formulário.</p>
<h2>ENDEREÇO</h2>
<p><strong>Palacete dos Viscondes de Balsemão</strong><br />
Praça de Carlos Alberto 71, 4050-157 Porto<br />
GPS: 41.148946, -8.615291<br />
<a href="https://www.google.com/maps/place/Banco+de+Materiais/@41.1490054,-8.6176654,17z/data=!3m1!4b1!4m5!3m4!1s0xd2464fd4d348d21:0x54131be739d73b3e!8m2!3d41.1490054!4d-8.6154767" target="_blank" rel="noopener" data-cursor-hover="ready">Localização</a></p>
<h2>AUTOCARRO</h2>
<p>22, 304, 305, 507, 601, 602</p>
<h2>METRO</h2>
<p>Trindade</p>
<h2>ESTACIONAMENTO</h2>
<p>Carlos Alberto, Leões;<br />
Praça de Lisboa</p>
