{"id":15369,"date":"2024-01-26T12:23:58","date_gmt":"2024-01-26T12:23:58","guid":{"rendered":"https:\/\/museudoporto.pt\/?post_type=resource&#038;p=15369"},"modified":"2024-01-30T10:45:49","modified_gmt":"2024-01-30T10:45:49","slug":"visita-as-12h30-porto-uma-cidade-em-transformacao","status":"publish","type":"resource","link":"https:\/\/museudoporto.pt\/en\/recurso\/visita-as-12h30-porto-uma-cidade-em-transformacao\/","title":{"rendered":"VISITA \u00c0S 12H30 \u2014 PORTO, UMA CIDADE EM TRANSFORMA\u00c7\u00c3O"},"content":{"rendered":"","protected":false},"featured_media":15370,"template":"","resource_category":[20,49,59],"class_list":["post-15369","resource","type-resource","status-publish","has-post-thumbnail","hentry","resource_category-atividades","resource_category-visitas-orientadas","resource_category-visitas-focadas"],"acf":{"ambient_sound":false,"breadcrumb":false,"file":false,"content":[{"acf_fc_layout":"event","display_title":"VISITA \u00c0S 12H30 \u2014 PORTO, UMA CIDADE EM TRANSFORMA\u00c7\u00c3O","subtitle":"<p>Com Manuel Ara\u00fajo<\/p>\n","date":{"show_time":true,"type":"range","date":null,"start_date":"06\/02\/2024 12:30","end_date":"06\/02\/2024 13:00"},"sessions":null,"location":{"type":"other","station":false,"location":"CASA DO INFANTE"},"media":{"type":false,"image":{"ID":15371,"id":15371,"title":"visita_12h30","filename":"visita_12h30.jpg","filesize":1558353,"url":"https:\/\/museudoporto.pt\/wp-content\/uploads\/2024\/01\/visita_12h30.jpg","link":"https:\/\/museudoporto.pt\/en\/visita_12h30-2-2\/","alt":"","author":"11","description":"","caption":"","name":"visita_12h30-2-2","status":"inherit","uploaded_to":0,"date":"2024-01-26 12:21:24","modified":"2024-01-26 12:21:29","menu_order":0,"mime_type":"image\/jpeg","type":"image","subtype":"jpeg","icon":"https:\/\/museudoporto.pt\/wp-includes\/images\/media\/default.png","width":1772,"height":1036,"sizes":{"thumbnail":"https:\/\/museudoporto.pt\/wp-content\/uploads\/2024\/01\/visita_12h30-150x150.jpg","thumbnail-width":150,"thumbnail-height":150,"medium":"https:\/\/museudoporto.pt\/wp-content\/uploads\/2024\/01\/visita_12h30-300x175.jpg","medium-width":300,"medium-height":175,"medium_large":"https:\/\/museudoporto.pt\/wp-content\/uploads\/2024\/01\/visita_12h30-768x449.jpg","medium_large-width":640,"medium_large-height":374,"large":"https:\/\/museudoporto.pt\/wp-content\/uploads\/2024\/01\/visita_12h30-1024x599.jpg","large-width":640,"large-height":374,"ufg_200_200":"https:\/\/museudoporto.pt\/wp-content\/uploads\/2024\/01\/visita_12h30.jpg","ufg_200_200-width":200,"ufg_200_200-height":117,"ufg_300_300":"https:\/\/museudoporto.pt\/wp-content\/uploads\/2024\/01\/visita_12h30.jpg","ufg_300_300-width":300,"ufg_300_300-height":175,"ufg_400_400":"https:\/\/museudoporto.pt\/wp-content\/uploads\/2024\/01\/visita_12h30.jpg","ufg_400_400-width":400,"ufg_400_400-height":234,"1536x1536":"https:\/\/museudoporto.pt\/wp-content\/uploads\/2024\/01\/visita_12h30-1536x898.jpg","1536x1536-width":1536,"1536x1536-height":898,"2048x2048":"https:\/\/museudoporto.pt\/wp-content\/uploads\/2024\/01\/visita_12h30.jpg","2048x2048-width":1772,"2048x2048-height":1036}},"gallery":false},"excerpt":"<p>Nesta visita vamos ter a oportunidade de explorar, com algum detalhe, uma fotografia panor\u00e2mica do Porto, dos finais do s\u00e9culo XIX. Observamos uma cidade em transforma\u00e7\u00e3o ainda com alguns elementos que j\u00e1 desapareceram da paisagem.<\/p>\n","content":"<p>Nesta visita vamos ter a oportunidade de explorar, com algum detalhe, uma fotografia panor\u00e2mica do Porto, dos finais do s\u00e9culo XIX. Observamos uma cidade em transforma\u00e7\u00e3o ainda com alguns elementos que j\u00e1 desapareceram da paisagem.<\/p>\n<p>&nbsp;<\/p>\n<p>As<strong> Visitas \u00e0s 12H30 <\/strong>s\u00e3o orientadas pelos monitores do Museu do Porto e incidem, de uma forma especial, num tema, numa tipologia de objetos, numa t\u00e9cnica, convidando a conhecer em profundidade um pequeno n\u00famero de objetos de um dos espa\u00e7os.<\/p>\n<p>&nbsp;<\/p>\n<h2>INSCRI\u00c7\u00d5ES<\/h2>\n<p>A participa\u00e7\u00e3o na atividade \u00e9 gratuita e requer inscri\u00e7\u00e3o pr\u00e9via atrav\u00e9s do\u00a0<a href=\"https:\/\/questionarios.cm-porto.pt\/index.php\/969346?lang=pt\">formul\u00e1rio<\/a>. Limite de 20 participantes.<\/p>\n<p>+ info <a href=\"mailto:educativo.museudoporto@cm-porto.pt\">educativo.museudoporto@cm-porto.pt<\/a>. ou <span data-contrast=\"auto\">(+351) 226<\/span><span data-contrast=\"auto\">\u202f<\/span><span data-contrast=\"auto\">057<\/span><span data-contrast=\"auto\">000.<\/span><\/p>\n<div class=\"row cabinet-block\">\n<div class=\"mdc-post\">\n<div class=\"row\">\n<div class=\"col-xs-8 col-md-5 col-md-offset-1 col-xl-4 block-text block-text--marg\">\n<div class=\"row cabinet-block\">\n<div class=\"mdc-post\">\n<div class=\"row\">\n<div class=\"col-xs-8 col-md-5 col-md-offset-1 col-xl-4 block-text block-text--marg\">\n<div class=\"row cabinet-block\">\n<div class=\"mdc-post\">\n<div class=\"row\">\n<div class=\"col-xs-8 col-md-5 col-md-offset-1 col-xl-4 block-text block-text--marg\">\n<h2>ENDERE\u00c7O<\/h2>\n<p>Rua da Alf\u00e2ndega, 10<br \/>\n4050-029 Porto<br \/>\n<span data-ccp-props=\"{\"><a href=\"https:\/\/www.google.com\/maps\/dir\/\/casa+do+infante\/data=!4m6!4m5!1m1!4e2!1m2!1m1!1s0xd2464e048a7dd5f:0xa4c812eb37711092?sa=X&amp;ved=2ahUKEwjXsruLjbDuAhXEZxUIHSP1APAQ9RcwFHoECCYQBA\" target=\"_blank\" rel=\"noopener\" data-cursor-hover=\"ready\">Dire\u00e7\u00f5es<\/a><\/span><\/p>\n<h2>AUTOCARRO<\/h2>\n<p>500, 900, 901, 906, ZM, ZR, 1<\/p>\n<h2>METRO<\/h2>\n<p>S. Bento<\/p>\n<h2>ESTACIONAMENTO<\/h2>\n<p>Pra\u00e7a do Infante D. Henrique<\/p>\n<\/div>\n<\/div>\n<\/div>\n<\/div>\n<\/div>\n<\/div>\n<\/div>\n<\/div>\n<\/div>\n<\/div>\n<\/div>\n<\/div>\n"}],"previous_link":{"label":"","link":""},"next_link":{"label":"","link":""}},"_links":{"self":[{"href":"https:\/\/museudoporto.pt\/en\/wp-json\/wp\/v2\/resource\/15369","targetHints":{"allow":["GET"]}}],"collection":[{"href":"https:\/\/museudoporto.pt\/en\/wp-json\/wp\/v2\/resource"}],"about":[{"href":"https:\/\/museudoporto.pt\/en\/wp-json\/wp\/v2\/types\/resource"}],"wp:featuredmedia":[{"embeddable":true,"href":"https:\/\/museudoporto.pt\/en\/wp-json\/wp\/v2\/media\/15370"}],"wp:attachment":[{"href":"https:\/\/museudoporto.pt\/en\/wp-json\/wp\/v2\/media?parent=15369"}],"wp:term":[{"taxonomy":"resource_category","embeddable":true,"href":"https:\/\/museudoporto.pt\/en\/wp-json\/wp\/v2\/resource_category?post=15369"}],"curies":[{"name":"wp","href":"https:\/\/api.w.org\/{rel}","templated":true}]}}

VISITA ÀS 12H30 — PORTO, UMA CIDADE EM TRANSFORMAÇÃO

<p>Com Manuel Araújo</p>

<p>Nesta visita vamos ter a oportunidade de explorar, com algum detalhe, uma fotografia panorâmica do Porto, dos finais do século XIX. Observamos uma cidade em transformação ainda com alguns elementos que já desapareceram da paisagem.</p>

<p>Nesta visita vamos ter a oportunidade de explorar, com algum detalhe, uma fotografia panorâmica do Porto, dos finais do século XIX. Observamos uma cidade em transformação ainda com alguns elementos que já desapareceram da paisagem.</p>
<p>&nbsp;</p>
<p>As<strong> Visitas às 12H30 </strong>são orientadas pelos monitores do Museu do Porto e incidem, de uma forma especial, num tema, numa tipologia de objetos, numa técnica, convidando a conhecer em profundidade um pequeno número de objetos de um dos espaços.</p>
<p>&nbsp;</p>
<h2>INSCRIÇÕES</h2>
<p>A participação na atividade é gratuita e requer inscrição prévia através do <a href="https://questionarios.cm-porto.pt/index.php/969346?lang=pt">formulário</a>. Limite de 20 participantes.</p>
<p>+ info <a href="mailto:educativo.museudoporto@cm-porto.pt">educativo.museudoporto@cm-porto.pt</a>. ou <span data-contrast="auto">(+351) 226</span><span data-contrast="auto"> </span><span data-contrast="auto">057</span><span data-contrast="auto">000.</span></p>
<div class="row cabinet-block">
<div class="mdc-post">
<div class="row">
<div class="col-xs-8 col-md-5 col-md-offset-1 col-xl-4 block-text block-text--marg">
<div class="row cabinet-block">
<div class="mdc-post">
<div class="row">
<div class="col-xs-8 col-md-5 col-md-offset-1 col-xl-4 block-text block-text--marg">
<div class="row cabinet-block">
<div class="mdc-post">
<div class="row">
<div class="col-xs-8 col-md-5 col-md-offset-1 col-xl-4 block-text block-text--marg">
<h2>ENDEREÇO</h2>
<p>Rua da Alfândega, 10<br />
4050-029 Porto<br />
<span data-ccp-props="{"><a href="https://www.google.com/maps/dir//casa+do+infante/data=!4m6!4m5!1m1!4e2!1m2!1m1!1s0xd2464e048a7dd5f:0xa4c812eb37711092?sa=X&amp;ved=2ahUKEwjXsruLjbDuAhXEZxUIHSP1APAQ9RcwFHoECCYQBA" target="_blank" rel="noopener" data-cursor-hover="ready">Direções</a></span></p>
<h2>AUTOCARRO</h2>
<p>500, 900, 901, 906, ZM, ZR, 1</p>
<h2>METRO</h2>
<p>S. Bento</p>
<h2>ESTACIONAMENTO</h2>
<p>Praça do Infante D. Henrique</p>
</div>
</div>
</div>
</div>
</div>
</div>
</div>
</div>
</div>
</div>
</div>
</div>
