{"id":15571,"date":"2024-02-29T17:33:27","date_gmt":"2024-02-29T17:33:27","guid":{"rendered":"https:\/\/museudoporto.pt\/?post_type=resource&#038;p=15571"},"modified":"2024-04-04T15:51:08","modified_gmt":"2024-04-04T14:51:08","slug":"dina-e-django-de-solveig-nordlund","status":"publish","type":"resource","link":"https:\/\/museudoporto.pt\/en\/recurso\/dina-e-django-de-solveig-nordlund\/","title":{"rendered":"\u00abDINA E DJANGO\u00bb, de Solveig Nordlund"},"content":{"rendered":"","protected":false},"featured_media":15647,"template":"","resource_category":[20,24],"class_list":["post-15571","resource","type-resource","status-publish","has-post-thumbnail","hentry","resource_category-atividades","resource_category-plataformas-publicas"],"acf":{"ambient_sound":false,"breadcrumb":false,"file":false,"content":[{"acf_fc_layout":"event","display_title":"\u00abDINA E DJANGO\u00bb, de Solveig Nordlund","subtitle":"<p><span class=\"TextRun SCXW64902568 BCX0\" lang=\"PT-PT\" xml:lang=\"PT-PT\" data-contrast=\"auto\"><span class=\"NormalTextRun SCXW64902568 BCX0\">Com Rui Cardoso Martins<\/span><\/span><\/p>\n","date":{"show_time":true,"type":"range","date":null,"start_date":"23\/04\/2024 21:30","end_date":"23\/04\/2024 23:30"},"sessions":null,"location":{"type":"other","station":false,"location":"BIBLIOTECA MUNICIPAL ALMEIDA GARRETT"},"media":{"type":false,"image":{"ID":15648,"id":15648,"title":"still-dinaedjango","filename":"still-dinaedjango.jpg","filesize":142344,"url":"https:\/\/museudoporto.pt\/wp-content\/uploads\/2024\/02\/still-dinaedjango.jpg","link":"https:\/\/museudoporto.pt\/en\/still-dinaedjango-2\/","alt":"","author":"11","description":"","caption":"","name":"still-dinaedjango-2","status":"inherit","uploaded_to":0,"date":"2024-03-15 15:06:02","modified":"2024-03-15 15:06:06","menu_order":0,"mime_type":"image\/jpeg","type":"image","subtype":"jpeg","icon":"https:\/\/museudoporto.pt\/wp-includes\/images\/media\/default.png","width":1486,"height":1080,"sizes":{"thumbnail":"https:\/\/museudoporto.pt\/wp-content\/uploads\/2024\/02\/still-dinaedjango-150x150.jpg","thumbnail-width":150,"thumbnail-height":150,"medium":"https:\/\/museudoporto.pt\/wp-content\/uploads\/2024\/02\/still-dinaedjango-300x218.jpg","medium-width":300,"medium-height":218,"medium_large":"https:\/\/museudoporto.pt\/wp-content\/uploads\/2024\/02\/still-dinaedjango-768x558.jpg","medium_large-width":640,"medium_large-height":465,"large":"https:\/\/museudoporto.pt\/wp-content\/uploads\/2024\/02\/still-dinaedjango-1024x744.jpg","large-width":640,"large-height":465,"ufg_200_200":"https:\/\/museudoporto.pt\/wp-content\/uploads\/2024\/02\/still-dinaedjango.jpg","ufg_200_200-width":200,"ufg_200_200-height":145,"ufg_300_300":"https:\/\/museudoporto.pt\/wp-content\/uploads\/2024\/02\/still-dinaedjango.jpg","ufg_300_300-width":300,"ufg_300_300-height":218,"ufg_400_400":"https:\/\/museudoporto.pt\/wp-content\/uploads\/2024\/02\/still-dinaedjango.jpg","ufg_400_400-width":400,"ufg_400_400-height":291,"1536x1536":"https:\/\/museudoporto.pt\/wp-content\/uploads\/2024\/02\/still-dinaedjango.jpg","1536x1536-width":1486,"1536x1536-height":1080,"2048x2048":"https:\/\/museudoporto.pt\/wp-content\/uploads\/2024\/02\/still-dinaedjango.jpg","2048x2048-width":1486,"2048x2048-height":1080}},"gallery":false},"excerpt":"<p><span class=\"TextRun SCXW220734418 BCX0\" lang=\"PT-PT\" xml:lang=\"PT-PT\" data-contrast=\"auto\"><span class=\"NormalTextRun SCXW220734418 BCX0\">\u00ab<\/span><span class=\"NormalTextRun SCXW220734418 BCX0\">Se h\u00e1 filmes em que a Revolu\u00e7\u00e3o de 1974 \u00e9 um eco em pano de fundo, este \u00e9 certamente o mais literal desses exemplos. Na vers\u00e3o remontada por Solveig <\/span><span class=\"NormalTextRun SpellingErrorV2Themed SCXW220734418 BCX0\">Nordlund<\/span><span class=\"NormalTextRun SCXW220734418 BCX0\"> em 1998 essa dimens\u00e3o \u2013 a terceira do filme, para recorrermos a um termo ent\u00e3o empregue pela realizadora \u2013 \u00e9 sublinhada com a utiliza\u00e7\u00e3o de imagens documentais do 25 de Abril, intercaladas com a hist\u00f3ria de Dina e de <\/span><span class=\"NormalTextRun SpellingErrorV2Themed SCXW220734418 BCX0\">Django<\/span><span class=\"NormalTextRun SCXW220734418 BCX0\">, a partir de determinado momento do filme, logo depois de a patroa dar a not\u00edcia do golpe de Estado \u00e0 Sra. Ana, abra\u00e7ando-a efusivamente. Na vers\u00e3o publicamente conhecida at\u00e9 1999, a presen\u00e7a dos acontecimentos da Revolu\u00e7\u00e3o, a decorrer a par da fic\u00e7\u00e3o, era dada exclusivamente atrav\u00e9s de elementos sonoros em <\/span><\/span><span class=\"TextRun SCXW220734418 BCX0\" lang=\"PT-PT\" xml:lang=\"PT-PT\" data-contrast=\"auto\"><span class=\"NormalTextRun SpellingErrorV2Themed SCXW220734418 BCX0\">off<\/span><\/span><span class=\"TextRun SCXW220734418 BCX0\" lang=\"PT-PT\" xml:lang=\"PT-PT\" data-contrast=\"auto\"><span class=\"NormalTextRun SCXW220734418 BCX0\">. Agora, n\u00e3o que o sentido do filme se adense ou adquira <\/span><span class=\"NormalTextRun SCXW220734418 BCX0\">outra espessura, mas atrav\u00e9s da montagem paralela sublinha-se esta <\/span><span class=\"NormalTextRun SpellingErrorV2Themed SCXW220734418 BCX0\">perspetiva<\/span><span class=\"NormalTextRun SCXW220734418 BCX0\">, acentuando-se, tamb\u00e9m, a solid\u00e3o destes her\u00f3is dominados pelas frases dos livros de cordel, sem causa que n\u00e3o a sua, capazes de imunidade em rela\u00e7\u00e3o ao exterior mesmo tratando-se de um momento de <\/span><span class=\"NormalTextRun SpellingErrorV2Themed SCXW220734418 BCX0\">exce\u00e7\u00e3o<\/span><span class=\"NormalTextRun SCXW220734418 BCX0\">.\u00bb (Excerto inicial da nota de apresenta\u00e7\u00e3o de Maria Jo\u00e3o Madeira, Cinemateca Portuguesa)<\/span><\/span><span class=\"EOP SCXW220734418 BCX0\" data-ccp-props=\"{&quot;201341983&quot;:0,&quot;335551550&quot;:6,&quot;335551620&quot;:6,&quot;335559740&quot;:360}\">\u00a0<\/span><\/p>\n","content":"<p><span class=\"TextRun SCXW220734418 BCX0\" lang=\"PT-PT\" xml:lang=\"PT-PT\" data-contrast=\"auto\"><span class=\"NormalTextRun SCXW220734418 BCX0\">\u00ab<\/span><span class=\"NormalTextRun SCXW220734418 BCX0\">Se h\u00e1 filmes em que a Revolu\u00e7\u00e3o de 1974 \u00e9 um eco em pano de fundo, este \u00e9 certamente o mais literal desses exemplos. Na vers\u00e3o remontada por Solveig <\/span><span class=\"NormalTextRun SpellingErrorV2Themed SCXW220734418 BCX0\">Nordlund<\/span><span class=\"NormalTextRun SCXW220734418 BCX0\"> em 1998 essa dimens\u00e3o \u2013 a terceira do filme, para recorrermos a um termo ent\u00e3o empregue pela realizadora \u2013 \u00e9 sublinhada com a utiliza\u00e7\u00e3o de imagens documentais do 25 de Abril, intercaladas com a hist\u00f3ria de Dina e de <\/span><span class=\"NormalTextRun SpellingErrorV2Themed SCXW220734418 BCX0\">Django<\/span><span class=\"NormalTextRun SCXW220734418 BCX0\">, a partir de determinado momento do filme, logo depois de a patroa dar a not\u00edcia do golpe de Estado \u00e0 Sra. Ana, abra\u00e7ando-a efusivamente. Na vers\u00e3o publicamente conhecida at\u00e9 1999, a presen\u00e7a dos acontecimentos da Revolu\u00e7\u00e3o, a decorrer a par da fic\u00e7\u00e3o, era dada exclusivamente atrav\u00e9s de elementos sonoros em <\/span><\/span><span class=\"TextRun SCXW220734418 BCX0\" lang=\"PT-PT\" xml:lang=\"PT-PT\" data-contrast=\"auto\"><span class=\"NormalTextRun SpellingErrorV2Themed SCXW220734418 BCX0\">off<\/span><\/span><span class=\"TextRun SCXW220734418 BCX0\" lang=\"PT-PT\" xml:lang=\"PT-PT\" data-contrast=\"auto\"><span class=\"NormalTextRun SCXW220734418 BCX0\">. Agora, n\u00e3o que o sentido do filme se adense ou adquira <\/span><span class=\"NormalTextRun SCXW220734418 BCX0\">outra espessura, mas atrav\u00e9s da montagem paralela sublinha-se esta <\/span><span class=\"NormalTextRun SpellingErrorV2Themed SCXW220734418 BCX0\">perspetiva<\/span><span class=\"NormalTextRun SCXW220734418 BCX0\">, acentuando-se, tamb\u00e9m, a solid\u00e3o destes her\u00f3is dominados pelas frases dos livros de cordel, sem causa que n\u00e3o a sua, capazes de imunidade em rela\u00e7\u00e3o ao exterior mesmo tratando-se de um momento de <\/span><span class=\"NormalTextRun SpellingErrorV2Themed SCXW220734418 BCX0\">exce\u00e7\u00e3o<\/span><span class=\"NormalTextRun SCXW220734418 BCX0\">.\u00bb (Excerto inicial da nota de apresenta\u00e7\u00e3o de Maria Jo\u00e3o Madeira, Cinemateca Portuguesa)<\/span><\/span><span class=\"EOP SCXW220734418 BCX0\" data-ccp-props=\"{&quot;201341983&quot;:0,&quot;335551550&quot;:6,&quot;335551620&quot;:6,&quot;335559740&quot;:360}\">\u00a0<\/span><\/p>\n<p>&nbsp;<\/p>\n<p>Ano: <span class=\"TextRun SCXW55343457 BCX0\" lang=\"PT-PT\" xml:lang=\"PT-PT\" data-contrast=\"auto\"><span class=\"NormalTextRun SCXW55343457 BCX0\">1981<\/span><\/span><br \/>\n<span class=\"TextRun SCXW55343457 BCX0\" lang=\"PT-PT\" xml:lang=\"PT-PT\" data-contrast=\"auto\"><span class=\"NormalTextRun SCXW55343457 BCX0\">Dura\u00e7\u00e3o: 73&#8242;<\/span><\/span><\/p>\n<p>&nbsp;<\/p>\n<p><span data-contrast=\"auto\"><strong>Solveig Nordlund<\/strong> nasceu em Estocolmo, Su\u00e9cia, em 1943, tendo vivido e trabalhado inicialmente em Fran\u00e7a e posteriormente em Portugal, com Alberto Seixas Santos, com quem casou. Come\u00e7ou a sua carreira como montadora de Manoel de Oliveira, Alberto Seixas Santos e Jo\u00e3o C\u00e9sar Monteiro. Com o Grupo Zero e o teatro da Cornuc\u00f3pia, e com o apoio da RTP, realiza quatro filmes a partir das encena\u00e7\u00f5es de pe\u00e7as teatrais. \u00abDina e Django\u00bb (1981) \u00e9 a sua primeira longa-metragem. Dos filmes que se seguiram, podemos destacar \u00abAparelho Voador a Baixa Altitude\u00bb (2001) ou \u00abA Morte de Carlos Gardel\u00bb (2011), ou o document\u00e1rio com Lobo Antunes, \u00abEscrever, escrever, viver\u00bb (2009), a entrevista aos escritores J. G. Ballard, \u00abThe Futur is Now\u00bb (1998) e Marguerite Duras, com o mesmo nome (1993). Como produtora, para al\u00e9m de o Grupo Zero, fez parte de Torromfilm (Su\u00e9cia), Cine-qua-non e \u00c2mbar Filmes.<\/span><span data-ccp-props=\"{&quot;201341983&quot;:0,&quot;335551550&quot;:6,&quot;335551620&quot;:6,&quot;335559740&quot;:360}\">\u00a0<\/span><\/p>\n<p><span data-ccp-props=\"{&quot;201341983&quot;:0,&quot;335551550&quot;:6,&quot;335551620&quot;:6,&quot;335559740&quot;:360}\">\u00a0<\/span><\/p>\n<p><b><span data-contrast=\"auto\">Rui Cardoso Martins <\/span><\/b>\u00e9 e<span data-contrast=\"auto\">scritor, argumentista e professor universit\u00e1rio. Duas vezes Grande Pr\u00e9mio da APE em romance (<\/span><i><span data-contrast=\"auto\">Deixem Passar o Homem Invis\u00edvel<\/span><\/i><span data-contrast=\"auto\">, 2009) e cr\u00f3nica (<\/span><i><span data-contrast=\"auto\">Levante-se o R\u00e9u<\/span><\/i><span data-contrast=\"auto\">, 2016). Nomeado para o Le\u00e3o de Ouro do Festival de Veneza com o filme \u00abA Herdade\u00bb, de Tiago Guedes, tendo trabalhado em \u00abMal Viver\/Viver Mal\u00bb, de Jo\u00e3o Canijo, Urso de Prata de Berlim. Co-autor das s\u00e9ries \u00abSul\u00bb, \u00abCausa Pr\u00f3pria\u00bb e \u00abMatilha\u00bb. Escreveu a pe\u00e7a <\/span><i><span data-contrast=\"auto\">\u00daltima Hora<\/span><\/i><span data-contrast=\"auto\">.<\/span><span data-ccp-props=\"{&quot;201341983&quot;:0,&quot;335551550&quot;:6,&quot;335551620&quot;:6,&quot;335559740&quot;:360}\">\u00a0<\/span><\/p>\n<p>&nbsp;<\/p>\n<p>&nbsp;<\/p>\n<h2>BILHETES<\/h2>\n<p>Entrada gratuita sujeita \u00e0 lota\u00e7\u00e3o do espa\u00e7o.<br \/>\nBilhetes dispon\u00edveis nos balc\u00f5es do Museu e Bibliotecas do Porto, 48h antes da sess\u00e3o. Limitado a 2 bilhetes\/pessoa.<\/p>\n<h2>ENDERE\u00c7O<\/h2>\n<p>Jardins do Pal\u00e1cio de Cristal<br \/>\nRua de Dom Manuel II<br \/>\n4050-239 Porto<\/p>\n<h2>AUTOCARRO<\/h2>\n<p>1M, 200, 201, 207, 208, 302, 303, 501, 507, 601, ZM, 12M, 13M<br \/>\nCircular Massarelos \u2013 Carmo<\/p>\n<h2>ESTACIONAMENTO<\/h2>\n<p>Pal\u00e1cio de Cristal<\/p>\n"}],"previous_link":{"label":"BRANDOS COSTUMES de Alberto Seixas Santos","link":"https:\/\/museudoporto.pt\/en\/recurso\/brandos-costumes-de-alberto-seixas-santos\/"},"next_link":{"label":"\u00abVIDEOGRAMME EINER REVOLUTION\u00bb (VIDEOGRAMAS DE UMA REVOLU\u00c7\u00c3O), DE H. FAROCKI E A. UJIKA","link":"https:\/\/museudoporto.pt\/en\/recurso\/videogramme-einer-revolution-videogramas-de-uma-revolucao-de-h-farocki-e-a-ujika\/"}},"_links":{"self":[{"href":"https:\/\/museudoporto.pt\/en\/wp-json\/wp\/v2\/resource\/15571","targetHints":{"allow":["GET"]}}],"collection":[{"href":"https:\/\/museudoporto.pt\/en\/wp-json\/wp\/v2\/resource"}],"about":[{"href":"https:\/\/museudoporto.pt\/en\/wp-json\/wp\/v2\/types\/resource"}],"wp:featuredmedia":[{"embeddable":true,"href":"https:\/\/museudoporto.pt\/en\/wp-json\/wp\/v2\/media\/15647"}],"wp:attachment":[{"href":"https:\/\/museudoporto.pt\/en\/wp-json\/wp\/v2\/media?parent=15571"}],"wp:term":[{"taxonomy":"resource_category","embeddable":true,"href":"https:\/\/museudoporto.pt\/en\/wp-json\/wp\/v2\/resource_category?post=15571"}],"curies":[{"name":"wp","href":"https:\/\/api.w.org\/{rel}","templated":true}]}}

<p><span class="TextRun SCXW220734418 BCX0" lang="PT-PT" xml:lang="PT-PT" data-contrast="auto"><span class="NormalTextRun SCXW220734418 BCX0">«</span><span class="NormalTextRun SCXW220734418 BCX0">Se há filmes em que a Revolução de 1974 é um eco em pano de fundo, este é certamente o mais literal desses exemplos. Na versão remontada por Solveig </span><span class="NormalTextRun SpellingErrorV2Themed SCXW220734418 BCX0">Nordlund</span><span class="NormalTextRun SCXW220734418 BCX0"> em 1998 essa dimensão – a terceira do filme, para recorrermos a um termo então empregue pela realizadora – é sublinhada com a utilização de imagens documentais do 25 de Abril, intercaladas com a história de Dina e de </span><span class="NormalTextRun SpellingErrorV2Themed SCXW220734418 BCX0">Django</span><span class="NormalTextRun SCXW220734418 BCX0">, a partir de determinado momento do filme, logo depois de a patroa dar a notícia do golpe de Estado à Sra. Ana, abraçando-a efusivamente. Na versão publicamente conhecida até 1999, a presença dos acontecimentos da Revolução, a decorrer a par da ficção, era dada exclusivamente através de elementos sonoros em </span></span><span class="TextRun SCXW220734418 BCX0" lang="PT-PT" xml:lang="PT-PT" data-contrast="auto"><span class="NormalTextRun SpellingErrorV2Themed SCXW220734418 BCX0">off</span></span><span class="TextRun SCXW220734418 BCX0" lang="PT-PT" xml:lang="PT-PT" data-contrast="auto"><span class="NormalTextRun SCXW220734418 BCX0">. Agora, não que o sentido do filme se adense ou adquira </span><span class="NormalTextRun SCXW220734418 BCX0">outra espessura, mas através da montagem paralela sublinha-se esta </span><span class="NormalTextRun SpellingErrorV2Themed SCXW220734418 BCX0">perspetiva</span><span class="NormalTextRun SCXW220734418 BCX0">, acentuando-se, também, a solidão destes heróis dominados pelas frases dos livros de cordel, sem causa que não a sua, capazes de imunidade em relação ao exterior mesmo tratando-se de um momento de </span><span class="NormalTextRun SpellingErrorV2Themed SCXW220734418 BCX0">exceção</span><span class="NormalTextRun SCXW220734418 BCX0">.» (Excerto inicial da nota de apresentação de Maria João Madeira, Cinemateca Portuguesa)</span></span><span class="EOP SCXW220734418 BCX0" data-ccp-props="{&quot;201341983&quot;:0,&quot;335551550&quot;:6,&quot;335551620&quot;:6,&quot;335559740&quot;:360}"> </span></p>

<p><span class="TextRun SCXW220734418 BCX0" lang="PT-PT" xml:lang="PT-PT" data-contrast="auto"><span class="NormalTextRun SCXW220734418 BCX0">«</span><span class="NormalTextRun SCXW220734418 BCX0">Se há filmes em que a Revolução de 1974 é um eco em pano de fundo, este é certamente o mais literal desses exemplos. Na versão remontada por Solveig </span><span class="NormalTextRun SpellingErrorV2Themed SCXW220734418 BCX0">Nordlund</span><span class="NormalTextRun SCXW220734418 BCX0"> em 1998 essa dimensão – a terceira do filme, para recorrermos a um termo então empregue pela realizadora – é sublinhada com a utilização de imagens documentais do 25 de Abril, intercaladas com a história de Dina e de </span><span class="NormalTextRun SpellingErrorV2Themed SCXW220734418 BCX0">Django</span><span class="NormalTextRun SCXW220734418 BCX0">, a partir de determinado momento do filme, logo depois de a patroa dar a notícia do golpe de Estado à Sra. Ana, abraçando-a efusivamente. Na versão publicamente conhecida até 1999, a presença dos acontecimentos da Revolução, a decorrer a par da ficção, era dada exclusivamente através de elementos sonoros em </span></span><span class="TextRun SCXW220734418 BCX0" lang="PT-PT" xml:lang="PT-PT" data-contrast="auto"><span class="NormalTextRun SpellingErrorV2Themed SCXW220734418 BCX0">off</span></span><span class="TextRun SCXW220734418 BCX0" lang="PT-PT" xml:lang="PT-PT" data-contrast="auto"><span class="NormalTextRun SCXW220734418 BCX0">. Agora, não que o sentido do filme se adense ou adquira </span><span class="NormalTextRun SCXW220734418 BCX0">outra espessura, mas através da montagem paralela sublinha-se esta </span><span class="NormalTextRun SpellingErrorV2Themed SCXW220734418 BCX0">perspetiva</span><span class="NormalTextRun SCXW220734418 BCX0">, acentuando-se, também, a solidão destes heróis dominados pelas frases dos livros de cordel, sem causa que não a sua, capazes de imunidade em relação ao exterior mesmo tratando-se de um momento de </span><span class="NormalTextRun SpellingErrorV2Themed SCXW220734418 BCX0">exceção</span><span class="NormalTextRun SCXW220734418 BCX0">.» (Excerto inicial da nota de apresentação de Maria João Madeira, Cinemateca Portuguesa)</span></span><span class="EOP SCXW220734418 BCX0" data-ccp-props="{&quot;201341983&quot;:0,&quot;335551550&quot;:6,&quot;335551620&quot;:6,&quot;335559740&quot;:360}"> </span></p>
<p>&nbsp;</p>
<p>Ano: <span class="TextRun SCXW55343457 BCX0" lang="PT-PT" xml:lang="PT-PT" data-contrast="auto"><span class="NormalTextRun SCXW55343457 BCX0">1981</span></span><br />
<span class="TextRun SCXW55343457 BCX0" lang="PT-PT" xml:lang="PT-PT" data-contrast="auto"><span class="NormalTextRun SCXW55343457 BCX0">Duração: 73&#8242;</span></span></p>
<p>&nbsp;</p>
<p><span data-contrast="auto"><strong>Solveig Nordlund</strong> nasceu em Estocolmo, Suécia, em 1943, tendo vivido e trabalhado inicialmente em França e posteriormente em Portugal, com Alberto Seixas Santos, com quem casou. Começou a sua carreira como montadora de Manoel de Oliveira, Alberto Seixas Santos e João César Monteiro. Com o Grupo Zero e o teatro da Cornucópia, e com o apoio da RTP, realiza quatro filmes a partir das encenações de peças teatrais. «Dina e Django» (1981) é a sua primeira longa-metragem. Dos filmes que se seguiram, podemos destacar «Aparelho Voador a Baixa Altitude» (2001) ou «A Morte de Carlos Gardel» (2011), ou o documentário com Lobo Antunes, «Escrever, escrever, viver» (2009), a entrevista aos escritores J. G. Ballard, «The Futur is Now» (1998) e Marguerite Duras, com o mesmo nome (1993). Como produtora, para além de o Grupo Zero, fez parte de Torromfilm (Suécia), Cine-qua-non e Âmbar Filmes.</span><span data-ccp-props="{&quot;201341983&quot;:0,&quot;335551550&quot;:6,&quot;335551620&quot;:6,&quot;335559740&quot;:360}"> </span></p>
<p><span data-ccp-props="{&quot;201341983&quot;:0,&quot;335551550&quot;:6,&quot;335551620&quot;:6,&quot;335559740&quot;:360}"> </span></p>
<p><b><span data-contrast="auto">Rui Cardoso Martins </span></b>é e<span data-contrast="auto">scritor, argumentista e professor universitário. Duas vezes Grande Prémio da APE em romance (</span><i><span data-contrast="auto">Deixem Passar o Homem Invisível</span></i><span data-contrast="auto">, 2009) e crónica (</span><i><span data-contrast="auto">Levante-se o Réu</span></i><span data-contrast="auto">, 2016). Nomeado para o Leão de Ouro do Festival de Veneza com o filme «A Herdade», de Tiago Guedes, tendo trabalhado em «Mal Viver/Viver Mal», de João Canijo, Urso de Prata de Berlim. Co-autor das séries «Sul», «Causa Própria» e «Matilha». Escreveu a peça </span><i><span data-contrast="auto">Última Hora</span></i><span data-contrast="auto">.</span><span data-ccp-props="{&quot;201341983&quot;:0,&quot;335551550&quot;:6,&quot;335551620&quot;:6,&quot;335559740&quot;:360}"> </span></p>
<p>&nbsp;</p>
<p>&nbsp;</p>
<h2>BILHETES</h2>
<p>Entrada gratuita sujeita à lotação do espaço.<br />
Bilhetes disponíveis nos balcões do Museu e Bibliotecas do Porto, 48h antes da sessão. Limitado a 2 bilhetes/pessoa.</p>
<h2>ENDEREÇO</h2>
<p>Jardins do Palácio de Cristal<br />
Rua de Dom Manuel II<br />
4050-239 Porto</p>
<h2>AUTOCARRO</h2>
<p>1M, 200, 201, 207, 208, 302, 303, 501, 507, 601, ZM, 12M, 13M<br />
Circular Massarelos – Carmo</p>
<h2>ESTACIONAMENTO</h2>
<p>Palácio de Cristal</p>

«VIDEOGRAMME EINER REVOLUTION» (VIDEOGRAMAS DE UMA REVOLUÇÃO), DE H. FAROCKI E A. UJIKA
