{"id":15677,"date":"2024-03-19T10:28:55","date_gmt":"2024-03-19T10:28:55","guid":{"rendered":"https:\/\/museudoporto.pt\/?post_type=resource&#038;p=15677"},"modified":"2024-05-14T12:07:12","modified_gmt":"2024-05-14T11:07:12","slug":"emancipacao-e-subjugacao-after-all-these-years","status":"publish","type":"resource","link":"https:\/\/museudoporto.pt\/en\/recurso\/emancipacao-e-subjugacao-after-all-these-years\/","title":{"rendered":"EMANCIPA\u00c7\u00c3O E SUBJUGA\u00c7\u00c3O (AFTER ALL THESE YEARS)"},"content":{"rendered":"","protected":false},"featured_media":15899,"template":"","resource_category":[20,24],"class_list":["post-15677","resource","type-resource","status-publish","has-post-thumbnail","hentry","resource_category-atividades","resource_category-plataformas-publicas"],"acf":{"ambient_sound":false,"breadcrumb":false,"file":false,"content":[{"acf_fc_layout":"event","display_title":"EMANCIPA\u00c7\u00c3O E SUBJUGA\u00c7\u00c3O (AFTER ALL THESE YEARS) ","subtitle":"<p>Com Sofia Miguens<\/p>\n","date":{"show_time":true,"type":"range","date":null,"start_date":"31\/10\/2024 18:00","end_date":"31\/10\/2024 19:00"},"sessions":null,"location":{"type":"other","station":false,"location":"BIBLIOTECA MUNICIPAL ALMEIDA GARRETT"},"media":{"type":false,"image":{"ID":15900,"id":15900,"title":"Foto entrevista Brasil.JPG_pb_","filename":"Foto-entrevista-Brasil.JPG_pb_-scaled.jpg","filesize":489345,"url":"https:\/\/museudoporto.pt\/wp-content\/uploads\/2024\/03\/Foto-entrevista-Brasil.JPG_pb_-scaled.jpg","link":"https:\/\/museudoporto.pt\/en\/foto-entrevista-brasil-jpg_pb_-2\/","alt":"","author":"11","description":"","caption":"","name":"foto-entrevista-brasil-jpg_pb_-2","status":"inherit","uploaded_to":0,"date":"2024-04-04 15:03:39","modified":"2024-04-04 15:03:54","menu_order":0,"mime_type":"image\/jpeg","type":"image","subtype":"jpeg","icon":"https:\/\/museudoporto.pt\/wp-includes\/images\/media\/default.png","width":1920,"height":2560,"sizes":{"thumbnail":"https:\/\/museudoporto.pt\/wp-content\/uploads\/2024\/03\/Foto-entrevista-Brasil.JPG_pb_-150x150.jpg","thumbnail-width":150,"thumbnail-height":150,"medium":"https:\/\/museudoporto.pt\/wp-content\/uploads\/2024\/03\/Foto-entrevista-Brasil.JPG_pb_-225x300.jpg","medium-width":225,"medium-height":300,"medium_large":"https:\/\/museudoporto.pt\/wp-content\/uploads\/2024\/03\/Foto-entrevista-Brasil.JPG_pb_-768x1024.jpg","medium_large-width":640,"medium_large-height":853,"large":"https:\/\/museudoporto.pt\/wp-content\/uploads\/2024\/03\/Foto-entrevista-Brasil.JPG_pb_-768x1024.jpg","large-width":640,"large-height":853,"ufg_200_200":"https:\/\/museudoporto.pt\/wp-content\/uploads\/2024\/03\/Foto-entrevista-Brasil.JPG_pb_-scaled.jpg","ufg_200_200-width":150,"ufg_200_200-height":200,"ufg_300_300":"https:\/\/museudoporto.pt\/wp-content\/uploads\/2024\/03\/Foto-entrevista-Brasil.JPG_pb_-scaled.jpg","ufg_300_300-width":225,"ufg_300_300-height":300,"ufg_400_400":"https:\/\/museudoporto.pt\/wp-content\/uploads\/2024\/03\/Foto-entrevista-Brasil.JPG_pb_-scaled.jpg","ufg_400_400-width":300,"ufg_400_400-height":400,"1536x1536":"https:\/\/museudoporto.pt\/wp-content\/uploads\/2024\/03\/Foto-entrevista-Brasil.JPG_pb_-1152x1536.jpg","1536x1536-width":1152,"1536x1536-height":1536,"2048x2048":"https:\/\/museudoporto.pt\/wp-content\/uploads\/2024\/03\/Foto-entrevista-Brasil.JPG_pb_-1536x2048.jpg","2048x2048-width":1536,"2048x2048-height":2048}},"gallery":false},"excerpt":"<p>Nada garante que uma revolu\u00e7\u00e3o transforme formas de pensar. A forma como pensamos sobre o que \u00e9 para um humano ser humano d\u00e1 forma ao que pensamos ser, ou poder ser, emancipa\u00e7\u00e3o. Nesta apresenta\u00e7\u00e3o, Sofia Miguens discute a forma como a fil\u00f3sofa americana Cora Diamond relaciona formas espec\u00edficas de tomar o conceito de humano com ideias acerca de \u2018subjuga\u00e7\u00e3o natural\u2019 que podem persistir muito para al\u00e9m de transforma\u00e7\u00f5es legais e pol\u00edticas.<\/p>\n","content":"<p>Nada garante que uma revolu\u00e7\u00e3o transforme formas de pensar. A forma como pensamos sobre o que \u00e9 para um humano ser humano d\u00e1 forma ao que pensamos ser, ou poder ser, emancipa\u00e7\u00e3o. Nesta apresenta\u00e7\u00e3o, Sofia Miguens discute a forma como a fil\u00f3sofa americana Cora Diamond relaciona formas espec\u00edficas de tomar o conceito de humano com ideias acerca de \u2018subjuga\u00e7\u00e3o natural\u2019 que podem persistir muito para al\u00e9m de transforma\u00e7\u00f5es legais e pol\u00edticas.<\/p>\n<p>&nbsp;<\/p>\n<p><strong>Sofia Miguens<\/strong> \u00e9 Professora Catedr\u00e1tica de Filosofia na Universidade do Porto, onde ensina (sobretudo) Epistemologia, Filosofia da Mente e da Linguagem e Filosofia Contempor\u00e2nea. No Instituto de Filosofia da UP dirige o <em>Mind, Language and Action Group<\/em> (MLAG), grupo de investiga\u00e7\u00e3o que fundou em 2005. Foi professora visitante em Nova Iorque, Paris e Sydney \u2013 Austr\u00e1lia e, recentemente (2023), em Paris. Foi Presidente da Sociedade Portuguesa de Filosofia. \u00c9 autora de nove livros e mais de uma centena de artigos publicados em revistas da especialidade. Coordenou, entre outros, os seguintes volumes colectivos: <em>Consciousness and Subjectivity<\/em> (Ontos Verlag, 2012<em>), Pre-Reflective Consciousness<\/em> (Routledge 2015), <em>Filosofia da Mente \u2013 Uma Antologia<\/em> (UPorto Press 2020, com Jo\u00e3o Alberto Pinto e Diana Couto) e <em>The Logical Alien<\/em> (Harvard University Press, 2020). Livros recentes em portugu\u00eas: <em>A Filosofia Contempor\u00e2nea \u2013 Figuras e movimentos<\/em> (2023, 2\u00ba ed.) e <em>Arte Descomposta \u2013 Stanley Cavell, a est\u00e9tica e o futuro da filosofia<\/em> (2022), ambos nas Edi\u00e7\u00f5es 70.<\/p>\n<p>&nbsp;<\/p>\n<p>&nbsp;<\/p>\n<p><strong>Tradu\u00e7\u00e3o simult\u00e2nea PT\/EN e EN\/PT<\/strong><\/p>\n<p>&nbsp;<\/p>\n<h2>BILHETES<\/h2>\n<p>Entrada livre, sujeita \u00e0 lota\u00e7\u00e3o do espa\u00e7o, com abertura de portas 30 minutos antes da sess\u00e3o.<\/p>\n<h2>ENDERE\u00c7O<\/h2>\n<p>Jardins do Pal\u00e1cio de Cristal<br \/>\nRua de Dom Manuel II<br \/>\n4050-239 Porto<\/p>\n<h2>AUTOCARRO<\/h2>\n<p>1M, 200, 201, 207, 208, 302, 303, 501, 507, 601, ZM, 12M, 13M<br \/>\nCircular Massarelos \u2013 Carmo<\/p>\n<h2>ESTACIONAMENTO<\/h2>\n<p>Pal\u00e1cio de Cristal<\/p>\n"}],"previous_link":{"label":"TU QUE TRABALHAS, QUAL \u00c9 O TEU NOME?","link":""},"next_link":{"label":"O DESEJO DE UMA REVOLU\u00c7\u00c3O: UMA ALTERNATIVA \u00c0 ECONOMIA NEOLIBERAL DAS PAIX\u00d5ES TRISTES","link":"https:\/\/museudoporto.pt\/en\/recurso\/o-desejo-de-uma-revolucao-uma-alternativa-a-economia-neoliberal-das-paixoes-tristes\/"}},"_links":{"self":[{"href":"https:\/\/museudoporto.pt\/en\/wp-json\/wp\/v2\/resource\/15677","targetHints":{"allow":["GET"]}}],"collection":[{"href":"https:\/\/museudoporto.pt\/en\/wp-json\/wp\/v2\/resource"}],"about":[{"href":"https:\/\/museudoporto.pt\/en\/wp-json\/wp\/v2\/types\/resource"}],"wp:featuredmedia":[{"embeddable":true,"href":"https:\/\/museudoporto.pt\/en\/wp-json\/wp\/v2\/media\/15899"}],"wp:attachment":[{"href":"https:\/\/museudoporto.pt\/en\/wp-json\/wp\/v2\/media?parent=15677"}],"wp:term":[{"taxonomy":"resource_category","embeddable":true,"href":"https:\/\/museudoporto.pt\/en\/wp-json\/wp\/v2\/resource_category?post=15677"}],"curies":[{"name":"wp","href":"https:\/\/api.w.org\/{rel}","templated":true}]}}

EMANCIPAÇÃO E SUBJUGAÇÃO (AFTER ALL THESE YEARS)

<p>Nada garante que uma revolução transforme formas de pensar. A forma como pensamos sobre o que é para um humano ser humano dá forma ao que pensamos ser, ou poder ser, emancipação. Nesta apresentação, Sofia Miguens discute a forma como a filósofa americana Cora Diamond relaciona formas específicas de tomar o conceito de humano com ideias acerca de ‘subjugação natural’ que podem persistir muito para além de transformações legais e políticas.</p>

<p>Nada garante que uma revolução transforme formas de pensar. A forma como pensamos sobre o que é para um humano ser humano dá forma ao que pensamos ser, ou poder ser, emancipação. Nesta apresentação, Sofia Miguens discute a forma como a filósofa americana Cora Diamond relaciona formas específicas de tomar o conceito de humano com ideias acerca de ‘subjugação natural’ que podem persistir muito para além de transformações legais e políticas.</p>
<p>&nbsp;</p>
<p><strong>Sofia Miguens</strong> é Professora Catedrática de Filosofia na Universidade do Porto, onde ensina (sobretudo) Epistemologia, Filosofia da Mente e da Linguagem e Filosofia Contemporânea. No Instituto de Filosofia da UP dirige o <em>Mind, Language and Action Group</em> (MLAG), grupo de investigação que fundou em 2005. Foi professora visitante em Nova Iorque, Paris e Sydney – Austrália e, recentemente (2023), em Paris. Foi Presidente da Sociedade Portuguesa de Filosofia. É autora de nove livros e mais de uma centena de artigos publicados em revistas da especialidade. Coordenou, entre outros, os seguintes volumes colectivos: <em>Consciousness and Subjectivity</em> (Ontos Verlag, 2012<em>), Pre-Reflective Consciousness</em> (Routledge 2015), <em>Filosofia da Mente – Uma Antologia</em> (UPorto Press 2020, com João Alberto Pinto e Diana Couto) e <em>The Logical Alien</em> (Harvard University Press, 2020). Livros recentes em português: <em>A Filosofia Contemporânea – Figuras e movimentos</em> (2023, 2º ed.) e <em>Arte Descomposta – Stanley Cavell, a estética e o futuro da filosofia</em> (2022), ambos nas Edições 70.</p>
<p>&nbsp;</p>
<p>&nbsp;</p>
<p><strong>Tradução simultânea PT/EN e EN/PT</strong></p>
<p>&nbsp;</p>
<h2>BILHETES</h2>
<p>Entrada livre, sujeita à lotação do espaço, com abertura de portas 30 minutos antes da sessão.</p>
<h2>ENDEREÇO</h2>
<p>Jardins do Palácio de Cristal<br />
Rua de Dom Manuel II<br />
4050-239 Porto</p>
<h2>AUTOCARRO</h2>
<p>1M, 200, 201, 207, 208, 302, 303, 501, 507, 601, ZM, 12M, 13M<br />
Circular Massarelos – Carmo</p>
<h2>ESTACIONAMENTO</h2>
<p>Palácio de Cristal</p>

TU QUE TRABALHAS, QUAL É O TEU NOME?

O DESEJO DE UMA REVOLUÇÃO: UMA ALTERNATIVA À ECONOMIA NEOLIBERAL DAS PAIXÕES TRISTES
