{"id":15763,"date":"2024-03-28T12:43:10","date_gmt":"2024-03-28T12:43:10","guid":{"rendered":"https:\/\/museudoporto.pt\/?post_type=resource&#038;p=15763"},"modified":"2024-04-04T15:12:16","modified_gmt":"2024-04-04T14:12:16","slug":"once-upon-a-time-there-was-an-old-lady-who-swallowed-a-fly-de-pam-adams","status":"publish","type":"resource","link":"https:\/\/museudoporto.pt\/en\/recurso\/once-upon-a-time-there-was-an-old-lady-who-swallowed-a-fly-de-pam-adams\/","title":{"rendered":"ONCE UPON A TIME\u2026 \u2014 \u00abTHERE WAS AN OLD LADY WHO SWALLOWED A FLY\u00bb, DE PAM ADAMS"},"content":{"rendered":"","protected":false},"featured_media":15862,"template":"","resource_category":[20,24],"class_list":["post-15763","resource","type-resource","status-publish","has-post-thumbnail","hentry","resource_category-atividades","resource_category-plataformas-publicas"],"acf":{"ambient_sound":false,"breadcrumb":false,"file":false,"content":[{"acf_fc_layout":"event","display_title":"ONCE UPON A TIME\u2026 \u2014 \u00abTHERE WAS AN OLD LADY WHO SWALLOWED A FLY\u00bb, DE PAM ADAMS","subtitle":"<p>Hora do Conto em Ingl\u00eas com o British Council<\/p>\n","date":{"show_time":true,"type":"range","date":"06\/04\/2024 15:30","start_date":"06\/04\/2024 15:30","end_date":"06\/04\/2024 17:00"},"sessions":null,"location":{"type":"other","station":false,"location":"BIBLIOTECA MUNICIPAL ALMEIDA GARRETT"},"media":{"type":false,"image":{"ID":15863,"id":15863,"title":"01. Horas do Conto_Banner_PlasmaBibliotecas_1920x1080px5","filename":"01.-Horas-do-Conto_Banner_PlasmaBibliotecas_1920x1080px5.jpg","filesize":401330,"url":"https:\/\/museudoporto.pt\/wp-content\/uploads\/2024\/03\/01.-Horas-do-Conto_Banner_PlasmaBibliotecas_1920x1080px5.jpg","link":"https:\/\/museudoporto.pt\/en\/01-horas-do-conto_banner_plasmabibliotecas_1920x1080px5-3-2\/","alt":"","author":"11","description":"","caption":"","name":"01-horas-do-conto_banner_plasmabibliotecas_1920x1080px5-3-2","status":"inherit","uploaded_to":0,"date":"2024-04-02 15:58:09","modified":"2024-04-02 15:58:14","menu_order":0,"mime_type":"image\/jpeg","type":"image","subtype":"jpeg","icon":"https:\/\/museudoporto.pt\/wp-includes\/images\/media\/default.png","width":1920,"height":1080,"sizes":{"thumbnail":"https:\/\/museudoporto.pt\/wp-content\/uploads\/2024\/03\/01.-Horas-do-Conto_Banner_PlasmaBibliotecas_1920x1080px5-150x150.jpg","thumbnail-width":150,"thumbnail-height":150,"medium":"https:\/\/museudoporto.pt\/wp-content\/uploads\/2024\/03\/01.-Horas-do-Conto_Banner_PlasmaBibliotecas_1920x1080px5-300x169.jpg","medium-width":300,"medium-height":169,"medium_large":"https:\/\/museudoporto.pt\/wp-content\/uploads\/2024\/03\/01.-Horas-do-Conto_Banner_PlasmaBibliotecas_1920x1080px5-768x432.jpg","medium_large-width":640,"medium_large-height":360,"large":"https:\/\/museudoporto.pt\/wp-content\/uploads\/2024\/03\/01.-Horas-do-Conto_Banner_PlasmaBibliotecas_1920x1080px5-1024x576.jpg","large-width":640,"large-height":360,"ufg_200_200":"https:\/\/museudoporto.pt\/wp-content\/uploads\/2024\/03\/01.-Horas-do-Conto_Banner_PlasmaBibliotecas_1920x1080px5.jpg","ufg_200_200-width":200,"ufg_200_200-height":113,"ufg_300_300":"https:\/\/museudoporto.pt\/wp-content\/uploads\/2024\/03\/01.-Horas-do-Conto_Banner_PlasmaBibliotecas_1920x1080px5.jpg","ufg_300_300-width":300,"ufg_300_300-height":169,"ufg_400_400":"https:\/\/museudoporto.pt\/wp-content\/uploads\/2024\/03\/01.-Horas-do-Conto_Banner_PlasmaBibliotecas_1920x1080px5.jpg","ufg_400_400-width":400,"ufg_400_400-height":225,"1536x1536":"https:\/\/museudoporto.pt\/wp-content\/uploads\/2024\/03\/01.-Horas-do-Conto_Banner_PlasmaBibliotecas_1920x1080px5-1536x864.jpg","1536x1536-width":1536,"1536x1536-height":864,"2048x2048":"https:\/\/museudoporto.pt\/wp-content\/uploads\/2024\/03\/01.-Horas-do-Conto_Banner_PlasmaBibliotecas_1920x1080px5.jpg","2048x2048-width":1920,"2048x2048-height":1080}},"gallery":false},"excerpt":"<p>Ao longo de 2024, no primeiro s\u00e1bado de cada m\u00eas, as crian\u00e7as dos 6 aos 10 anos de idade s\u00e3o convidadas a assistir \u00e0 Hora do Conto em l\u00edngua inglesa, exercitando assim compet\u00eancias lingu\u00edsticas de forma l\u00fadica. Uma iniciativa realizada em coopera\u00e7\u00e3o com o British Council do Porto.<\/p>\n","content":"<p>Ao longo de 2024, no primeiro s\u00e1bado de cada m\u00eas, as crian\u00e7as dos 6 aos 10 anos de idade s\u00e3o convidadas a assistir \u00e0 Hora do Conto em l\u00edngua inglesa, exercitando assim compet\u00eancias lingu\u00edsticas de forma l\u00fadica. Uma iniciativa realizada em coopera\u00e7\u00e3o com o British Council do Porto.<\/p>\n<p>&nbsp;<\/p>\n<p>Esta \u00e9 uma hist\u00f3ria musical muito divertida, cheia de ritmo e anima\u00e7\u00e3o. A protagonista \u00e9 uma velhinha que engole animais, cada vez maiores, com o objetivo de conseguir apanhar o animal anteriormente engolido. At\u00e9 que chega a vez do cavalo\u2026 O que ser\u00e1 que vai acontecer?<\/p>\n<p>&nbsp;<\/p>\n<h2>INSCRI\u00c7\u00d5ES<\/h2>\n<p>Entrada gratuita, mediante inscri\u00e7\u00e3o pr\u00e9via atrav\u00e9s de formul\u00e1rio.<\/p>\n<h2>DESTINAT\u00c1RIOS<\/h2>\n<p>Crian\u00e7as dos 6 aos 10 anos.<\/p>\n<h2>ENDERE\u00c7O<\/h2>\n<p>Jardins do Pal\u00e1cio de Cristal<br \/>\nRua de Dom Manuel II<br \/>\n4050-239 Porto<\/p>\n<h2>AUTOCARRO<\/h2>\n<p>1M, 200, 201, 207, 208, 302, 303, 501, 507, 601, ZM, 12M, 13M<br \/>\nCircular Massarelos \u2013 Carmo<\/p>\n<h2>ESTACIONAMENTO<\/h2>\n<p>Pal\u00e1cio de Cristal<\/p>\n<p>&nbsp;<\/p>\n"}],"previous_link":{"label":"","link":""},"next_link":{"label":"","link":""}},"_links":{"self":[{"href":"https:\/\/museudoporto.pt\/en\/wp-json\/wp\/v2\/resource\/15763","targetHints":{"allow":["GET"]}}],"collection":[{"href":"https:\/\/museudoporto.pt\/en\/wp-json\/wp\/v2\/resource"}],"about":[{"href":"https:\/\/museudoporto.pt\/en\/wp-json\/wp\/v2\/types\/resource"}],"wp:featuredmedia":[{"embeddable":true,"href":"https:\/\/museudoporto.pt\/en\/wp-json\/wp\/v2\/media\/15862"}],"wp:attachment":[{"href":"https:\/\/museudoporto.pt\/en\/wp-json\/wp\/v2\/media?parent=15763"}],"wp:term":[{"taxonomy":"resource_category","embeddable":true,"href":"https:\/\/museudoporto.pt\/en\/wp-json\/wp\/v2\/resource_category?post=15763"}],"curies":[{"name":"wp","href":"https:\/\/api.w.org\/{rel}","templated":true}]}}

<p>Hora do Conto em Inglês com o British Council</p>

<p>Ao longo de 2024, no primeiro sábado de cada mês, as crianças dos 6 aos 10 anos de idade são convidadas a assistir à Hora do Conto em língua inglesa, exercitando assim competências linguísticas de forma lúdica. Uma iniciativa realizada em cooperação com o British Council do Porto.</p>

<p>Ao longo de 2024, no primeiro sábado de cada mês, as crianças dos 6 aos 10 anos de idade são convidadas a assistir à Hora do Conto em língua inglesa, exercitando assim competências linguísticas de forma lúdica. Uma iniciativa realizada em cooperação com o British Council do Porto.</p>
<p>&nbsp;</p>
<p>Esta é uma história musical muito divertida, cheia de ritmo e animação. A protagonista é uma velhinha que engole animais, cada vez maiores, com o objetivo de conseguir apanhar o animal anteriormente engolido. Até que chega a vez do cavalo… O que será que vai acontecer?</p>
<p>&nbsp;</p>
<h2>INSCRIÇÕES</h2>
<p>Entrada gratuita, mediante inscrição prévia através de formulário.</p>
<h2>DESTINATÁRIOS</h2>
<p>Crianças dos 6 aos 10 anos.</p>
<h2>ENDEREÇO</h2>
<p>Jardins do Palácio de Cristal<br />
Rua de Dom Manuel II<br />
4050-239 Porto</p>
<h2>AUTOCARRO</h2>
<p>1M, 200, 201, 207, 208, 302, 303, 501, 507, 601, ZM, 12M, 13M<br />
Circular Massarelos – Carmo</p>
<h2>ESTACIONAMENTO</h2>
<p>Palácio de Cristal</p>
<p>&nbsp;</p>
