{"id":16311,"date":"2024-05-27T15:56:50","date_gmt":"2024-05-27T14:56:50","guid":{"rendered":"https:\/\/museudoporto.pt\/?post_type=resource&#038;p=16311"},"modified":"2024-06-03T14:45:08","modified_gmt":"2024-06-03T13:45:08","slug":"sabados-a-contar-a-historia-para-dormir-mais-rapida-do-mundo-de-louise-fitzgerald-com-kate-hindley","status":"publish","type":"resource","link":"https:\/\/museudoporto.pt\/en\/recurso\/sabados-a-contar-a-historia-para-dormir-mais-rapida-do-mundo-de-louise-fitzgerald-com-kate-hindley\/","title":{"rendered":"S\u00c1BADOS A CONTAR \u2014 \u00abA HIST\u00d3RIA PARA DORMIR MAIS R\u00c1PIDA DO MUNDO\u00bb, DE LOUISE FITZGERALD COM KATE HINDLEY"},"content":{"rendered":"","protected":false},"featured_media":16312,"template":"","resource_category":[20],"class_list":["post-16311","resource","type-resource","status-publish","has-post-thumbnail","hentry","resource_category-atividades"],"acf":{"ambient_sound":false,"breadcrumb":false,"file":false,"content":[{"acf_fc_layout":"event","display_title":"S\u00c1BADOS A CONTAR \u2014 \u00abA HIST\u00d3RIA PARA DORMIR MAIS R\u00c1PIDA DO MUNDO\u00bb, DE LOUISE FITZGERALD COM KATE HINDLEY","subtitle":"<p>Com Helena Vieira<\/p>\n","date":{"show_time":true,"type":"range","date":null,"start_date":"08\/06\/2024 11:00","end_date":"08\/06\/2024 12:30"},"sessions":null,"location":{"type":"other","station":false,"location":"BIBLIOTECA MUNICIPAL ALMEIDA GARRETT"},"media":{"type":false,"image":{"ID":16313,"id":16313,"title":"01. Horas do Conto_Banner_PlasmaBibliotecas_1920x1080px6-1","filename":"01.-Horas-do-Conto_Banner_PlasmaBibliotecas_1920x1080px6-1-scaled.jpg","filesize":241638,"url":"https:\/\/museudoporto.pt\/wp-content\/uploads\/2024\/05\/01.-Horas-do-Conto_Banner_PlasmaBibliotecas_1920x1080px6-1-scaled.jpg","link":"https:\/\/museudoporto.pt\/en\/01-horas-do-conto_banner_plasmabibliotecas_1920x1080px6-1-2\/","alt":"","author":"11","description":"","caption":"","name":"01-horas-do-conto_banner_plasmabibliotecas_1920x1080px6-1-2","status":"inherit","uploaded_to":0,"date":"2024-05-27 14:56:21","modified":"2024-05-27 14:56:37","menu_order":0,"mime_type":"image\/jpeg","type":"image","subtype":"jpeg","icon":"https:\/\/museudoporto.pt\/wp-includes\/images\/media\/default.png","width":2560,"height":1440,"sizes":{"thumbnail":"https:\/\/museudoporto.pt\/wp-content\/uploads\/2024\/05\/01.-Horas-do-Conto_Banner_PlasmaBibliotecas_1920x1080px6-1-150x150.jpg","thumbnail-width":150,"thumbnail-height":150,"medium":"https:\/\/museudoporto.pt\/wp-content\/uploads\/2024\/05\/01.-Horas-do-Conto_Banner_PlasmaBibliotecas_1920x1080px6-1-300x169.jpg","medium-width":300,"medium-height":169,"medium_large":"https:\/\/museudoporto.pt\/wp-content\/uploads\/2024\/05\/01.-Horas-do-Conto_Banner_PlasmaBibliotecas_1920x1080px6-1-768x432.jpg","medium_large-width":640,"medium_large-height":360,"large":"https:\/\/museudoporto.pt\/wp-content\/uploads\/2024\/05\/01.-Horas-do-Conto_Banner_PlasmaBibliotecas_1920x1080px6-1-1024x576.jpg","large-width":640,"large-height":360,"ufg_200_200":"https:\/\/museudoporto.pt\/wp-content\/uploads\/2024\/05\/01.-Horas-do-Conto_Banner_PlasmaBibliotecas_1920x1080px6-1-scaled.jpg","ufg_200_200-width":200,"ufg_200_200-height":113,"ufg_300_300":"https:\/\/museudoporto.pt\/wp-content\/uploads\/2024\/05\/01.-Horas-do-Conto_Banner_PlasmaBibliotecas_1920x1080px6-1-scaled.jpg","ufg_300_300-width":300,"ufg_300_300-height":169,"ufg_400_400":"https:\/\/museudoporto.pt\/wp-content\/uploads\/2024\/05\/01.-Horas-do-Conto_Banner_PlasmaBibliotecas_1920x1080px6-1-scaled.jpg","ufg_400_400-width":400,"ufg_400_400-height":225,"1536x1536":"https:\/\/museudoporto.pt\/wp-content\/uploads\/2024\/05\/01.-Horas-do-Conto_Banner_PlasmaBibliotecas_1920x1080px6-1-1536x864.jpg","1536x1536-width":1536,"1536x1536-height":864,"2048x2048":"https:\/\/museudoporto.pt\/wp-content\/uploads\/2024\/05\/01.-Horas-do-Conto_Banner_PlasmaBibliotecas_1920x1080px6-1-2048x1152.jpg","2048x2048-width":2048,"2048x2048-height":1152}},"gallery":false},"excerpt":"<p>\u00ab\u00c9 uma hist\u00f3ria genial que vais adorar, querer partilhar e nunca mais esquecer. Tem apenas dez palavras!\u00bb Ser\u00e1 que come\u00e7a por era uma vez?<\/p>\n<p>&nbsp;<\/p>\n<p>Iniciativa de continuidade, que acontece ao s\u00e1bado, dirigida a crian\u00e7as dos 3 aos 6 anos. Acompanhados da fam\u00edlia, os pequenos leitores s\u00e3o convidados a participar na Hora do Conto, seguida de um Ateli\u00ea Criativo.<\/p>\n","content":"<p>\u00ab\u00c9 uma hist\u00f3ria genial que vais adorar, querer partilhar e nunca mais esquecer. Tem apenas dez palavras!\u00bb Ser\u00e1 que come\u00e7a por era uma vez?<\/p>\n<p>&nbsp;<\/p>\n<p>Iniciativa de continuidade, que acontece ao s\u00e1bado, dirigida a crian\u00e7as dos 3 aos 6 anos. Acompanhados da fam\u00edlia, os pequenos leitores s\u00e3o convidados a participar na Hora do Conto, seguida de um Ateli\u00ea Criativo.<\/p>\n<p>&nbsp;<\/p>\n<h2>INSCRI\u00c7\u00d5ES<\/h2>\n<p>Entrada gratuita, mediante inscri\u00e7\u00e3o atrav\u00e9s do <a href=\"https:\/\/bmp.cm-porto.pt\/inscricao_SC_junho\">formul\u00e1rio<\/a>. Limitada a 15 participantes.<\/p>\n<h2>DESTINAT\u00c1RIOS<\/h2>\n<p>Crian\u00e7as dos 3 aos 6 anos<\/p>\n<h2>ENDERE\u00c7O<\/h2>\n<p>Jardins do Pal\u00e1cio de Cristal<br \/>\nRua de Dom Manuel II<br \/>\n4050-239 Porto<\/p>\n<h2>AUTOCARRO<\/h2>\n<p>1M, 200, 201, 207, 208, 302, 303, 501, 507, 601, ZM, 12M, 13M<br \/>\nCircular Massarelos \u2013 Carmo<\/p>\n<h2>ESTACIONAMENTO<\/h2>\n<p>Pal\u00e1cio de Cristal<\/p>\n"}],"previous_link":{"label":"","link":""},"next_link":{"label":"","link":""}},"_links":{"self":[{"href":"https:\/\/museudoporto.pt\/en\/wp-json\/wp\/v2\/resource\/16311","targetHints":{"allow":["GET"]}}],"collection":[{"href":"https:\/\/museudoporto.pt\/en\/wp-json\/wp\/v2\/resource"}],"about":[{"href":"https:\/\/museudoporto.pt\/en\/wp-json\/wp\/v2\/types\/resource"}],"wp:featuredmedia":[{"embeddable":true,"href":"https:\/\/museudoporto.pt\/en\/wp-json\/wp\/v2\/media\/16312"}],"wp:attachment":[{"href":"https:\/\/museudoporto.pt\/en\/wp-json\/wp\/v2\/media?parent=16311"}],"wp:term":[{"taxonomy":"resource_category","embeddable":true,"href":"https:\/\/museudoporto.pt\/en\/wp-json\/wp\/v2\/resource_category?post=16311"}],"curies":[{"name":"wp","href":"https:\/\/api.w.org\/{rel}","templated":true}]}}

SÁBADOS A CONTAR — «A HISTÓRIA PARA DORMIR MAIS RÁPIDA DO MUNDO», DE LOUISE FITZGERALD COM KATE HINDLEY

<p>«É uma história genial que vais adorar, querer partilhar e nunca mais esquecer. Tem apenas dez palavras!» Será que começa por era uma vez?</p>
<p>&nbsp;</p>
<p>Iniciativa de continuidade, que acontece ao sábado, dirigida a crianças dos 3 aos 6 anos. Acompanhados da família, os pequenos leitores são convidados a participar na Hora do Conto, seguida de um Ateliê Criativo.</p>

<p>«É uma história genial que vais adorar, querer partilhar e nunca mais esquecer. Tem apenas dez palavras!» Será que começa por era uma vez?</p>
<p>&nbsp;</p>
<p>Iniciativa de continuidade, que acontece ao sábado, dirigida a crianças dos 3 aos 6 anos. Acompanhados da família, os pequenos leitores são convidados a participar na Hora do Conto, seguida de um Ateliê Criativo.</p>
<p>&nbsp;</p>
<h2>INSCRIÇÕES</h2>
<p>Entrada gratuita, mediante inscrição através do <a href="https://bmp.cm-porto.pt/inscricao_SC_junho">formulário</a>. Limitada a 15 participantes.</p>
<h2>DESTINATÁRIOS</h2>
<p>Crianças dos 3 aos 6 anos</p>
<h2>ENDEREÇO</h2>
<p>Jardins do Palácio de Cristal<br />
Rua de Dom Manuel II<br />
4050-239 Porto</p>
<h2>AUTOCARRO</h2>
<p>1M, 200, 201, 207, 208, 302, 303, 501, 507, 601, ZM, 12M, 13M<br />
Circular Massarelos – Carmo</p>
<h2>ESTACIONAMENTO</h2>
<p>Palácio de Cristal</p>
