{"id":16538,"date":"2024-06-20T17:34:15","date_gmt":"2024-06-20T16:34:15","guid":{"rendered":"https:\/\/museudoporto.pt\/?post_type=resource&#038;p=16538"},"modified":"2024-06-20T17:34:15","modified_gmt":"2024-06-20T16:34:15","slug":"clube-da-saude-jardim-e-horta-a-porta-o-segredo-para-cultivar-a-saude-mental","status":"publish","type":"resource","link":"https:\/\/museudoporto.pt\/en\/recurso\/clube-da-saude-jardim-e-horta-a-porta-o-segredo-para-cultivar-a-saude-mental\/","title":{"rendered":"CLUBE DA SA\u00daDE \u2014 JARDIM E HORTA \u00c0 PORTA: O SEGREDO PARA CULTIVAR A SA\u00daDE MENTAL"},"content":{"rendered":"","protected":false},"featured_media":0,"template":"","resource_category":[20],"class_list":["post-16538","resource","type-resource","status-publish","hentry","resource_category-atividades"],"acf":{"ambient_sound":false,"file":false,"content":[{"acf_fc_layout":"event","display_title":"CLUBE DA SA\u00daDE \u2014 JARDIM E HORTA \u00c0 PORTA: O SEGREDO PARA CULTIVAR A SA\u00daDE MENTAL","subtitle":"<p>Com Maria Jos\u00e9 Corte-Real<\/p>\n","date":{"show_time":true,"type":"range","date":null,"start_date":"09\/07\/2024 16:00","end_date":"09\/07\/2024 17:30"},"sessions":null,"location":{"type":"other","station":false,"location":"BIBLIOTECA MUNICIPAL ALMEIDA GARRETT"},"media":{"type":false,"image":false,"gallery":false},"excerpt":"<p>Esta sess\u00e3o pretende celebrar o solst\u00edcio de ver\u00e3o, explorando o papel da natureza na sa\u00fade mental. Em articula\u00e7\u00e3o com a Divis\u00e3o Municipal de Gest\u00e3o Ambiental, ser\u00e3o abordadas estrat\u00e9gias e pr\u00e1ticas facilitadoras dos benef\u00edcios da conex\u00e3o com a natureza<\/p>\n","content":"<p>Esta sess\u00e3o pretende celebrar o solst\u00edcio de ver\u00e3o, explorando o papel da natureza na sa\u00fade mental. Em articula\u00e7\u00e3o com a Divis\u00e3o Municipal de Gest\u00e3o Ambiental, ser\u00e3o abordadas estrat\u00e9gias e pr\u00e1ticas facilitadoras dos benef\u00edcios da conex\u00e3o com a natureza.<\/p>\n<p>&nbsp;<\/p>\n<h2>INSCRI\u00c7\u00d5ES<\/h2>\n<p>Entrada gratuita, mediante inscri\u00e7\u00e3o atrav\u00e9s do formul\u00e1rio.<\/p>\n<h2>DESTINAT\u00c1RIOS<\/h2>\n<p>Oficina dirigida a crian\u00e7as dos 6 aos 10 anos<\/p>\n<h2>ENDERE\u00c7O<\/h2>\n<p>Jardins do Pal\u00e1cio de Cristal<br \/>\nRua de Dom Manuel II<br \/>\n4050-239 Porto<\/p>\n<h2>AUTOCARRO<\/h2>\n<p>1M, 200, 201, 207, 208, 302, 303, 501, 507, 601, ZM, 12M, 13M<br \/>\nCircular Massarelos \u2013 Carmo<\/p>\n<h2>ESTACIONAMENTO<\/h2>\n<p>Pal\u00e1cio de Cristal<\/p>\n"}],"previous_link":{"label":"","link":""},"next_link":{"label":"","link":""},"breadcrumb":false},"_links":{"self":[{"href":"https:\/\/museudoporto.pt\/en\/wp-json\/wp\/v2\/resource\/16538","targetHints":{"allow":["GET"]}}],"collection":[{"href":"https:\/\/museudoporto.pt\/en\/wp-json\/wp\/v2\/resource"}],"about":[{"href":"https:\/\/museudoporto.pt\/en\/wp-json\/wp\/v2\/types\/resource"}],"wp:attachment":[{"href":"https:\/\/museudoporto.pt\/en\/wp-json\/wp\/v2\/media?parent=16538"}],"wp:term":[{"taxonomy":"resource_category","embeddable":true,"href":"https:\/\/museudoporto.pt\/en\/wp-json\/wp\/v2\/resource_category?post=16538"}],"curies":[{"name":"wp","href":"https:\/\/api.w.org\/{rel}","templated":true}]}}

CLUBE DA SAÚDE — JARDIM E HORTA À PORTA: O SEGREDO PARA CULTIVAR A SAÚDE MENTAL

<p>Com Maria José Corte-Real</p>

<p>Esta sessão pretende celebrar o solstício de verão, explorando o papel da natureza na saúde mental. Em articulação com a Divisão Municipal de Gestão Ambiental, serão abordadas estratégias e práticas facilitadoras dos benefícios da conexão com a natureza</p>

<p>Esta sessão pretende celebrar o solstício de verão, explorando o papel da natureza na saúde mental. Em articulação com a Divisão Municipal de Gestão Ambiental, serão abordadas estratégias e práticas facilitadoras dos benefícios da conexão com a natureza.</p>
<p>&nbsp;</p>
<h2>INSCRIÇÕES</h2>
<p>Entrada gratuita, mediante inscrição através do formulário.</p>
<h2>DESTINATÁRIOS</h2>
<p>Oficina dirigida a crianças dos 6 aos 10 anos</p>
<h2>ENDEREÇO</h2>
<p>Jardins do Palácio de Cristal<br />
Rua de Dom Manuel II<br />
4050-239 Porto</p>
<h2>AUTOCARRO</h2>
<p>1M, 200, 201, 207, 208, 302, 303, 501, 507, 601, ZM, 12M, 13M<br />
Circular Massarelos – Carmo</p>
<h2>ESTACIONAMENTO</h2>
<p>Palácio de Cristal</p>
