{"id":16905,"date":"2024-08-22T18:15:06","date_gmt":"2024-08-22T17:15:06","guid":{"rendered":"https:\/\/museudoporto.pt\/?post_type=resource&#038;p=16905"},"modified":"2024-08-31T12:30:08","modified_gmt":"2024-08-31T11:30:08","slug":"visita-as-12h30-de-joao-a-sao-joao","status":"publish","type":"resource","link":"https:\/\/museudoporto.pt\/en\/recurso\/visita-as-12h30-de-joao-a-sao-joao\/","title":{"rendered":"VISITA \u00c0S 12H30 \u2014 DE JO\u00c3O A S\u00c3O JO\u00c3O"},"content":{"rendered":"","protected":false},"featured_media":16931,"template":"","resource_category":[20,49],"class_list":["post-16905","resource","type-resource","status-publish","has-post-thumbnail","hentry","resource_category-atividades","resource_category-visitas-orientadas"],"acf":{"breadcrumb":false,"file":false,"content":[{"acf_fc_layout":"event","display_title":"VISITA \u00c0S 12H30 \u2014 DE JO\u00c3O A S\u00c3O JO\u00c3O","subtitle":"<p>Com Marta Teixeira<\/p>\n","date":{"show_time":true,"type":"range","date":null,"start_date":"03\/09\/2024 12:30","end_date":"03\/09\/2024 13:00"},"sessions":null,"location":{"type":"other","station":false,"location":"MUSEU ROM\u00c2NTICO"},"media":{"type":false,"image":{"ID":16932,"id":16932,"title":"visita_12h30","filename":"visita_12h30-scaled.jpg","filesize":453922,"url":"https:\/\/museudoporto.pt\/wp-content\/uploads\/2024\/08\/visita_12h30-scaled.jpg","link":"https:\/\/museudoporto.pt\/en\/visita_12h30-4-2\/","alt":"","author":"11","description":"","caption":"","name":"visita_12h30-4-2","status":"inherit","uploaded_to":0,"date":"2024-08-27 09:27:38","modified":"2024-08-27 09:35:13","menu_order":0,"mime_type":"image\/jpeg","type":"image","subtype":"jpeg","icon":"https:\/\/museudoporto.pt\/wp-includes\/images\/media\/default.png","width":2198,"height":2560,"sizes":{"thumbnail":"https:\/\/museudoporto.pt\/wp-content\/uploads\/2024\/08\/visita_12h30-150x150.jpg","thumbnail-width":150,"thumbnail-height":150,"medium":"https:\/\/museudoporto.pt\/wp-content\/uploads\/2024\/08\/visita_12h30-258x300.jpg","medium-width":258,"medium-height":300,"medium_large":"https:\/\/museudoporto.pt\/wp-content\/uploads\/2024\/08\/visita_12h30-768x895.jpg","medium_large-width":640,"medium_large-height":746,"large":"https:\/\/museudoporto.pt\/wp-content\/uploads\/2024\/08\/visita_12h30-879x1024.jpg","large-width":640,"large-height":746,"ufg_200_200":"https:\/\/museudoporto.pt\/wp-content\/uploads\/2024\/08\/visita_12h30-scaled.jpg","ufg_200_200-width":172,"ufg_200_200-height":200,"ufg_300_300":"https:\/\/museudoporto.pt\/wp-content\/uploads\/2024\/08\/visita_12h30-scaled.jpg","ufg_300_300-width":258,"ufg_300_300-height":300,"ufg_400_400":"https:\/\/museudoporto.pt\/wp-content\/uploads\/2024\/08\/visita_12h30-scaled.jpg","ufg_400_400-width":343,"ufg_400_400-height":400,"1536x1536":"https:\/\/museudoporto.pt\/wp-content\/uploads\/2024\/08\/visita_12h30-1319x1536.jpg","1536x1536-width":1319,"1536x1536-height":1536,"2048x2048":"https:\/\/museudoporto.pt\/wp-content\/uploads\/2024\/08\/visita_12h30-1758x2048.jpg","2048x2048-width":1758,"2048x2048-height":2048}},"gallery":false},"excerpt":"<p>Jo\u00e3o Baptista, o Homem e o Profeta, o Santo Popular e o primo de Jesus Cristo, do Sagrado ao Profano\u2026<\/p>\n<p>Qual a sua import\u00e2ncia na cultura popular e porque celebramos um santo que ficou sem cabe\u00e7a por capricho de uma crian\u00e7a? Nesta visita abordaremos a sua hist\u00f3ria e repercuss\u00f5es ao longo dos s\u00e9culos.<\/p>\n","content":"<p>Jo\u00e3o Baptista, o Homem e o Profeta, o Santo Popular e o primo de Jesus Cristo, do Sagrado ao Profano\u2026<\/p>\n<p>Qual a sua import\u00e2ncia na cultura popular e porque celebramos um santo que ficou sem cabe\u00e7a por capricho de uma crian\u00e7a? Nesta visita abordaremos a sua hist\u00f3ria e repercuss\u00f5es ao longo dos s\u00e9culos.<\/p>\n<p>&nbsp;<\/p>\n<h2>INSCRI\u00c7\u00d5ES<\/h2>\n<p>Entrada gratuita, mediante inscri\u00e7\u00e3o atrav\u00e9s do <a href=\"https:\/\/questionarios.cm-porto.pt\/index.php\/163988?lang=pt\">formul\u00e1rio<\/a>. Limitado a 20 participantes.<\/p>\n<div class=\"row block-text text-no-indent\">\n<div class=\"col-xs-8 col-sm-7 col-md-5 col-md-offset-3 col-xl-4 col-xl-offset-4\">\n<h2>Endere\u00e7o<\/h2>\n<p>Rua de Entre-Quintas, 220 4050-240 Porto<br \/>\nGPS: 41.147524, -8.627930<br \/>\n<a href=\"https:\/\/www.google.com\/maps\/place\/MUSEU+DA+CIDADE%E2%80%94Extens%C3%A3o+do+Romantismo\/@41.1475562,-8.6306449,17z\/data=!3m1!4b1!4m5!3m4!1s0xd2465101fc09f21:0xe05b033b7aceedc0!8m2!3d41.1475562!4d-8.6284562\" target=\"_blank\" rel=\"noopener\" data-cursor-hover=\"ready\">Localiza\u00e7\u00e3o<\/a><\/p>\n<h2>Autocarro<\/h2>\n<p>1M, 200, 201, 207, 208, 302, 303, 501, 507, 601, ZM, 12M, 13M<br \/>\nCircular Massarelos \u2013 Carmo<\/p>\n<h2>Estacionamento<\/h2>\n<p>Pal\u00e1cio de Cristal<\/p>\n<h2>Jardins<\/h2>\n<p><a href=\"https:\/\/museudoporto.pt\/en\/garden\/quinta-da-macieirinha-extensao-do-romantismo\/\" data-cursor-hover=\"ready\">QUINTA DA MACIEIRINHA<\/a><\/p>\n<\/div>\n<\/div>\n<div class=\"row\">\n<div class=\"col-xs-8 links-nav\"><\/div>\n<\/div>\n"}],"previous_link":{"label":"","link":""},"next_link":{"label":"","link":""},"ambient_sound":false},"_links":{"self":[{"href":"https:\/\/museudoporto.pt\/en\/wp-json\/wp\/v2\/resource\/16905","targetHints":{"allow":["GET"]}}],"collection":[{"href":"https:\/\/museudoporto.pt\/en\/wp-json\/wp\/v2\/resource"}],"about":[{"href":"https:\/\/museudoporto.pt\/en\/wp-json\/wp\/v2\/types\/resource"}],"wp:featuredmedia":[{"embeddable":true,"href":"https:\/\/museudoporto.pt\/en\/wp-json\/wp\/v2\/media\/16931"}],"wp:attachment":[{"href":"https:\/\/museudoporto.pt\/en\/wp-json\/wp\/v2\/media?parent=16905"}],"wp:term":[{"taxonomy":"resource_category","embeddable":true,"href":"https:\/\/museudoporto.pt\/en\/wp-json\/wp\/v2\/resource_category?post=16905"}],"curies":[{"name":"wp","href":"https:\/\/api.w.org\/{rel}","templated":true}]}}

VISITA ÀS 12H30 — DE JOÃO A SÃO JOÃO

MUSEU ROMÂNTICO

<p>João Baptista, o Homem e o Profeta, o Santo Popular e o primo de Jesus Cristo, do Sagrado ao Profano…</p>
<p>Qual a sua importância na cultura popular e porque celebramos um santo que ficou sem cabeça por capricho de uma criança? Nesta visita abordaremos a sua história e repercussões ao longo dos séculos.</p>

<p>João Baptista, o Homem e o Profeta, o Santo Popular e o primo de Jesus Cristo, do Sagrado ao Profano…</p>
<p>Qual a sua importância na cultura popular e porque celebramos um santo que ficou sem cabeça por capricho de uma criança? Nesta visita abordaremos a sua história e repercussões ao longo dos séculos.</p>
<p>&nbsp;</p>
<h2>INSCRIÇÕES</h2>
<p>Entrada gratuita, mediante inscrição através do <a href="https://questionarios.cm-porto.pt/index.php/163988?lang=pt">formulário</a>. Limitado a 20 participantes.</p>
<div class="row block-text text-no-indent">
<div class="col-xs-8 col-sm-7 col-md-5 col-md-offset-3 col-xl-4 col-xl-offset-4">
<h2>Endereço</h2>
<p>Rua de Entre-Quintas, 220 4050-240 Porto<br />
GPS: 41.147524, -8.627930<br />
<a href="https://www.google.com/maps/place/MUSEU+DA+CIDADE%E2%80%94Extens%C3%A3o+do+Romantismo/@41.1475562,-8.6306449,17z/data=!3m1!4b1!4m5!3m4!1s0xd2465101fc09f21:0xe05b033b7aceedc0!8m2!3d41.1475562!4d-8.6284562" target="_blank" rel="noopener" data-cursor-hover="ready">Localização</a></p>
<h2>Autocarro</h2>
<p>1M, 200, 201, 207, 208, 302, 303, 501, 507, 601, ZM, 12M, 13M<br />
Circular Massarelos – Carmo</p>
<h2>Estacionamento</h2>
<p>Palácio de Cristal</p>
<h2>Jardins</h2>
<p><a href="https://museudoporto.pt/en/garden/quinta-da-macieirinha-extensao-do-romantismo/" data-cursor-hover="ready">QUINTA DA MACIEIRINHA</a></p>
</div>
</div>
<div class="row">
<div class="col-xs-8 links-nav"></div>
</div>
