{"id":16944,"date":"2024-08-27T15:21:10","date_gmt":"2024-08-27T14:21:10","guid":{"rendered":"https:\/\/museudoporto.pt\/?post_type=resource&#038;p=16944"},"modified":"2024-09-06T12:07:59","modified_gmt":"2024-09-06T11:07:59","slug":"orgao-moderno-ciclo-de-concertos-1","status":"publish","type":"resource","link":"https:\/\/museudoporto.pt\/en\/recurso\/orgao-moderno-ciclo-de-concertos-1\/","title":{"rendered":"\u00d3RG\u00c3O MODERNO \u2014 CICLO DE CONCERTOS #1"},"content":{"rendered":"","protected":false},"featured_media":17009,"template":"","resource_category":[20,82,22],"class_list":["post-16944","resource","type-resource","status-publish","has-post-thumbnail","hentry","resource_category-atividades","resource_category-musica","resource_category-programas-operativos-2"],"acf":{"ambient_sound":false,"breadcrumb":false,"file":false,"content":[{"acf_fc_layout":"event","display_title":"\u00d3RG\u00c3O MODERNO \u2014 CICLO DE CONCERTOS #1","subtitle":"<p>Com Daniel Ribeiro<\/p>\n<p>Programa\u00e7\u00e3o: Pedro Monteiro<\/p>\n","date":{"show_time":true,"type":"range","date":null,"start_date":"08\/09\/2024 16:00","end_date":"08\/09\/2024 17:00"},"sessions":null,"location":{"type":"other","station":false,"location":"IGREJA PAROQUIAL DE S\u00c3O MARTINHO DE CEDOFEITA"},"media":{"type":false,"image":{"ID":17010,"id":17010,"title":"CCF_7884","filename":"CCF_7884-scaled.jpg","filesize":665848,"url":"https:\/\/museudoporto.pt\/wp-content\/uploads\/2024\/08\/CCF_7884-scaled.jpg","link":"https:\/\/museudoporto.pt\/en\/ccf_7884-2-2\/","alt":"","author":"11","description":"","caption":"","name":"ccf_7884-2-2","status":"inherit","uploaded_to":0,"date":"2024-08-30 11:21:11","modified":"2024-08-30 11:22:48","menu_order":0,"mime_type":"image\/jpeg","type":"image","subtype":"jpeg","icon":"https:\/\/museudoporto.pt\/wp-includes\/images\/media\/default.png","width":2560,"height":1707,"sizes":{"thumbnail":"https:\/\/museudoporto.pt\/wp-content\/uploads\/2024\/08\/CCF_7884-150x150.jpg","thumbnail-width":150,"thumbnail-height":150,"medium":"https:\/\/museudoporto.pt\/wp-content\/uploads\/2024\/08\/CCF_7884-300x200.jpg","medium-width":300,"medium-height":200,"medium_large":"https:\/\/museudoporto.pt\/wp-content\/uploads\/2024\/08\/CCF_7884-768x512.jpg","medium_large-width":640,"medium_large-height":427,"large":"https:\/\/museudoporto.pt\/wp-content\/uploads\/2024\/08\/CCF_7884-1024x683.jpg","large-width":640,"large-height":427,"ufg_200_200":"https:\/\/museudoporto.pt\/wp-content\/uploads\/2024\/08\/CCF_7884-scaled.jpg","ufg_200_200-width":200,"ufg_200_200-height":133,"ufg_300_300":"https:\/\/museudoporto.pt\/wp-content\/uploads\/2024\/08\/CCF_7884-scaled.jpg","ufg_300_300-width":300,"ufg_300_300-height":200,"ufg_400_400":"https:\/\/museudoporto.pt\/wp-content\/uploads\/2024\/08\/CCF_7884-scaled.jpg","ufg_400_400-width":400,"ufg_400_400-height":267,"1536x1536":"https:\/\/museudoporto.pt\/wp-content\/uploads\/2024\/08\/CCF_7884-1536x1024.jpg","1536x1536-width":1536,"1536x1536-height":1024,"2048x2048":"https:\/\/museudoporto.pt\/wp-content\/uploads\/2024\/08\/CCF_7884-2048x1365.jpg","2048x2048-width":2048,"2048x2048-height":1365}},"gallery":false},"excerpt":"<p>A itera\u00e7\u00e3o da palavra \u00ab\u00f3rg\u00e3o\u00bb \u00e9 comum em v\u00e1rias culturas e tradi\u00e7\u00f5es. Na Antiguidade, <em>organon<\/em> designava genericamente qualquer instrumento musical, mas tamb\u00e9m qualquer ferramenta ou artefacto. N\u00e3o deixa, pois, de ser uma designa\u00e7\u00e3o particularmente adequada a um instrumento musical que tem sido tantas coisas ao longo da Hist\u00f3ria do Homem.<\/p>\n<p>Flutuando entre imagens \u2013 a um lado, um sinal de institui\u00e7\u00f5es milenares e, a outro, uma das cria\u00e7\u00f5es tecnol\u00f3gicas mais complexas do Homem \u2013 o \u00f3rg\u00e3o foi e continua a ser um \u00abinstrumento\u00bb em muitos sentidos. Esteve no Coliseu de Roma, e na Corte dos seus imperadores, esteve e est\u00e1 nos mais majestosos e modestos templos crist\u00e3os, serviu de base ao ensino do canto gregoriano, do contraponto e polifonia que s\u00e3o a base da m\u00fasica de hoje, acompanhou coros e orquestras e at\u00e9 foi solista. Por outro lado, \u00e9 um verdadeiro \u00absintetizador anal\u00f3gico\u00bb que, apesar de ter a sua voz, estuda e imita a de outros instrumentos, pertencentes a culturas e linguagens diferentes.<\/p>\n<p>Em Portugal, detentor de uma das mais ricas e particulares tradi\u00e7\u00f5es organ\u00edsticas, como no resto do mundo, assiste-se a um renascer da cultura organ\u00edstica, patente n\u00e3o apenas da redescoberta da m\u00fasica antiga, mas tamb\u00e9m na prolifera\u00e7\u00e3o de novos repert\u00f3rios.<\/p>\n<p>\u00c9 neste contexto que o ciclo \u00ab\u00d3rg\u00e3o Moderno\u00bb se apresenta, propondo um programa que re\u00fane alguns dos nomes mais importantes na hist\u00f3ria da composi\u00e7\u00e3o musical para \u00f3rg\u00e3o, como Olivier Messiaen e Gy\u00f6rgy Ligeti, que viram nele um manancial infinito de novos sons e novas cores, um instrumento de contacto com o transcendente, um mecanismo gerador de maravilhosas entropias t\u00edmbricas. Destaque ainda para as composi\u00e7\u00f5es de Hans Zimmer, para a banda sonora do filme \u00abInterstellar\u00bb de Cristopher Nolan, em que a pungente dualidade do conceito moderno de \u00f3rg\u00e3o de tubos se manifesta em toda a sua plenitude.<\/p>\n","content":"<p>A itera\u00e7\u00e3o da palavra \u00ab\u00f3rg\u00e3o\u00bb \u00e9 comum em v\u00e1rias culturas e tradi\u00e7\u00f5es. Na Antiguidade, <em>organon<\/em> designava genericamente qualquer instrumento musical, mas tamb\u00e9m qualquer ferramenta ou artefacto. N\u00e3o deixa, pois, de ser uma designa\u00e7\u00e3o particularmente adequada a um instrumento musical que tem sido tantas coisas ao longo da Hist\u00f3ria do Homem.<\/p>\n<p>Flutuando entre imagens \u2013 a um lado, um sinal de institui\u00e7\u00f5es milenares e, a outro, uma das cria\u00e7\u00f5es tecnol\u00f3gicas mais complexas do Homem \u2013 o \u00f3rg\u00e3o foi e continua a ser um \u00abinstrumento\u00bb em muitos sentidos. Esteve no Coliseu de Roma, e na Corte dos seus imperadores, esteve e est\u00e1 nos mais majestosos e modestos templos crist\u00e3os, serviu de base ao ensino do canto gregoriano, do contraponto e polifonia que s\u00e3o a base da m\u00fasica de hoje, acompanhou coros e orquestras e at\u00e9 foi solista. Por outro lado, \u00e9 um verdadeiro \u00absintetizador anal\u00f3gico\u00bb que, apesar de ter a sua voz, estuda e imita a de outros instrumentos, pertencentes a culturas e linguagens diferentes.<\/p>\n<p>Em Portugal, detentor de uma das mais ricas e particulares tradi\u00e7\u00f5es organ\u00edsticas, como no resto do mundo, assiste-se a um renascer da cultura organ\u00edstica, patente n\u00e3o apenas da redescoberta da m\u00fasica antiga, mas tamb\u00e9m na prolifera\u00e7\u00e3o de novos repert\u00f3rios.<\/p>\n<p>\u00c9 neste contexto que o ciclo \u00ab\u00d3rg\u00e3o Moderno\u00bb se apresenta, propondo um programa que re\u00fane alguns dos nomes mais importantes na hist\u00f3ria da composi\u00e7\u00e3o musical para \u00f3rg\u00e3o, como Olivier Messiaen e Gy\u00f6rgy Ligeti, que viram nele um manancial infinito de novos sons e novas cores, um instrumento de contacto com o transcendente, um mecanismo gerador de maravilhosas entropias t\u00edmbricas. Destaque ainda para as composi\u00e7\u00f5es de Hans Zimmer, para a banda sonora do filme \u00abInterstellar\u00bb de Cristopher Nolan, em que a pungente dualidade do conceito moderno de \u00f3rg\u00e3o de tubos se manifesta em toda a sua plenitude.<\/p>\n<p>&nbsp;<\/p>\n<p>&nbsp;<\/p>\n<p><strong>PROGRAMA<\/strong><\/p>\n<p>&nbsp;<\/p>\n<p><strong>Int\u00e9rprete:<\/strong><\/p>\n<p>DANIEL RIBEIRO (\u00f3rg\u00e3o)<\/p>\n<p>&nbsp;<\/p>\n<p><strong>Autor e obra musical<\/strong><\/p>\n<p>OLIVIER MESSIAEN (1908\u20141992)<\/p>\n<p><em>\u00abLes Corps Glorieux\u00bb <\/em>(\u00abOs Corpos Gloriosos\u00bb)<\/p>\n<p>&nbsp;<\/p>\n<p>&nbsp;<\/p>\n<div class=\"row cabinet-block\">\n<div class=\"mdc-post\">\n<div class=\"row\">\n<div class=\"col-xs-8 col-md-5 col-md-offset-1 col-xl-4 block-text block-text--marg\">\n<h2>BILHETES<\/h2>\n<p>Entrada gratuita sujeita \u00e0 lota\u00e7\u00e3o do espa\u00e7o<\/p>\n<\/div>\n<\/div>\n<\/div>\n<\/div>\n<p>&nbsp;<\/p>\n<h2>ENDERE\u00c7O<\/h2>\n<p>R. de An\u00edbal Cunha 193<\/p>\n<p>4050-049 Porto<\/p>\n<p>&nbsp;<\/p>\n<p>&nbsp;<\/p>\n<p>&nbsp;<\/p>\n<p>&nbsp;<\/p>\n"}],"previous_link":{"label":"","link":""},"next_link":{"label":"\u00d3RG\u00c3O MODERNO \u2014 CICLO DE CONCERTOS #2","link":"https:\/\/museudoporto.pt\/en\/recurso\/orgao-moderno-ciclo-de-concertos-2\/"}},"_links":{"self":[{"href":"https:\/\/museudoporto.pt\/en\/wp-json\/wp\/v2\/resource\/16944","targetHints":{"allow":["GET"]}}],"collection":[{"href":"https:\/\/museudoporto.pt\/en\/wp-json\/wp\/v2\/resource"}],"about":[{"href":"https:\/\/museudoporto.pt\/en\/wp-json\/wp\/v2\/types\/resource"}],"wp:featuredmedia":[{"embeddable":true,"href":"https:\/\/museudoporto.pt\/en\/wp-json\/wp\/v2\/media\/17009"}],"wp:attachment":[{"href":"https:\/\/museudoporto.pt\/en\/wp-json\/wp\/v2\/media?parent=16944"}],"wp:term":[{"taxonomy":"resource_category","embeddable":true,"href":"https:\/\/museudoporto.pt\/en\/wp-json\/wp\/v2\/resource_category?post=16944"}],"curies":[{"name":"wp","href":"https:\/\/api.w.org\/{rel}","templated":true}]}}

ÓRGÃO MODERNO — CICLO DE CONCERTOS #1

<p>Com Daniel Ribeiro</p>
<p>Programação: Pedro Monteiro</p>

IGREJA PAROQUIAL DE SÃO MARTINHO DE CEDOFEITA

<p>A iteração da palavra «órgão» é comum em várias culturas e tradições. Na Antiguidade, <em>organon</em> designava genericamente qualquer instrumento musical, mas também qualquer ferramenta ou artefacto. Não deixa, pois, de ser uma designação particularmente adequada a um instrumento musical que tem sido tantas coisas ao longo da História do Homem.</p>
<p>Flutuando entre imagens – a um lado, um sinal de instituições milenares e, a outro, uma das criações tecnológicas mais complexas do Homem – o órgão foi e continua a ser um «instrumento» em muitos sentidos. Esteve no Coliseu de Roma, e na Corte dos seus imperadores, esteve e está nos mais majestosos e modestos templos cristãos, serviu de base ao ensino do canto gregoriano, do contraponto e polifonia que são a base da música de hoje, acompanhou coros e orquestras e até foi solista. Por outro lado, é um verdadeiro «sintetizador analógico» que, apesar de ter a sua voz, estuda e imita a de outros instrumentos, pertencentes a culturas e linguagens diferentes.</p>
<p>Em Portugal, detentor de uma das mais ricas e particulares tradições organísticas, como no resto do mundo, assiste-se a um renascer da cultura organística, patente não apenas da redescoberta da música antiga, mas também na proliferação de novos repertórios.</p>
<p>É neste contexto que o ciclo «Órgão Moderno» se apresenta, propondo um programa que reúne alguns dos nomes mais importantes na história da composição musical para órgão, como Olivier Messiaen e György Ligeti, que viram nele um manancial infinito de novos sons e novas cores, um instrumento de contacto com o transcendente, um mecanismo gerador de maravilhosas entropias tímbricas. Destaque ainda para as composições de Hans Zimmer, para a banda sonora do filme «Interstellar» de Cristopher Nolan, em que a pungente dualidade do conceito moderno de órgão de tubos se manifesta em toda a sua plenitude.</p>

<p>A iteração da palavra «órgão» é comum em várias culturas e tradições. Na Antiguidade, <em>organon</em> designava genericamente qualquer instrumento musical, mas também qualquer ferramenta ou artefacto. Não deixa, pois, de ser uma designação particularmente adequada a um instrumento musical que tem sido tantas coisas ao longo da História do Homem.</p>
<p>Flutuando entre imagens – a um lado, um sinal de instituições milenares e, a outro, uma das criações tecnológicas mais complexas do Homem – o órgão foi e continua a ser um «instrumento» em muitos sentidos. Esteve no Coliseu de Roma, e na Corte dos seus imperadores, esteve e está nos mais majestosos e modestos templos cristãos, serviu de base ao ensino do canto gregoriano, do contraponto e polifonia que são a base da música de hoje, acompanhou coros e orquestras e até foi solista. Por outro lado, é um verdadeiro «sintetizador analógico» que, apesar de ter a sua voz, estuda e imita a de outros instrumentos, pertencentes a culturas e linguagens diferentes.</p>
<p>Em Portugal, detentor de uma das mais ricas e particulares tradições organísticas, como no resto do mundo, assiste-se a um renascer da cultura organística, patente não apenas da redescoberta da música antiga, mas também na proliferação de novos repertórios.</p>
<p>É neste contexto que o ciclo «Órgão Moderno» se apresenta, propondo um programa que reúne alguns dos nomes mais importantes na história da composição musical para órgão, como Olivier Messiaen e György Ligeti, que viram nele um manancial infinito de novos sons e novas cores, um instrumento de contacto com o transcendente, um mecanismo gerador de maravilhosas entropias tímbricas. Destaque ainda para as composições de Hans Zimmer, para a banda sonora do filme «Interstellar» de Cristopher Nolan, em que a pungente dualidade do conceito moderno de órgão de tubos se manifesta em toda a sua plenitude.</p>
<p>&nbsp;</p>
<p>&nbsp;</p>
<p><strong>PROGRAMA</strong></p>
<p>&nbsp;</p>
<p><strong>Intérprete:</strong></p>
<p>DANIEL RIBEIRO (órgão)</p>
<p>&nbsp;</p>
<p><strong>Autor e obra musical</strong></p>
<p>OLIVIER MESSIAEN (1908—1992)</p>
<p><em>«Les Corps Glorieux» </em>(«Os Corpos Gloriosos»)</p>
<p>&nbsp;</p>
<p>&nbsp;</p>
<div class="row cabinet-block">
<div class="mdc-post">
<div class="row">
<div class="col-xs-8 col-md-5 col-md-offset-1 col-xl-4 block-text block-text--marg">
<h2>BILHETES</h2>
<p>Entrada gratuita sujeita à lotação do espaço</p>
</div>
</div>
</div>
</div>
<p>&nbsp;</p>
<h2>ENDEREÇO</h2>
<p>R. de Aníbal Cunha 193</p>
<p>4050-049 Porto</p>
<p>&nbsp;</p>
<p>&nbsp;</p>
<p>&nbsp;</p>
<p>&nbsp;</p>

ÓRGÃO MODERNO — CICLO DE CONCERTOS #2
