{"id":16989,"date":"2024-08-29T14:11:17","date_gmt":"2024-08-29T13:11:17","guid":{"rendered":"https:\/\/museudoporto.pt\/?post_type=resource&#038;p=16989"},"modified":"2024-09-12T16:57:13","modified_gmt":"2024-09-12T15:57:13","slug":"percurso-noturno-no-centro-historico-do-porto-2","status":"publish","type":"resource","link":"https:\/\/museudoporto.pt\/en\/recurso\/percurso-noturno-no-centro-historico-do-porto-2\/","title":{"rendered":"DERIVA #39 \u2014 PERCURSO NOTURNO NO CENTRO HIST\u00d3RICO DO PORTO"},"content":{"rendered":"","protected":false},"featured_media":15020,"template":"","resource_category":[20],"class_list":["post-16989","resource","type-resource","status-publish","has-post-thumbnail","hentry","resource_category-atividades"],"acf":{"ambient_sound":false,"file":false,"content":[{"acf_fc_layout":"event","display_title":"DERIVA #39 \u2014 PERCURSO NOTURNO NO CENTRO HIST\u00d3RICO DO PORTO","subtitle":"<p>Com Gra\u00e7a Lacerda e S\u00e9rgio Gomes<\/p>\n","date":{"show_time":true,"type":"range","date":null,"start_date":"21\/09\/2024 21:30","end_date":"21\/09\/2024 23:00"},"sessions":null,"location":{"type":"other","station":false,"location":"Ponto de encontro: ARQUEOSS\u00cdTIO | Fim: PRA\u00c7A DA RIBEIRA"},"media":{"type":false,"image":{"ID":15021,"id":15021,"title":"ARQUEOSS\u00cdTIO","filename":"CMP09122023RUIOLIVEIRA00049-scaled.jpg","filesize":918208,"url":"https:\/\/museudoporto.pt\/wp-content\/uploads\/2023\/12\/CMP09122023RUIOLIVEIRA00049-scaled.jpg","link":"https:\/\/museudoporto.pt\/en\/arqueossitio-5-2\/","alt":"","author":"11","description":"","caption":"Porto, 09\/12\/2023 - A reabertura ARQUEOSS\u00cdTIO\r(Rui Oliveira\/CMP)","name":"arqueossitio-5-2","status":"inherit","uploaded_to":0,"date":"2023-12-12 18:14:44","modified":"2024-09-05 10:34:06","menu_order":0,"mime_type":"image\/jpeg","type":"image","subtype":"jpeg","icon":"https:\/\/museudoporto.pt\/wp-includes\/images\/media\/default.png","width":2560,"height":1707,"sizes":{"thumbnail":"https:\/\/museudoporto.pt\/wp-content\/uploads\/2023\/12\/CMP09122023RUIOLIVEIRA00049-150x150.jpg","thumbnail-width":150,"thumbnail-height":150,"medium":"https:\/\/museudoporto.pt\/wp-content\/uploads\/2023\/12\/CMP09122023RUIOLIVEIRA00049-300x200.jpg","medium-width":300,"medium-height":200,"medium_large":"https:\/\/museudoporto.pt\/wp-content\/uploads\/2023\/12\/CMP09122023RUIOLIVEIRA00049-768x512.jpg","medium_large-width":640,"medium_large-height":427,"large":"https:\/\/museudoporto.pt\/wp-content\/uploads\/2023\/12\/CMP09122023RUIOLIVEIRA00049-1024x683.jpg","large-width":640,"large-height":427,"ufg_200_200":"https:\/\/museudoporto.pt\/wp-content\/uploads\/2023\/12\/CMP09122023RUIOLIVEIRA00049-scaled.jpg","ufg_200_200-width":200,"ufg_200_200-height":133,"ufg_300_300":"https:\/\/museudoporto.pt\/wp-content\/uploads\/2023\/12\/CMP09122023RUIOLIVEIRA00049-scaled.jpg","ufg_300_300-width":300,"ufg_300_300-height":200,"ufg_400_400":"https:\/\/museudoporto.pt\/wp-content\/uploads\/2023\/12\/CMP09122023RUIOLIVEIRA00049-scaled.jpg","ufg_400_400-width":400,"ufg_400_400-height":267,"1536x1536":"https:\/\/museudoporto.pt\/wp-content\/uploads\/2023\/12\/CMP09122023RUIOLIVEIRA00049-1536x1024.jpg","1536x1536-width":1536,"1536x1536-height":1024,"2048x2048":"https:\/\/museudoporto.pt\/wp-content\/uploads\/2023\/12\/CMP09122023RUIOLIVEIRA00049-2048x1366.jpg","2048x2048-width":2048,"2048x2048-height":1366}},"gallery":false},"excerpt":"<p>A partir do local onde diferentes camadas com mais de 2500 anos contam a hist\u00f3ria da cidade, percorremos ruas, ouvimos curiosidades, fazemos uma viagem no tempo e no espa\u00e7o numa luz oculta com segredos a descobrir.<\/p>\n<p>&nbsp;<\/p>\n<p>Atividade integrada no programa das <a href=\"https:\/\/museudoporto.pt\/en\/recurso\/jornadas-europeias-do-patrimonio-2024\/\">Jornadas Europeias do Patrim\u00f3nio 2024<\/a>.<\/p>\n","content":"<p>A partir do local onde diferentes camadas com mais de 2500 anos contam a hist\u00f3ria da cidade, percorremos ruas, ouvimos curiosidades, fazemos uma viagem no tempo e no espa\u00e7o numa luz oculta com segredos a descobrir.<\/p>\n<p>&nbsp;<\/p>\n<p>Atividade integrada no programa das <a href=\"https:\/\/museudoporto.pt\/en\/recurso\/jornadas-europeias-do-patrimonio-2024\/\">Jornadas Europeias do Patrim\u00f3nio 2024<\/a>.<\/p>\n<p>&nbsp;<\/p>\n<p>Nota: Aconselha-se o uso de cal\u00e7ado confort\u00e1vel e agasalho adequado \u00e0s condi\u00e7\u00f5es meteorol\u00f3gicas. O pavimento do itiner\u00e1rio \u00e9 irregular e tem escadas \u00edngremes. A cada participante ser\u00e1 emprestado um r\u00e1dio guia para a visita. Solicita-se que traga um auricular.<\/p>\n<p>&nbsp;<\/p>\n<p>&nbsp;<\/p>\n<h2>INSCRI\u00c7\u00d5ES<\/h2>\n<p>Participa\u00e7\u00e3o gratuita, mediante inscri\u00e7\u00e3o atrav\u00e9s do <a href=\"https:\/\/questionarios.cm-porto.pt\/index.php\/416446?lang=pt\">formul\u00e1rio<\/a>. Limitado a 30 participantes.<\/p>\n<h2>ENDERE\u00c7O<\/h2>\n<p>Rua de D. Hugo, 5, 4050-305 Porto<\/p>\n<h2>AUTOCARRO<\/h2>\n<p>202, 207, 303, 400, 500, 900, 901, 904, 905, 906, ZH 22, 9M 11M, 8M, 201<\/p>\n<h2>METRO<\/h2>\n<p>S. Bento<\/p>\n<h2>ESTACIONAMENTO<\/h2>\n<p>Duque de Loul\u00e9, Pra\u00e7a das Cardosas<\/p>\n"}],"previous_link":{"label":"","link":""},"next_link":{"label":"","link":""},"breadcrumb":false},"_links":{"self":[{"href":"https:\/\/museudoporto.pt\/en\/wp-json\/wp\/v2\/resource\/16989","targetHints":{"allow":["GET"]}}],"collection":[{"href":"https:\/\/museudoporto.pt\/en\/wp-json\/wp\/v2\/resource"}],"about":[{"href":"https:\/\/museudoporto.pt\/en\/wp-json\/wp\/v2\/types\/resource"}],"wp:featuredmedia":[{"embeddable":true,"href":"https:\/\/museudoporto.pt\/en\/wp-json\/wp\/v2\/media\/15020"}],"wp:attachment":[{"href":"https:\/\/museudoporto.pt\/en\/wp-json\/wp\/v2\/media?parent=16989"}],"wp:term":[{"taxonomy":"resource_category","embeddable":true,"href":"https:\/\/museudoporto.pt\/en\/wp-json\/wp\/v2\/resource_category?post=16989"}],"curies":[{"name":"wp","href":"https:\/\/api.w.org\/{rel}","templated":true}]}}

DERIVA #39 — PERCURSO NOTURNO NO CENTRO HISTÓRICO DO PORTO

<p>Com Graça Lacerda e Sérgio Gomes</p>

Ponto de encontro: ARQUEOSSÍTIO | Fim: PRAÇA DA RIBEIRA

ARQUEOSSÍTIO

Porto, 09/12/2023 - A reabertura ARQUEOSSÍTIO(Rui Oliveira/CMP)

<p>A partir do local onde diferentes camadas com mais de 2500 anos contam a história da cidade, percorremos ruas, ouvimos curiosidades, fazemos uma viagem no tempo e no espaço numa luz oculta com segredos a descobrir.</p>
<p>&nbsp;</p>
<p>Atividade integrada no programa das <a href="https://museudoporto.pt/en/recurso/jornadas-europeias-do-patrimonio-2024/">Jornadas Europeias do Património 2024</a>.</p>

<p>A partir do local onde diferentes camadas com mais de 2500 anos contam a história da cidade, percorremos ruas, ouvimos curiosidades, fazemos uma viagem no tempo e no espaço numa luz oculta com segredos a descobrir.</p>
<p>&nbsp;</p>
<p>Atividade integrada no programa das <a href="https://museudoporto.pt/en/recurso/jornadas-europeias-do-patrimonio-2024/">Jornadas Europeias do Património 2024</a>.</p>
<p>&nbsp;</p>
<p>Nota: Aconselha-se o uso de calçado confortável e agasalho adequado às condições meteorológicas. O pavimento do itinerário é irregular e tem escadas íngremes. A cada participante será emprestado um rádio guia para a visita. Solicita-se que traga um auricular.</p>
<p>&nbsp;</p>
<p>&nbsp;</p>
<h2>INSCRIÇÕES</h2>
<p>Participação gratuita, mediante inscrição através do <a href="https://questionarios.cm-porto.pt/index.php/416446?lang=pt">formulário</a>. Limitado a 30 participantes.</p>
<h2>ENDEREÇO</h2>
<p>Rua de D. Hugo, 5, 4050-305 Porto</p>
<h2>AUTOCARRO</h2>
<p>202, 207, 303, 400, 500, 900, 901, 904, 905, 906, ZH 22, 9M 11M, 8M, 201</p>
<h2>METRO</h2>
<p>S. Bento</p>
<h2>ESTACIONAMENTO</h2>
<p>Duque de Loulé, Praça das Cardosas</p>
